000
CXUS53 KGID 010830
CF6ODX
PRELIMINARY LOCAL CLIMATOLOGICAL DATA (WS FORM: F-6)
STATION: ORD NE
MONTH: APRIL
YEAR: 2023
LATITUDE: 41 37 N
LONGITUDE: 98 57 W
TEMPERATURE IN F: :PCPN: SNOW: WIND :SUNSHINE: SKY :PK WND
================================================================================
1 2 3 4 5 6A 6B 7 8 9 10 11 12 13 14 15 16 17 18
12Z AVG MX 2MIN
DY MAX MIN AVG DEP HDD CDD WTR SNW DPTH SPD SPD DIR MIN PSBL S-S WX SPD DR
================================================================================
1 62 23 43 -1 22 0 0.00 M M 11.4 38 320 M M 1 49 310
2 69 26 48 4 17 0 0.00 M M 8.1 22 330 M M 2 27 340
3 58 31 45 1 20 0 0.00 M M 14.8 25 50 M M 5 35 70
4 38 25 32 -13 33 0 T M M 18.7 31 310 M M 10 16 42 330
5 42 17 30 -15 35 0 0.00 M M 19.2 35 320 M M 3 45 320
6 61 12 37 -8 28 0 0.00 M M 10.1 29 260 M M 1 42 260
7 71 19 45 -1 20 0 0.00 M M 14.0 31 190 M M 0 44 200
8 78 37 58 12 7 0 0.00 M M 15.9 30 180 M M 0 40 180
9 77 43 60 14 5 0 0.00 M M 6.3 17 360 M M 2 25 350
10 77 35 56 10 9 0 0.00 M M 4.6 15 340 M M 0 22 350
11 86 48 67 20 0 2 0.00 M M 14.7 26 180 M M 0 36 210
12 90 56 73 26 0 8 0.00 M M 16.4 29 190 M M 0 39 190
13 91 56 74 27 0 9 0.00 M M 19.5 35 170 M M 0 49 160
14 70 45 58 11 7 0 0.00 M M 19.2 28 330 M M 4 36 340
15 50 32 41 -7 24 0 0.07 M M 17.8 29 330 M M 9 1 38 330
16 60 27 44 -4 21 0 0.00 M M 17.3 37 330 M M 0 50 320
17 72 20 46 -2 19 0 0.00 M M 6.9 18 140 M M 0 31 160
18 78 38 58 10 7 0 0.00 M M 13.4 25 120 M M 0 3 38 120
19 73 51 62 13 3 0 0.00 M M 13.9 24 350 M M 4 40 350
20 59 29 44 -5 21 0 0.04 M M 17.0 30 310 M M 5 41 320
21 45 29 37 -12 28 0 0.00 M M 20.9 33 310 M M 6 8 43 300
22 49 23 36 -14 29 0 T M M 15.6 31 340 M M 1 40 340
23 59 17 38 -12 27 0 0.00 M M 4.9 21 320 M M 3 28 320
24 69 24 47 -3 18 0 T M M 5.7 15 190 M M 4 21 190
25 63 28 46 -5 19 0 0.00 M M 5.9 15 140 M M 4 1 24 110
26 70 29 50 -1 15 0 0.00 M M 6.7 18 180 M M 1 29 200
27 72 41 57 6 8 0 0.12 M M 12.9 25 320 M M 4 1 32 330
28 61 33 47 -5 18 0 0.04 M M 19.6 32 350 M M 7 1 43 350
29 69 30 50 -2 15 0 0.00 M M 16.8 43 330 M M 1 8 57 340
30 60 35 48 -4 17 0 0.00 M M 17.2 32 330 M M 0 42 330
================================================================================
SM 1979 959 492 19 0.27 M 405.4 M 77
================================================================================
AV 66.0 32.0 13.5 FASTST M M 3 MAX(MPH)
MISC ----> 43 330 57 340
================================================================================
NOTES:
# LAST OF SEVERAL OCCURRENCES
COLUMN 17 PEAK WIND IN M.P.H.
PRELIMINARY LOCAL CLIMATOLOGICAL DATA (WS FORM: F-6) , PAGE 2
STATION: ORD NE
MONTH: APRIL
YEAR: 2023
LATITUDE: 41 37 N
LONGITUDE: 98 57 W
[TEMPERATURE DATA] [PRECIPITATION DATA] SYMBOLS USED IN COLUMN 16
AVERAGE MONTHLY: 49.0 TOTAL FOR MONTH: 0.27 1 = FOG OR MIST
DPTR FM NORMAL: 1.1 DPTR FM NORMAL: -2.61 2 = FOG REDUCING VISIBILITY
HIGHEST: 91 ON 13 GRTST 24HR 0.16 ON 27-28 TO 1/4 MILE OR LESS
LOWEST: 12 ON 6 3 = THUNDER
SNOW, ICE PELLETS, HAIL 4 = ICE PELLETS
TOTAL MONTH: M 5 = HAIL
GRTST 24HR M ON M 6 = FREEZING RAIN OR DRIZZLE
GRTST DEPTH: M ON M 7 = DUSTSTORM OR SANDSTORM:
VSBY 1/2 MILE OR LESS
8 = SMOKE OR HAZE
[NO. OF DAYS WITH] [WEATHER - DAYS WITH] 9 = BLOWING SNOW
X = TORNADO
MAX 32 OR BELOW: 0 0.01 INCH OR MORE: 4
MAX 90 OR ABOVE: 2 0.10 INCH OR MORE: 1
MIN 32 OR BELOW: 18 0.50 INCH OR MORE: 0
MIN 0 OR BELOW: 0 1.00 INCH OR MORE: 0
[HDD (BASE 65) ]
TOTAL THIS MO. 492 CLEAR (SCALE 0-3) 18
DPTR FM NORMAL -23 PTCLDY (SCALE 4-7) 10
TOTAL FM JUL 1 6395 CLOUDY (SCALE 8-10) 2
DPTR FM NORMAL 24
[CDD (BASE 65) ]
TOTAL THIS MO. 19
DPTR FM NORMAL 17 [PRESSURE DATA]
TOTAL FM JAN 1 19 HIGHEST SLP 30.41 ON 6
DPTR FM NORMAL 17 LOWEST SLP 29.34 ON 13
[REMARKS]
#FINAL-04-23#