000
CXUS53 KGID 020041
CF6ODX
PRELIMINARY LOCAL CLIMATOLOGICAL DATA (WS FORM: F-6)
STATION: ORD NE
MONTH: JANUARY
YEAR: 2022
LATITUDE: 41 37 N
LONGITUDE: 98 57 W
TEMPERATURE IN F: :PCPN: SNOW: WIND :SUNSHINE: SKY :PK WND
================================================================================
1 2 3 4 5 6A 6B 7 8 9 10 11 12 13 14 15 16 17 18
12Z AVG MX 2MIN
DY MAX MIN AVG DEP HDD CDD WTR SNW DPTH SPD SPD DIR MIN PSBL S-S WX SPD DR
================================================================================
1 6 -9 -1 -25 66 0 0.05 M M 14.0 25 360 M M 7 33 10
2 30 -17 7 -17 58 0 0.00 M M 2.1 9 230 M M 0 13 270
3 51 5 28 4 37 0 0.00 M M 6.4 17 230 M M 0 22 230
4 58 10 34 10 31 0 0.00 M M 19.0 37 320 M M 1 52 320
5 10 0 5 -19 60 0 0.00 M M 19.9 30 330 M M 3 41 330
6 9 -7 1 -23 64 0 0.00 M M 10.5 23 320 M M 3 30 330
7 24 6 15 -9 50 0 0.00 M M 15.0 24 190 M M 2 35 180
8 48 16 32 8 33 0 0.00 M M 12.8 31 350 M M 0 41 360
9 40 1 21 -3 44 0 0.00 M M 7.1 22 350 M M 0 27 220
10 54 8 31 7 34 0 0.00 M M 3.4 12 220 M M 0 16 220
11 56 15 36 12 29 0 0.00 M M 7.1 22 340 M M 0 29 320
12 60 16 38 14 27 0 0.00 M M 7.4 21 300 M M 3 30 300
13 57 29 43 19 22 0 0.00 M M 5.8 15 330 M M 1 19 310
14 41 15 28 4 37 0 T M M 19.3 41 340 M M 6 8 55 340
15 30 6 18 -6 47 0 T M M 10.4 32 350 M M 4 1 44 10
16 53 19 36 12 29 0 0.00 M M 10.8 33 350 M M 2 43 350
17 60 13 37 13 28 0 0.00 M M 4.6 16 230 M M 0 20 230
18 62 18 40 16 25 0 0.00 M M 12.0 29 360 M M 2 38 340
19 24 -5 10 -14 55 0 0.00 M M 16.9 30 360 M M 5 41 360
20 20 -14 3 -21 62 0 0.00 M M 5.7 14 170 M M 2 19 180
21 27 8 18 -6 47 0 0.02 M M 9.6 24 190 M M 4 35 180
22 50 8 29 5 36 0 0.00 M M 10.0 28 240 M M 2 38 240
23 52 26 39 15 26 0 T M M 9.6 22 360 M M 9 1 27 330
24 45 12 29 5 36 0 0.00 M M 11.7 29 350 M M 7 37 350
25 21 4 13 -11 52 0 0.02 M M 2.8 9 360 M M 8 1 11 10
26 40 12 26 2 39 0 0.00 M M 12.9 26 230 M M 5 36 220
27 43 15 29 5 36 0 T M M 9.8 28 310 M M 5 18 39 310
28 48 15 32 8 33 0 T M M 3.9 14 240 M M 5 19 180
29 60 11 36 11 29 0 0.00 M M 9.6 28 320 M M 0 34 330
30 57 14 36 11 29 0 0.00 M M 6.6 18 230 M M 0 25 210
31 61 16 39 14 26 0 0.00 M M 6.2 21 220 M M 0 28 210
================================================================================
SM 1297 266 1227 0 0.09 M 302.9 M 86
================================================================================
AV 41.8 8.6 9.8 FASTST M M 3 MAX(MPH)
MISC ----> 41 340 55 340
================================================================================
NOTES:
# LAST OF SEVERAL OCCURRENCES
COLUMN 17 PEAK WIND IN M.P.H.
PRELIMINARY LOCAL CLIMATOLOGICAL DATA (WS FORM: F-6) , PAGE 2
STATION: ORD NE
MONTH: JANUARY
YEAR: 2022
LATITUDE: 41 37 N
LONGITUDE: 98 57 W
[TEMPERATURE DATA] [PRECIPITATION DATA] SYMBOLS USED IN COLUMN 16
AVERAGE MONTHLY: 25.2 TOTAL FOR MONTH: 0.09 1 = FOG OR MIST
DPTR FM NORMAL: 1.1 DPTR FM NORMAL: -0.28 2 = FOG REDUCING VISIBILITY
HIGHEST: 62 ON 18 GRTST 24HR 0.05 ON 01-01 TO 1/4 MILE OR LESS
LOWEST: -17 ON 2 3 = THUNDER
SNOW, ICE PELLETS, HAIL 4 = ICE PELLETS
TOTAL MONTH: M 5 = HAIL
GRTST 24HR M ON M 6 = FREEZING RAIN OR DRIZZLE
GRTST DEPTH: M ON M 7 = DUSTSTORM OR SANDSTORM:
VSBY 1/2 MILE OR LESS
8 = SMOKE OR HAZE
[NO. OF DAYS WITH] [WEATHER - DAYS WITH] 9 = BLOWING SNOW
X = TORNADO
MAX 32 OR BELOW: 10 0.01 INCH OR MORE: 3
MAX 90 OR ABOVE: 0 0.10 INCH OR MORE: 0
MIN 32 OR BELOW: 31 0.50 INCH OR MORE: 0
MIN 0 OR BELOW: 6 1.00 INCH OR MORE: 0
[HDD (BASE 65) ]
TOTAL THIS MO. 1227 CLEAR (SCALE 0-3) 19
DPTR FM NORMAL -41 PTCLDY (SCALE 4-7) 10
TOTAL FM JUL 1 3375 CLOUDY (SCALE 8-10) 2
DPTR FM NORMAL -590
[CDD (BASE 65) ]
TOTAL THIS MO. 0
DPTR FM NORMAL 0 [PRESSURE DATA]
TOTAL FM JAN 1 0 HIGHEST SLP 30.80 ON 20
DPTR FM NORMAL 0 LOWEST SLP 29.47 ON 4
[REMARKS]
SUBSTITUTED LIQUID PRECIPITATION AMOUNTS FROM THE LOCAL COOPERATIVE OBSERVER
(ORD #2, SITE 25-6336)FOR THE FOLLOWING DATES DUE TO THE AUTOMATED GAUGE
CAPTURE UNDER-REPRESENTING PRECIPITATION FROM THE SNOW EVENT.
0.05 ON 01/01/2022
0.02 ON 01/21/2022
0.02 ON 01/25/2022
#FINAL-01-22#