000
CXUS51 KAKQ 010710
CF6OFP
PRELIMINARY LOCAL CLIMATOLOGICAL DATA (WS FORM: F-6)
STATION: RICHMOND/HANOVER
MONTH: MAY
YEAR: 2023
LATITUDE: 37 42 N
LONGITUDE: 77 26 W
TEMPERATURE IN F: :PCPN: SNOW: WIND :SUNSHINE: SKY :PK WND
================================================================================
1 2 3 4 5 6A 6B 7 8 9 10 11 12 13 14 15 16 17 18
12Z AVG MX 2MIN
DY MAX MIN AVG DEP HDD CDD WTR SNW DPTH SPD SPD DIR MIN PSBL S-S WX SPD DR
================================================================================
1 63 47 55 -7 10 0 T M M 10.5 18 240 M M 6 30 260
2 68 51 60 -2 5 0 0.00 M M 9.5 21 250 M M 4 35 290
3 61 43 52 -11 13 0 T M M 7.5 17 300 M M 6 32 310
4 66 40 53 -10 12 0 0.00 M M 4.3 15 320 M M 6 23 320
5 71 42 57 -6 8 0 0.00 M M 2.7 12 290 M M 3 M M
6 76 52 64 1 1 0 0.00 M M 1.7 5 140 M M 5 M M
7 81 55 68 4 0 3 0.21 M M 4.9 13 240 M M 5 12 M M
8 86 58 72 8 0 7 0.00 M M 4.6 12 240 M M 3 12 18 280
9 73 51 62 -2 3 0 T M M 3.4 9 10 M M 6 21 10
10 75 47 61 -3 4 0 0.00 M M 0.9 5 99 M M 0 1 M M
11 82 50 66 1 0 1 0.00 M M 4.2 13 270 M M 0 17 270
12 87 62 75 10 0 10 0.00 M M 5.9 12 230 M M 1 M M
13 79 63 71 6 0 6 0.10 M M 7.0 14 210 M M 6 1 20 210
14 79 55 67 2 0 2 0.00 M M 2.8 8 20 M M 2 M M
15 70 52 61 -5 4 0 0.00 M M 3.0 8 220 M M 1 M M
16 80 62 71 5 0 6 0.50 M M 7.4 15 220 M M 8 1 20 220
17 77 54 66 0 0 1 0.01 M M 3.6 8 310 M M 4 1 M M
18 71 50 61 -5 4 0 0.00 M M 3.9 10 90 M M 2 1 16 90
19 75 52 64 -3 1 0 0.00 M M 3.5 9 120 M M 5 M M
20 83 56 70 3 0 5 0.07 M M 4.8 13 250 M M 4 1 16 360
21 77 57 67 0 0 2 0.19 M M 3.8 10 310 M M 3 1 17 310
22 79 54 67 0 0 2 0.00 M M 2.8 9 80 M M 0 M M
23 76 52 64 -4 1 0 0.00 M M 3.3 10 70 M M 0 1 18 70
24 79 50 65 -3 0 0 0.00 M M 2.8 8 20 M M 0 M M
25 69 49 59 -9 6 0 0.00 M M 3.4 8 30 M M 5 M M
26 72 45 59 -9 6 0 0.00 M M 3.3 7 99 M M 0 17 99
27 74 47 61 -8 4 0 T M M 4.3 16 100 M M 1 23 100
28 72 57 65 -4 0 0 0.53 M M 5.0 12 60 M M 9 1 17 60
29 78 64 71 2 0 6 0.25 M M 5.7 10 40 M M 9 1 20 80
30 72 60 66 -4 0 1 0.04 M M 4.9 9 50 M M 10 1 21 99
31 77 54 66 -4 0 1 0.00 M M 3.1 8 60 M M 3 8 M M
================================================================================
SM 2328 1631 82 53 1.90 M 138.3 M 117
================================================================================
AV 75.1 52.6 4.5 FASTST M M 4 MAX(MPH)
MISC ----> 21 250 35 290
================================================================================
NOTES:
# LAST OF SEVERAL OCCURRENCES
COLUMN 17 PEAK WIND IN M.P.H.
PRELIMINARY LOCAL CLIMATOLOGICAL DATA (WS FORM: F-6) , PAGE 2
STATION: RICHMOND/HANOVER
MONTH: MAY
YEAR: 2023
LATITUDE: 37 42 N
LONGITUDE: 77 26 W
[TEMPERATURE DATA] [PRECIPITATION DATA] SYMBOLS USED IN COLUMN 16
AVERAGE MONTHLY: 63.9 TOTAL FOR MONTH: 1.90 1 = FOG OR MIST
DPTR FM NORMAL: -1.9 DPTR FM NORMAL: -2.43 2 = FOG REDUCING VISIBILITY
HIGHEST: 87 ON 12 GRTST 24HR 0.53 ON 28-28 TO 1/4 MILE OR LESS
LOWEST: 40 ON 4 3 = THUNDER
SNOW, ICE PELLETS, HAIL 4 = ICE PELLETS
TOTAL MONTH: M 5 = HAIL
GRTST 24HR M ON M 6 = FREEZING RAIN OR DRIZZLE
GRTST DEPTH: M ON M 7 = DUSTSTORM OR SANDSTORM:
VSBY 1/2 MILE OR LESS
8 = SMOKE OR HAZE
[NO. OF DAYS WITH] [WEATHER - DAYS WITH] 9 = BLOWING SNOW
X = TORNADO
MAX 32 OR BELOW: 0 0.01 INCH OR MORE: 9
MAX 90 OR ABOVE: 0 0.10 INCH OR MORE: 5
MIN 32 OR BELOW: 0 0.50 INCH OR MORE: 2
MIN 0 OR BELOW: 0 1.00 INCH OR MORE: 0
[HDD (BASE 65) ]
TOTAL THIS MO. 82 CLEAR (SCALE 0-3) 15
DPTR FM NORMAL -4 PTCLDY (SCALE 4-7) 12
TOTAL FM JUL 1 3212 CLOUDY (SCALE 8-10) 4
DPTR FM NORMAL -737
[CDD (BASE 65) ]
TOTAL THIS MO. 53
DPTR FM NORMAL -60 [PRESSURE DATA]
TOTAL FM JAN 1 120 HIGHEST SLP M ON M
DPTR FM NORMAL -36 LOWEST SLP M ON M
[REMARKS]
#FINAL-05-23#