303
CXUS51 KAKQ 022241
CF6OFP
PRELIMINARY LOCAL CLIMATOLOGICAL DATA (WS FORM: F-6)
STATION: RICHMOND/HANOVER
MONTH: JANUARY
YEAR: 2021
LATITUDE: 37 42 N
LONGITUDE: 77 26 W
TEMPERATURE IN F: :PCPN: SNOW: WIND :SUNSHINE: SKY :PK WND
================================================================================
1 2 3 4 5 6A 6B 7 8 9 10 11 12 13 14 15 16 17 18
12Z AVG MX 2MIN
DY MAX MIN AVG DEP HDD CDD WTR SNW DPTH SPD SPD DIR MIN PSBL S-S WX SPD DR
================================================================================
1 44 36 40 2 25 0 0.53 M M 4.6 12 300 M M 10 1 M M
2 64 36 50 12 15 0 0.00 M M 4.9 12 220 M M 5 1 16 220
3 48 39 44 6 21 0 0.58 M M 4.3 13 300 M M 10 1 M M
4 48 33 41 3 24 0 0.00 M M 2.3 7 350 M M 8 12 M M
5 48 37 43 5 22 0 0.00 M M 2.2 9 290 M M 9 1 M M
6 47 30 39 1 26 0 0.00 M M 4.7 8 10 M M 7 21 330
7 47 26 37 -1 28 0 0.00 M M 2.1 7 320 M M 0 M M
8 46 32 39 1 26 0 0.00 M M 3.3 8 350 M M 4 14 M
9 47 28 38 0 27 0 0.00 M M 5.7 14 320 M M 0 23 320
10 52 27 40 2 25 0 0.00 M M 1.8 9 310 M M 0 16 340
11 47 26 37 -1 28 0 T M M 2.1 8 220 M M 4 M M
12 52 29 41 3 24 0 0.00 M M 1.2 7 80 M M 0 1 M M
13 54 26 40 2 25 0 0.00 M M 1.6 8 210 M M 0 18 M M
14 56 27 42 4 23 0 0.00 0.0 0 0.9 8 180 M M 0 1 M M
15 56 27 42 4 23 0 0.12 0.0 0 3.6 12 180 M M 4 18 22 180
16 46 33 40 2 25 0 0.06 M 0 5.9 17 280 M M 7 12 36 300
17 49 32 41 3 24 0 0.00 0.0 0 8.5 14 220 M M 4 18 240
18 48 29 39 1 26 0 0.00 0.0 0 6.5 18 280 M M 7 33 310
19 56 26 41 3 24 0 0.00 M M 6.4 22 270 M M 1 30 280
20 50 25 38 0 27 0 0.00 M M 6.1 18 300 M M 2 8 36 310
21 57 24 41 3 24 0 0.00 M M 6.1 15 240 M M 3 18 240
22 55 30 43 5 22 0 0.00 M M 8.2 16 260 M M 0 31 280
23 40 23 32 -6 33 0 0.00 M M 4.6 14 310 M M 0 24 330
24 42 19 31 -7 34 0 0.00 M M 2.3 8 230 M M 3 M M
25 44 36 40 2 25 0 0.54 M M 2.3 5 320 M M 10 1 M M
26 43 34 39 1 26 0 0.35 M M 3.5 8 300 M M 10 1 M M
27 48 37 43 5 22 0 0.00 M M 3.2 10 310 M M 8 1 M M
28 39 27 33 -5 32 0 0.02 M M 8.7 20 320 M M 4 1 39 320
29 36 21 29 -9 36 0 0.00 0.0 M 5.6 13 310 M M 0 27 340
30 39 17 28 -10 37 0 0.00 M M 1.7 7 350 M M 0 M M
31 34 30 32 -7 33 0 0.59 M M 4.0 9 80 M M 10 126 M M
================================================================================
SM 1482 902 812 0 2.79 0.0 128.9 M 130
================================================================================
AV 47.8 29.1 4.2 FASTST M M 4 MAX(MPH)
MISC ----> 22 270 39 320
================================================================================
NOTES:
# LAST OF SEVERAL OCCURRENCES
COLUMN 17 PEAK WIND IN M.P.H.
PRELIMINARY LOCAL CLIMATOLOGICAL DATA (WS FORM: F-6) , PAGE 2
STATION: RICHMOND/HANOVER
MONTH: JANUARY
YEAR: 2021
LATITUDE: 37 42 N
LONGITUDE: 77 26 W
[TEMPERATURE DATA] [PRECIPITATION DATA] SYMBOLS USED IN COLUMN 16
AVERAGE MONTHLY: 38.5 TOTAL FOR MONTH: 2.79 1 = FOG OR MIST
DPTR FM NORMAL: 0.4 DPTR FM NORMAL: M 2 = FOG REDUCING VISIBILITY
HIGHEST: 64 ON 2 GRTST 24HR 0.83 ON 3- 3 TO 1/4 MILE OR LESS
LOWEST: 17 ON 30 3 = THUNDER
SNOW, ICE PELLETS, HAIL 4 = ICE PELLETS
TOTAL MONTH: 0.0 INCH 5 = HAIL
GRTST 24HR 0.0 6 = FREEZING RAIN OR DRIZZLE
GRTST DEPTH: 0 7 = DUSTSTORM OR SANDSTORM:
VSBY 1/2 MILE OR LESS
8 = SMOKE OR HAZE
[NO. OF DAYS WITH] [WEATHER - DAYS WITH] 9 = BLOWING SNOW
X = TORNADO
MAX 32 OR BELOW: 0 0.01 INCH OR MORE: 8
MAX 90 OR ABOVE: 0 0.10 INCH OR MORE: 6
MIN 32 OR BELOW: 22 0.50 INCH OR MORE: 4
MIN 0 OR BELOW: 0 1.00 INCH OR MORE: 0
[HDD (BASE 65) ]
TOTAL THIS MO. 812 CLEAR (SCALE 0-3) 13
DPTR FM NORMAL -25 PTCLDY (SCALE 4-7) 12
TOTAL FM JUL 1 2052 CLOUDY (SCALE 8-10) 6
DPTR FM NORMAL -228
[CDD (BASE 65) ]
TOTAL THIS MO. 0
DPTR FM NORMAL 0 [PRESSURE DATA]
TOTAL FM JAN 1 0 HIGHEST SLP M ON M
DPTR FM NORMAL 0 LOWEST SLP M ON M
[REMARKS]
#FINAL-01-21#