000
CXUS52 KCAE 011400
CF6OGB
PRELIMINARY LOCAL CLIMATOLOGICAL DATA (WS FORM: F-6)
STATION: ORANGEBURG AIRPORT SC
MONTH: MAY
YEAR: 2023
LATITUDE: 33 27 N
LONGITUDE: 80 51 W
TEMPERATURE IN F: :PCPN: SNOW: WIND :SUNSHINE: SKY :PK WND
================================================================================
1 2 3 4 5 6A 6B 7 8 9 10 11 12 13 14 15 16 17 18
12Z AVG MX 2MIN
DY MAX MIN AVG DEP HDD CDD WTR SNW DPTH SPD SPD DIR MIN PSBL S-S WX SPD DR
================================================================================
1 74 47 61 -7 4 0 0.00 M M 12.0 30 250 M M 1 39 250
2 76 48 62 -6 3 0 0.00 M M 10.9 30 260 M M 1 38 260
3 75 46 61 -8 4 0 0.00 M M 9.2 28 250 M M 0 33 260
4 75 45 60 -9 5 0 0.00 M M 2.1 12 280 M M 0 15 240
5 76 52 64 -5 1 0 0.00 M M 2.8 13 200 M M 1 15 200
6 76 58 67 -3 0 2 0.00 M M 3.7 13 180 M M 7 17 190
7 81 55 68 -2 0 3 0.00 M M 6.3 15 220 M M 4 20 240
8 88 63 76 6 0 11 0.01 M M 8.0 23 270 M M 3 1 31 270
9 92 63 78 8 0 13 0.01 M M 6.6 15 250 M M 1 3 23 230
10 81 66 74 3 0 9 0.00 M M 5.7 14 40 M M 2 8 20 40
11 83 61 72 1 0 7 0.00 M M 4.3 13 130 M M 2 19 100
12 86 62 74 3 0 9 0.00 M M 4.8 13 130 M M 4 17 130
13 86 63 75 4 0 10 0.00 M M 4.5 14 220 M M 2 1 17 190
14 90 66 78 6 0 13 0.70 M M 3.8 20 360 M M 3 13 27 10
15 84 66 75 3 0 10 0.00 M M 5.6 13 110 M M 3 20 120
16 88 62 75 3 0 10 T M M 4.9 16 260 M M 3 23 250
17 85 70 78 6 0 13 0.15 M M 4.8 14 10 M M 3 13 19 20
18 71 61 66 -7 0 1 0.40 M M 7.8 16 40 M M 9 1 23 30
19 70 61 66 -7 0 1 T M M 7.9 13 10 M M 10 1 17 40
20 75 65 70 -3 0 5 0.01 M M 3.2 8 280 M M 8 1 10 30
21 77 64 71 -2 0 6 0.47 M M 3.9 10 20 M M 8 1 14 40
22 79 64 72 -2 0 7 0.08 M M 5.6 15 50 M M 3 1 20 50
23 79 61 70 -4 0 5 T M M 5.8 14 50 M M 2 23 50
24 80 61 71 -3 0 6 0.00 M M 7.4 15 10 M M 1 8 22 10
25 82 57 70 -4 0 5 0.00 M M 7.8 17 30 M M 5 25 40
26 69 61 65 -10 0 0 T M M 12.8 21 20 M M 8 26 20
27 62 52 57 -18 8 0 1.21 M M 14.8 25 20 M M 10 1 39 20
28 67 59 63 -12 2 0 0.02 M M 7.6 14 270 M M 10 1 18 360
29 83 57 70 -5 0 5 0.00 M M 2.7 10 240 M M 5 15 240
30 84 61 73 -3 0 8 0.01 M M 4.1 15 20 M M 3 1 18 20
31 80 64 72 -4 0 7 0.01 M M 4.7 13 30 M M 7 16 30
================================================================================
SM 2454 1841 27 166 3.08 M 196.1 M 129
================================================================================
AV 79.2 59.4 6.3 FASTST M M 4 MAX(MPH)
MISC ----> # 30 250 # 39 250
================================================================================
NOTES:
# LAST OF SEVERAL OCCURRENCES
COLUMN 17 PEAK WIND IN M.P.H.
PRELIMINARY LOCAL CLIMATOLOGICAL DATA (WS FORM: F-6) , PAGE 2
STATION: ORANGEBURG AIRPORT SC
MONTH: MAY
YEAR: 2023
LATITUDE: 33 27 N
LONGITUDE: 80 51 W
[TEMPERATURE DATA] [PRECIPITATION DATA] SYMBOLS USED IN COLUMN 16
AVERAGE MONTHLY: 69.3 TOTAL FOR MONTH: 3.08 1 = FOG OR MIST
DPTR FM NORMAL: -2.8 DPTR FM NORMAL: -0.27 2 = FOG REDUCING VISIBILITY
HIGHEST: 92 ON 9 GRTST 24HR 1.22 ON 27-28 TO 1/4 MILE OR LESS
LOWEST: 45 ON 4 3 = THUNDER
SNOW, ICE PELLETS, HAIL 4 = ICE PELLETS
TOTAL MONTH: M 5 = HAIL
GRTST 24HR M ON M 6 = FREEZING RAIN OR DRIZZLE
GRTST DEPTH: M ON M 7 = DUSTSTORM OR SANDSTORM:
VSBY 1/2 MILE OR LESS
8 = SMOKE OR HAZE
[NO. OF DAYS WITH] [WEATHER - DAYS WITH] 9 = BLOWING SNOW
X = TORNADO
MAX 32 OR BELOW: 0 0.01 INCH OR MORE: 12
MAX 90 OR ABOVE: 2 0.10 INCH OR MORE: 5
MIN 32 OR BELOW: 0 0.50 INCH OR MORE: 2
MIN 0 OR BELOW: 0 1.00 INCH OR MORE: 1
[HDD (BASE 65) ]
TOTAL THIS MO. 27 CLEAR (SCALE 0-3) 13
DPTR FM NORMAL 13 PTCLDY (SCALE 4-7) 13
TOTAL FM JUL 1 1760 CLOUDY (SCALE 8-10) 5
DPTR FM NORMAL -431
[CDD (BASE 65) ]
TOTAL THIS MO. 166
DPTR FM NORMAL -68 [PRESSURE DATA]
TOTAL FM JAN 1 344 HIGHEST SLP 30.27 ON 6
DPTR FM NORMAL -2 LOWEST SLP 29.59 ON 2
[REMARKS]
#FINAL-05-23#