000
CXUS56 KSGX 181045
CF6OKB
PRELIMINARY LOCAL CLIMATOLOGICAL DATA (WS FORM: F-6)
STATION: OCEANSIDE AIRPORT CA
MONTH: MARCH
YEAR: 2024
LATITUDE: 33 13 N
LONGITUDE: 117 21 W
TEMPERATURE IN F: :PCPN: SNOW: WIND :SUNSHINE: SKY :PK WND
================================================================================
1 2 3 4 5 6A 6B 7 8 9 10 11 12 13 14 15 16 17 18
12Z AVG MX 2MIN
DY MAX MIN AVG DEP HDD CDD WTR SNW DPTH SPD SPD DIR MIN PSBL S-S WX SPD DR
================================================================================
1 67 54 61 6 4 0 T M M 5.5 15 260 M M 6 19 250
2 66 51 59 4 6 0 0.21 M M 8.1 16 240 M M 9 1 21 240
3 64 46 55 0 10 0 0.07 M M 4.4 17 250 M M 9 18 22 260
4 64 45 55 0 10 0 0.11 M M 4.4 15 250 M M 4 1 18 240
5 65 42 54 -1 11 0 0.00 M M 3.2 12 250 M M 2 1 17 220
6 66 44 55 -1 10 0 0.34 M M 4.9 15 230 M M 7 1 22 220
7 64 45 55 -1 10 0 0.01 M M 5.2 14 270 M M 5 18 20 240
8 69 46 58 2 7 0 0.00 M M 4.7 15 260 M M 2 1 21 250
9 71 44 58 2 7 0 0.00 M M 3.6 15 270 M M 0 12 20 260
10 67 42 55 -1 10 0 0.00 M M 4.8 16 260 M M 1 18 24 260
11 67 46 57 1 8 0 T M M 3.6 17 260 M M 3 1 23 260
12 66 50 58 2 7 0 0.06 M M 3.7 14 260 M M 8 1 18 240
13 68 50 59 3 6 0 0.00 M M 4.7 14 260 M M 4 18 260
14 72 44 58 2 7 0 T M M 5.7 22 40 M M 3 1 33 50
15 65 44 55 -1 10 0 0.13 M M 6.2 18 200 M M 5 13 23 230
16 66 48 57 1 8 0 0.00 M M 4.9 15 260 M M 4 1 18 250
17 66 43 55 -1 10 0 0.00 M M 4.1 15 250 M M 0 1 20 250
================================================================================
SM 1133 784 141 0 0.93 M 81.7 M 72
================================================================================
AV 66.6 46.1 4.8 FASTST M M 4 MAX(MPH)
MISC ----> 22 40 33 50
================================================================================
NOTES:
# LAST OF SEVERAL OCCURRENCES
COLUMN 17 PEAK WIND IN M.P.H.
PRELIMINARY LOCAL CLIMATOLOGICAL DATA (WS FORM: F-6) , PAGE 2
STATION: OCEANSIDE AIRPORT CA
MONTH: MARCH
YEAR: 2024
LATITUDE: 33 13 N
LONGITUDE: 117 21 W
[TEMPERATURE DATA] [PRECIPITATION DATA] SYMBOLS USED IN COLUMN 16
AVERAGE MONTHLY: 56.4 TOTAL FOR MONTH: 0.93 1 = FOG OR MIST
DPTR FM NORMAL: 0.7 DPTR FM NORMAL: -0.24 2 = FOG REDUCING VISIBILITY
HIGHEST: 72 ON 14 GRTST 24HR 0.35 ON 6- 7 TO 1/4 MILE OR LESS
LOWEST: 42 ON 10, 5 3 = THUNDER
SNOW, ICE PELLETS, HAIL 4 = ICE PELLETS
TOTAL MONTH: M 5 = HAIL
GRTST 24HR M ON M 6 = FREEZING RAIN OR DRIZZLE
GRTST DEPTH: M ON M 7 = DUSTSTORM OR SANDSTORM:
VSBY 1/2 MILE OR LESS
8 = SMOKE OR HAZE
[NO. OF DAYS WITH] [WEATHER - DAYS WITH] 9 = BLOWING SNOW
X = TORNADO
MAX 32 OR BELOW: 0 0.01 INCH OR MORE: 7
MAX 90 OR ABOVE: 0 0.10 INCH OR MORE: 4
MIN 32 OR BELOW: 0 0.50 INCH OR MORE: 0
MIN 0 OR BELOW: 0 1.00 INCH OR MORE: 0
[HDD (BASE 65) ]
TOTAL THIS MO. 141 CLEAR (SCALE 0-3) 6
DPTR FM NORMAL -18 PTCLDY (SCALE 4-7) 9
TOTAL FM JUL 1 1182 CLOUDY (SCALE 8-10) 2
DPTR FM NORMAL -334
[CDD (BASE 65) ]
TOTAL THIS MO. 0
DPTR FM NORMAL 0 [PRESSURE DATA]
TOTAL FM JAN 1 0 HIGHEST SLP M ON M
DPTR FM NORMAL -1 LOWEST SLP 29.73 ON 14
[REMARKS]