000
CXUS56 KSGX 011049
CF6OKB
PRELIMINARY LOCAL CLIMATOLOGICAL DATA (WS FORM: F-6)
STATION: OCEANSIDE AIRPORT CA
MONTH: JUNE
YEAR: 2023
LATITUDE: 33 13 N
LONGITUDE: 117 21 W
TEMPERATURE IN F: :PCPN: SNOW: WIND :SUNSHINE: SKY :PK WND
================================================================================
1 2 3 4 5 6A 6B 7 8 9 10 11 12 13 14 15 16 17 18
12Z AVG MX 2MIN
DY MAX MIN AVG DEP HDD CDD WTR SNW DPTH SPD SPD DIR MIN PSBL S-S WX SPD DR
================================================================================
1 68 54 61 -3 4 0 T M M 4.2 12 240 M M 10 15 260
2 72 53 63 -1 2 0 T M M 7.4 16 300 M M 7 20 270
3 71 51 61 -3 4 0 0.00 M M 4.3 13 260 M M 8 16 250
4 70 61 66 2 0 1 0.00 M M 5.4 13 250 M M 9 17 250
5 69 60 65 1 0 0 0.00 M M 5.7 15 250 M M 9 20 250
6 71 56 64 0 1 0 0.00 M M 5.0 15 270 M M 8 21 240
7 71 57 64 0 1 0 0.00 M M 4.6 15 260 M M 7 19 290
8 73 57 65 1 0 0 0.00 M M 6.5 17 280 M M 7 23 260
9 72 62 67 2 0 2 0.00 M M 7.1 16 270 M M 10 20 300
10 68 62 65 0 0 0 T M M 6.2 12 270 M M 10 16 280
11 71 60 66 1 0 1 T M M 5.7 15 200 M M 10 18 190
12 72 60 66 1 0 1 0.11 M M 7.2 16 260 M M 9 23 250
13 72 55 64 -1 1 0 0.00 M M 6.2 17 270 M M 7 22 250
14 71 54 63 -2 2 0 0.00 M M 5.3 14 250 M M 9 19 260
15 70 61 66 1 0 1 0.01 M M 5.1 14 300 M M 9 17 290
16 74 60 67 2 0 2 0.00 M M 6.1 18 250 M M 6 23 240
17 73 59 66 0 0 1 0.00 M M 6.0 15 250 M M 8 20 260
18 69 61 65 -1 0 0 0.00 M M 4.2 12 270 M M 9 15 260
19 73 58 66 0 0 1 0.00 M M 5.2 13 270 M M 7 18 280
20 75 55 65 -1 0 0 0.00 M M 4.8 15 270 M M 3 20 280
21 74 52 63 -3 2 0 0.00 M M 4.8 14 250 M M 3 18 240
22 72 57 65 -1 0 0 0.00 M M 4.9 16 240 M M 7 20 260
23 72 53 63 -3 2 0 0.00 M M 5.1 17 260 M M 3 22 250
24 72 49 61 -5 4 0 0.00 M M 4.7 18 250 M M 2 23 250
25 73 55 64 -3 1 0 0.00 M M 5.2 15 250 M M 4 19 260
26 73 54 64 -3 1 0 0.00 M M 5.2 15 250 M M 5 20 250
27 72 60 66 -1 0 1 0.00 M M 4.8 13 250 M M 5 17 250
28 72 52 62 -5 3 0 0.00 M M 5.3 14 240 M M 5 18 240
29 73 56 65 -2 0 0 0.00 M M 4.6 14 250 M M 4 18 240
30 75 62 69 2 0 4 0.00 M M 5.9 16 250 M M 5 20 250
================================================================================
SM 2153 1706 28 15 0.12 M 162.7 M 205
================================================================================
AV 71.8 56.9 5.4 FASTST M M 7 MAX(MPH)
MISC ----> # 18 250 # 23 260
================================================================================
NOTES:
# LAST OF SEVERAL OCCURRENCES
COLUMN 17 PEAK WIND IN M.P.H.
PRELIMINARY LOCAL CLIMATOLOGICAL DATA (WS FORM: F-6) , PAGE 2
STATION: OCEANSIDE AIRPORT CA
MONTH: JUNE
YEAR: 2023
LATITUDE: 33 13 N
LONGITUDE: 117 21 W
[TEMPERATURE DATA] [PRECIPITATION DATA] SYMBOLS USED IN COLUMN 16
AVERAGE MONTHLY: 64.3 TOTAL FOR MONTH: 0.12 1 = FOG OR MIST
DPTR FM NORMAL: -1.2 DPTR FM NORMAL: 0.01 2 = FOG REDUCING VISIBILITY
HIGHEST: 75 ON 30,20 GRTST 24HR 0.11 ON 12-12 TO 1/4 MILE OR LESS
LOWEST: 49 ON 24 3 = THUNDER
SNOW, ICE PELLETS, HAIL 4 = ICE PELLETS
TOTAL MONTH: M 5 = HAIL
GRTST 24HR M ON M 6 = FREEZING RAIN OR DRIZZLE
GRTST DEPTH: M ON M 7 = DUSTSTORM OR SANDSTORM:
VSBY 1/2 MILE OR LESS
8 = SMOKE OR HAZE
[NO. OF DAYS WITH] [WEATHER - DAYS WITH] 9 = BLOWING SNOW
X = TORNADO
MAX 32 OR BELOW: 0 0.01 INCH OR MORE: 2
MAX 90 OR ABOVE: 0 0.10 INCH OR MORE: 1
MIN 32 OR BELOW: 0 0.50 INCH OR MORE: 0
MIN 0 OR BELOW: 0 1.00 INCH OR MORE: 0
[HDD (BASE 65) ]
TOTAL THIS MO. 28 CLEAR (SCALE 0-3) 3
DPTR FM NORMAL 3 PTCLDY (SCALE 4-7) 16
TOTAL FM JUL 1 2102 CLOUDY (SCALE 8-10) 11
DPTR FM NORMAL 145
[CDD (BASE 65) ]
TOTAL THIS MO. 15
DPTR FM NORMAL -23 [PRESSURE DATA]
TOTAL FM JAN 1 16 HIGHEST SLP 30.06 ON 25
DPTR FM NORMAL -37 LOWEST SLP 29.82 ON 30
[REMARKS]
#FINAL-06-23#