000
CXUS56 KSGX 011045
CF6OKB
PRELIMINARY LOCAL CLIMATOLOGICAL DATA (WS FORM: F-6)
STATION: OCEANSIDE AIRPORT CA
MONTH: MAY
YEAR: 2023
LATITUDE: 33 13 N
LONGITUDE: 117 21 W
TEMPERATURE IN F: :PCPN: SNOW: WIND :SUNSHINE: SKY :PK WND
================================================================================
1 2 3 4 5 6A 6B 7 8 9 10 11 12 13 14 15 16 17 18
12Z AVG MX 2MIN
DY MAX MIN AVG DEP HDD CDD WTR SNW DPTH SPD SPD DIR MIN PSBL S-S WX SPD DR
================================================================================
1 66 57 62 2 3 0 T M M 8.9 17 260 M M 10 22 210
2 65 47 56 -4 9 0 0.00 M M 6.3 16 260 M M 4 23 290
3 67 48 58 -2 7 0 0.07 M M 5.7 16 250 M M 5 22 250
4 66 54 60 0 5 0 0.13 M M 8.0 17 200 M M 7 22 220
5 66 49 58 -3 7 0 0.09 M M 4.7 14 250 M M 7 19 260
6 68 45 57 -4 8 0 0.00 M M 5.4 16 250 M M 0 23 250
7 68 47 58 -3 7 0 0.00 M M 5.2 16 250 M M 2 20 250
8 69 46 58 -3 7 0 0.00 M M 4.5 15 250 M M 1 19 260
9 69 49 59 -2 6 0 T M M 7.3 16 250 M M 7 23 290
10 68 51 60 -1 5 0 0.00 M M 5.4 16 260 M M 5 20 250
11 69 53 61 -1 4 0 0.00 M M 4.6 16 260 M M 6 22 250
12 68 59 64 2 1 0 0.00 M M 4.6 15 250 M M 10 20 250
13 65 59 62 0 3 0 0.00 M M 4.6 10 210 M M 10 15 240
14 70 59 65 3 0 0 0.00 M M 4.6 14 250 M M 9 17 240
15 66 59 63 1 2 0 0.00 M M 4.0 12 250 M M 10 14 270
16 70 59 65 3 0 0 0.00 M M 5.2 15 250 M M 7 19 250
17 68 59 64 2 1 0 0.00 M M 3.8 13 250 M M 10 16 250
18 69 58 64 2 1 0 T M M 4.2 12 280 M M 9 13 260
19 68 61 65 2 0 0 0.00 M M 5.0 13 230 M M 10 17 220
20 68 60 64 1 1 0 0.00 M M 4.3 12 260 M M 10 15 250
21 71 60 66 3 0 1 0.00 M M 3.9 12 250 M M 9 16 260
22 66 60 63 0 2 0 T M M 4.9 12 240 M M 10 14 260
23 65 59 62 -1 3 0 T M M 4.5 10 240 M M 10 12 200
24 70 58 64 1 1 0 0.00 M M 6.0 13 220 M M 10 18 240
25 70 59 65 2 0 0 0.00 M M 6.1 15 260 M M 9 25 280
26 70 57 64 1 1 0 T M M 6.3 17 260 M M 6 22 240
27 69 53 61 -2 4 0 0.00 M M 6.7 17 250 M M 8 22 250
28 67 60 64 0 1 0 T M M 5.3 12 240 M M 10 15 250
29 68 61 65 1 0 0 T M M 5.1 12 260 M M 10 15 250
30 70 59 65 1 0 0 0.01 M M 6.5 18 250 M M 10 23 250
31 67 57 62 -2 3 0 0.02 M M 5.6 12 250 M M 10 14 250
================================================================================
SM 2106 1722 92 1 0.32 M 167.2 M 241
================================================================================
AV 67.9 55.5 5.4 FASTST M M 8 MAX(MPH)
MISC ----> 18 250 25 280
================================================================================
NOTES:
# LAST OF SEVERAL OCCURRENCES
COLUMN 17 PEAK WIND IN M.P.H.
PRELIMINARY LOCAL CLIMATOLOGICAL DATA (WS FORM: F-6) , PAGE 2
STATION: OCEANSIDE AIRPORT CA
MONTH: MAY
YEAR: 2023
LATITUDE: 33 13 N
LONGITUDE: 117 21 W
[TEMPERATURE DATA] [PRECIPITATION DATA] SYMBOLS USED IN COLUMN 16
AVERAGE MONTHLY: 61.7 TOTAL FOR MONTH: 0.32 1 = FOG OR MIST
DPTR FM NORMAL: -0.4 DPTR FM NORMAL: 0.02 2 = FOG REDUCING VISIBILITY
HIGHEST: 71 ON 21 GRTST 24HR 0.20 ON 3- 4 TO 1/4 MILE OR LESS
LOWEST: 45 ON 6 3 = THUNDER
SNOW, ICE PELLETS, HAIL 4 = ICE PELLETS
TOTAL MONTH: M 5 = HAIL
GRTST 24HR M ON M 6 = FREEZING RAIN OR DRIZZLE
GRTST DEPTH: M ON M 7 = DUSTSTORM OR SANDSTORM:
VSBY 1/2 MILE OR LESS
8 = SMOKE OR HAZE
[NO. OF DAYS WITH] [WEATHER - DAYS WITH] 9 = BLOWING SNOW
X = TORNADO
MAX 32 OR BELOW: 0 0.01 INCH OR MORE: 5
MAX 90 OR ABOVE: 0 0.10 INCH OR MORE: 1
MIN 32 OR BELOW: 0 0.50 INCH OR MORE: 0
MIN 0 OR BELOW: 0 1.00 INCH OR MORE: 0
[HDD (BASE 65) ]
TOTAL THIS MO. 92 CLEAR (SCALE 0-3) 3
DPTR FM NORMAL -7 PTCLDY (SCALE 4-7) 9
TOTAL FM JUL 1 2074 CLOUDY (SCALE 8-10) 19
DPTR FM NORMAL 140
[CDD (BASE 65) ]
TOTAL THIS MO. 1
DPTR FM NORMAL -8 [PRESSURE DATA]
TOTAL FM JAN 1 1 HIGHEST SLP 30.11 ON 7
DPTR FM NORMAL -14 LOWEST SLP 29.83 ON 18
[REMARKS]
#FINAL-05-23#