000
CXUS56 KSGX 011045
CF6OKB
PRELIMINARY LOCAL CLIMATOLOGICAL DATA (WS FORM: F-6)
STATION: OCEANSIDE AIRPORT CA
MONTH: APRIL
YEAR: 2023
LATITUDE: 33 13 N
LONGITUDE: 117 21 W
TEMPERATURE IN F: :PCPN: SNOW: WIND :SUNSHINE: SKY :PK WND
================================================================================
1 2 3 4 5 6A 6B 7 8 9 10 11 12 13 14 15 16 17 18
12Z AVG MX 2MIN
DY MAX MIN AVG DEP HDD CDD WTR SNW DPTH SPD SPD DIR MIN PSBL S-S WX SPD DR
================================================================================
1 64 41 53 -4 12 0 0.00 M M 3.8 16 260 M M 0 20 250
2 62 46 54 -3 11 0 0.00 M M 6.3 14 240 M M 6 17 250
3 62 49 56 -1 9 0 T M M 11.5 23 290 M M 7 31 270
4 61 37 49 -8 16 0 0.00 M M 5.6 20 270 M M 0 26 260
5 64 38 51 -6 14 0 0.00 M M 5.1 16 260 M M 0 22 260
6 73 41 57 0 8 0 0.00 M M 5.0 16 270 M M 0 21 260
7 65 43 54 -3 11 0 0.00 M M 4.3 14 240 M M 0 16 240
8 65 45 55 -3 10 0 0.00 M M 5.8 17 260 M M 4 20 260
9 62 54 58 0 7 0 0.00 M M 4.6 14 250 M M 9 19 250
10 64 52 58 0 7 0 0.00 M M 4.0 13 250 M M 8 16 260
11 65 53 59 1 6 0 T M M 5.1 15 250 M M 9 17 250
12 61 54 58 0 7 0 0.01 M M 6.3 14 200 M M 10 17 210
13 60 53 57 -1 8 0 0.09 M M 8.1 17 200 M M 10 21 210
14 63 50 57 -1 8 0 0.00 M M 4.3 13 250 M M 7 17 260
15 65 48 57 -1 8 0 0.00 M M 5.6 16 250 M M 5 21 250
16 61 55 58 0 7 0 0.00 M M 3.7 13 240 M M 10 16 250
17 60 54 57 -1 8 0 0.01 M M 3.5 10 260 M M 10 13 260
18 64 45 55 -3 10 0 0.00 M M 5.3 16 260 M M 6 19 250
19 65 46 56 -2 9 0 0.00 M M 4.9 17 260 M M 2 22 250
20 72 41 57 -2 8 0 0.00 M M 4.3 16 270 M M 0 21 260
21 83 47 65 6 0 0 0.00 M M 4.4 17 280 M M 0 23 290
22 77 47 62 3 3 0 0.00 M M 3.4 13 250 M M 0 15 250
23 67 56 62 3 3 0 0.00 M M 5.8 14 200 M M 7 19 230
24 67 58 63 4 2 0 0.00 M M 4.8 13 260 M M 8 16 240
25 66 60 63 4 2 0 0.00 M M 4.8 13 260 M M 10 15 250
26 69 59 64 5 1 0 0.00 M M 5.5 17 260 M M 8 22 260
27 67 57 62 2 3 0 0.00 M M 4.6 15 260 M M 7 18 260
28 65 56 61 1 4 0 0.00 M M 3.7 14 250 M M 9 19 240
29 65 56 61 1 4 0 0.00 M M 4.0 13 250 M M 10 17 250
30 61 57 59 -1 6 0 0.00 M M 5.2 12 260 M M 10 14 220
================================================================================
SM 1965 1498 212 0 0.11 M 153.3 M 172
================================================================================
AV 65.5 49.9 5.1 FASTST M M 6 MAX(MPH)
MISC ----> 23 290 31 270
================================================================================
NOTES:
# LAST OF SEVERAL OCCURRENCES
COLUMN 17 PEAK WIND IN M.P.H.
PRELIMINARY LOCAL CLIMATOLOGICAL DATA (WS FORM: F-6) , PAGE 2
STATION: OCEANSIDE AIRPORT CA
MONTH: APRIL
YEAR: 2023
LATITUDE: 33 13 N
LONGITUDE: 117 21 W
[TEMPERATURE DATA] [PRECIPITATION DATA] SYMBOLS USED IN COLUMN 16
AVERAGE MONTHLY: 57.7 TOTAL FOR MONTH: 0.11 1 = FOG OR MIST
DPTR FM NORMAL: -0.6 DPTR FM NORMAL: -0.76 2 = FOG REDUCING VISIBILITY
HIGHEST: 83 ON 21 GRTST 24HR 0.10 ON 12-13 TO 1/4 MILE OR LESS
LOWEST: 37 ON 4 3 = THUNDER
SNOW, ICE PELLETS, HAIL 4 = ICE PELLETS
TOTAL MONTH: M 5 = HAIL
GRTST 24HR M ON M 6 = FREEZING RAIN OR DRIZZLE
GRTST DEPTH: M ON M 7 = DUSTSTORM OR SANDSTORM:
VSBY 1/2 MILE OR LESS
8 = SMOKE OR HAZE
[NO. OF DAYS WITH] [WEATHER - DAYS WITH] 9 = BLOWING SNOW
X = TORNADO
MAX 32 OR BELOW: 0 0.01 INCH OR MORE: 3
MAX 90 OR ABOVE: 0 0.10 INCH OR MORE: 0
MIN 32 OR BELOW: 0 0.50 INCH OR MORE: 0
MIN 0 OR BELOW: 0 1.00 INCH OR MORE: 0
[HDD (BASE 65) ]
TOTAL THIS MO. 212 CLEAR (SCALE 0-3) 9
DPTR FM NORMAL 7 PTCLDY (SCALE 4-7) 10
TOTAL FM JUL 1 1982 CLOUDY (SCALE 8-10) 11
DPTR FM NORMAL 145
[CDD (BASE 65) ]
TOTAL THIS MO. 0
DPTR FM NORMAL -3 [PRESSURE DATA]
TOTAL FM JAN 1 0 HIGHEST SLP 30.15 ON 1
DPTR FM NORMAL -6 LOWEST SLP 29.78 ON 23
[REMARKS]
#FINAL-04-23#