000
CXUS56 KSGX 011145
CF6OKB
PRELIMINARY LOCAL CLIMATOLOGICAL DATA (WS FORM: F-6)
STATION: OCEANSIDE AIRPORT CA
MONTH: JANUARY
YEAR: 2023
LATITUDE: 33 13 N
LONGITUDE: 117 21 W
TEMPERATURE IN F: :PCPN: SNOW: WIND :SUNSHINE: SKY :PK WND
================================================================================
1 2 3 4 5 6A 6B 7 8 9 10 11 12 13 14 15 16 17 18
12Z AVG MX 2MIN
DY MAX MIN AVG DEP HDD CDD WTR SNW DPTH SPD SPD DIR MIN PSBL S-S WX SPD DR
================================================================================
1 60 55 58 5 7 0 0.61 M M 12.6 25 250 M M 10 18 39 250
2 59 42 51 -2 14 0 0.03 M M 3.3 15 260 M M 6 1 19 260
3 59 51 55 2 10 0 0.37 M M 4.6 9 100 M M 10 18 12 120
4 65 58 62 9 3 0 0.08 M M 4.1 14 230 M M 9 18 18 240
5 62 49 56 3 9 0 0.39 M M 6.6 18 190 M M 10 1 26 190
6 62 42 52 -1 13 0 0.00 M M 2.9 13 290 M M 3 12 15 290
7 67 38 53 0 12 0 0.00 M M 2.3 10 270 M M 0 1 13 270
8 66 39 53 -1 12 0 0.00 M M 3.0 10 260 M M 1 1 12 250
9 64 43 54 0 11 0 T M M 4.5 16 150 M M 7 18 21 150
10 61 47 54 0 11 0 0.60 M M 5.8 22 190 M M 10 12 30 190
11 61 42 52 -2 13 0 0.00 M M 2.7 10 300 M M 3 12 13 290
12 73 45 59 5 6 0 0.00 M M 2.8 12 260 M M 0 13 260
13 67 40 54 0 11 0 0.00 M M 2.9 15 250 M M 0 18 17 250
14 60 43 52 -2 13 0 1.83 M M 6.5 20 250 M M 6 18 27 170
15 60 51 56 2 9 0 0.84 M M 6.6 13 240 M M 9 18 17 310
16 60 51 56 2 9 0 0.86 M M 10.4 24 190 M M 8 18 35 180
17 58 42 50 -4 15 0 0.01 M M 5.8 20 270 M M 3 26 260
18 59 40 50 -4 15 0 0.00 M M 3.4 10 310 M M 0 14 300
19 58 37 48 -6 17 0 0.08 M M 3.6 12 230 M M 3 1 15 230
20 63 41 52 -2 13 0 0.00 M M 3.6 13 290 M M 1 12 15 290
21 64 36 50 -4 15 0 0.00 M M 4.0 15 270 M M 0 18 260
22 60 34 47 -7 18 0 0.00 M M 3.1 10 210 M M 0 1 14 190
23 66 37 52 -2 13 0 0.00 M M 7.0 16 20 M M 0 1 28 10
24 64 33 49 -5 16 0 0.00 M M 3.9 13 260 M M 0 17 260
25 66 33 50 -4 15 0 0.00 M M 3.8 13 260 M M 0 1 18 260
26 72 34 53 -1 12 0 0.00 M M 4.3 20 70 M M 0 26 40
27 66 33 50 -4 15 0 0.00 M M 4.3 15 280 M M 0 1 19 260
28 61 36 49 -5 16 0 0.00 M M 5.3 14 230 M M 7 18 190
29 57 47 52 -2 13 0 0.09 M M 5.7 16 260 M M 10 1 21 250
30 55 45 50 -4 15 0 0.28 M M 3.7 10 90 M M 9 1 14 100
31 64 37 51 -3 14 0 0.00 M M 4.6 13 290 M M 1 12 17 40
================================================================================
SM 1939 1301 385 0 6.07 M 147.7 M 126
================================================================================
AV 62.5 42.0 4.8 FASTST M M 4 MAX(MPH)
MISC ----> 25 250 39 250
================================================================================
NOTES:
# LAST OF SEVERAL OCCURRENCES
COLUMN 17 PEAK WIND IN M.P.H.
PRELIMINARY LOCAL CLIMATOLOGICAL DATA (WS FORM: F-6) , PAGE 2
STATION: OCEANSIDE AIRPORT CA
MONTH: JANUARY
YEAR: 2023
LATITUDE: 33 13 N
LONGITUDE: 117 21 W
[TEMPERATURE DATA] [PRECIPITATION DATA] SYMBOLS USED IN COLUMN 16
AVERAGE MONTHLY: 52.3 TOTAL FOR MONTH: 6.07 1 = FOG OR MIST
DPTR FM NORMAL: -1.3 DPTR FM NORMAL: 3.70 2 = FOG REDUCING VISIBILITY
HIGHEST: 73 ON 12 GRTST 24HR 1.83 ON 14-14 TO 1/4 MILE OR LESS
LOWEST: 33 ON 27,25 3 = THUNDER
SNOW, ICE PELLETS, HAIL 4 = ICE PELLETS
TOTAL MONTH: M 5 = HAIL
GRTST 24HR M ON M 6 = FREEZING RAIN OR DRIZZLE
GRTST DEPTH: M ON M 7 = DUSTSTORM OR SANDSTORM:
VSBY 1/2 MILE OR LESS
8 = SMOKE OR HAZE
[NO. OF DAYS WITH] [WEATHER - DAYS WITH] 9 = BLOWING SNOW
X = TORNADO
MAX 32 OR BELOW: 0 0.01 INCH OR MORE: 13
MAX 90 OR ABOVE: 0 0.10 INCH OR MORE: 8
MIN 32 OR BELOW: 0 0.50 INCH OR MORE: 5
MIN 0 OR BELOW: 0 1.00 INCH OR MORE: 1
[HDD (BASE 65) ]
TOTAL THIS MO. 385 CLEAR (SCALE 0-3) 16
DPTR FM NORMAL 31 PTCLDY (SCALE 4-7) 6
TOTAL FM JUL 1 1047 CLOUDY (SCALE 8-10) 9
DPTR FM NORMAL 0
[CDD (BASE 65) ]
TOTAL THIS MO. 0
DPTR FM NORMAL 0 [PRESSURE DATA]
TOTAL FM JAN 1 0 HIGHEST SLP 30.36 ON 26
DPTR FM NORMAL 0 LOWEST SLP 29.68 ON 16
[REMARKS]
#FINAL-01-23#