000
CXUS56 KSGX 011045
CF6OKB
PRELIMINARY LOCAL CLIMATOLOGICAL DATA (WS FORM: F-6)
STATION: OCEANSIDE AIRPORT CA
MONTH: OCTOBER
YEAR: 2022
LATITUDE: 33 13 N
LONGITUDE: 117 21 W
TEMPERATURE IN F: :PCPN: SNOW: WIND :SUNSHINE: SKY :PK WND
================================================================================
1 2 3 4 5 6A 6B 7 8 9 10 11 12 13 14 15 16 17 18
12Z AVG MX 2MIN
DY MAX MIN AVG DEP HDD CDD WTR SNW DPTH SPD SPD DIR MIN PSBL S-S WX SPD DR
================================================================================
1 75 67 71 5 0 6 0.00 M M 4.8 14 260 M M 8 19 240
2 76 64 70 4 0 5 0.00 M M 4.1 16 260 M M 7 21 260
3 78 67 73 7 0 8 0.00 M M 5.0 14 240 M M 8 18 250
4 76 64 70 4 0 5 0.00 M M 4.0 12 250 M M 7 18 15 240
5 73 67 70 4 0 5 0.00 M M 2.7 12 260 M M 10 18 15 240
6 74 67 71 5 0 6 0.00 M M 3.5 12 250 M M 10 18 14 230
7 78 65 72 6 0 7 0.00 M M 4.2 13 250 M M 4 18 17 240
8 78 63 71 6 0 6 0.00 M M 4.2 14 240 M M 5 1 17 240
9 75 67 71 6 0 6 0.00 M M 3.6 13 250 M M 8 17 260
10 75 68 72 7 0 7 0.00 M M 3.5 12 250 M M 7 8 15 260
11 75 65 70 5 0 5 0.06 M M 3.3 13 250 M M 8 13 17 250
12 75 66 71 6 0 6 0.00 M M 3.6 15 270 M M 10 18 19 260
13 72 66 69 5 0 4 0.00 M M 3.1 12 240 M M 10 18 13 260
14 70 65 68 4 0 3 T M M 3.3 9 200 M M 10 1 12 230
15 71 63 67 3 0 2 0.05 M M 3.7 9 260 M M 10 1 12 320
16 74 57 66 2 0 1 0.00 M M 4.9 16 300 M M 6 1 23 290
17 75 52 64 0 1 0 0.00 M M 3.5 16 260 M M 1 128 20 250
18 86 54 70 6 0 5 0.00 M M 2.9 15 290 M M 0 18 18 290
19 97 56 77 14 0 12 0.00 M M 3.8 20 100 M M 0 24 100
20 87 57 72 9 0 7 0.00 M M 4.5 15 240 M M 1 1 19 290
21 76 65 71 8 0 6 0.00 M M 5.5 12 230 M M 7 18 15 190
22 73 63 68 5 0 3 0.06 M M 8.8 15 230 M M 10 1 19 230
23 71 51 61 -1 4 0 T M M 4.5 14 240 M M 5 1 19 240
24 78 46 62 0 3 0 0.00 M M 5.3 17 290 M M 0 8 22 290
25 75 42 59 -3 6 0 0.00 M M 4.3 15 250 M M 0 19 250
26 72 50 61 -1 4 0 0.00 M M 4.6 14 250 M M 5 8 20 230
27 72 47 60 -2 5 0 0.00 M M 2.8 12 250 M M 0 1 17 240
28 72 47 60 -2 5 0 0.00 M M 4.0 15 260 M M 2 128 18 250
29 73 51 62 1 3 0 0.00 M M 4.4 15 250 M M 3 12 18 230
30 76 45 61 0 4 0 0.00 M M 4.0 13 240 M M 0 1 14 240
31 77 44 61 0 4 0 0.00 M M 3.0 15 270 M M 0 18 16 260
================================================================================
SM 2355 1811 39 115 0.17 M 127.4 M 162
================================================================================
AV 76.0 58.4 4.1 FASTST M M 5 MAX(MPH)
MISC ----> 20 100 24 100
================================================================================
NOTES:
# LAST OF SEVERAL OCCURRENCES
COLUMN 17 PEAK WIND IN M.P.H.
PRELIMINARY LOCAL CLIMATOLOGICAL DATA (WS FORM: F-6) , PAGE 2
STATION: OCEANSIDE AIRPORT CA
MONTH: OCTOBER
YEAR: 2022
LATITUDE: 33 13 N
LONGITUDE: 117 21 W
[TEMPERATURE DATA] [PRECIPITATION DATA] SYMBOLS USED IN COLUMN 16
AVERAGE MONTHLY: 67.2 TOTAL FOR MONTH: 0.17 1 = FOG OR MIST
DPTR FM NORMAL: 3.4 DPTR FM NORMAL: -0.47 2 = FOG REDUCING VISIBILITY
HIGHEST: 97 ON 19 GRTST 24HR 0.06 ON 11-11 TO 1/4 MILE OR LESS
LOWEST: 42 ON 25 3 = THUNDER
SNOW, ICE PELLETS, HAIL 4 = ICE PELLETS
TOTAL MONTH: M 5 = HAIL
GRTST 24HR M ON M 6 = FREEZING RAIN OR DRIZZLE
GRTST DEPTH: M ON M 7 = DUSTSTORM OR SANDSTORM:
VSBY 1/2 MILE OR LESS
8 = SMOKE OR HAZE
[NO. OF DAYS WITH] [WEATHER - DAYS WITH] 9 = BLOWING SNOW
X = TORNADO
MAX 32 OR BELOW: 0 0.01 INCH OR MORE: 3
MAX 90 OR ABOVE: 1 0.10 INCH OR MORE: 0
MIN 32 OR BELOW: 0 0.50 INCH OR MORE: 0
MIN 0 OR BELOW: 0 1.00 INCH OR MORE: 0
[HDD (BASE 65) ]
TOTAL THIS MO. 39 CLEAR (SCALE 0-3) 11
DPTR FM NORMAL -36 PTCLDY (SCALE 4-7) 13
TOTAL FM JUL 1 39 CLOUDY (SCALE 8-10) 7
DPTR FM NORMAL -50
[CDD (BASE 65) ]
TOTAL THIS MO. 115
DPTR FM NORMAL 77 [PRESSURE DATA]
TOTAL FM JAN 1 872 HIGHEST SLP 30.16 ON 28
DPTR FM NORMAL 368 LOWEST SLP 29.75 ON 22
[REMARKS]
#FINAL-10-22#