000
CXUS56 KSGX 011145
CF6OKB
PRELIMINARY LOCAL CLIMATOLOGICAL DATA (WS FORM: F-6)
STATION: OCEANSIDE AIRPORT CA
MONTH: FEBRUARY
YEAR: 2024
LATITUDE: 33 13 N
LONGITUDE: 117 21 W
TEMPERATURE IN F: :PCPN: SNOW: WIND :SUNSHINE: SKY :PK WND
================================================================================
1 2 3 4 5 6A 6B 7 8 9 10 11 12 13 14 15 16 17 18
12Z AVG MX 2MIN
DY MAX MIN AVG DEP HDD CDD WTR SNW DPTH SPD SPD DIR MIN PSBL S-S WX SPD DR
================================================================================
1 58 47 53 -1 12 0 1.15 M M 4.9 17 120 M M 7 18 24 110
2 64 47 56 2 9 0 0.40 M M 4.6 16 260 M M 7 18 22 260
3 62 43 53 -1 12 0 0.02 M M 2.7 12 260 M M 4 12 14 240
4 65 45 55 1 10 0 0.02 M M 8.5 21 200 M M 4 1 27 190
5 60 54 57 3 8 0 2.70 M M 4.7 13 210 M M 10 1 17 200
6 61 51 56 2 9 0 1.02 M M 5.7 29 260 M M 9 128 36 260
7 61 50 56 2 9 0 0.44 M M 8.4 28 250 M M 8 1 44 230
8 60 50 55 1 10 0 0.17 M M 7.9 17 260 M M 7 1 23 270
9 61 45 53 -1 12 0 0.13 M M 2.9 18 260 M M 7 1 23 260
10 63 42 53 -1 12 0 0.00 M M 5.1 17 290 M M 1 1 22 290
11 66 39 53 -1 12 0 0.00 M M 3.9 13 260 M M 0 16 240
12 66 40 53 -1 12 0 0.00 M M 4.7 17 290 M M 0 1 22 300
13 65 39 52 -2 13 0 0.00 M M 4.0 14 260 M M 2 1 17 250
14 64 42 53 -1 12 0 0.00 M M 4.2 15 250 M M 1 1 18 250
15 64 41 53 -1 12 0 0.00 M M 5.0 16 270 M M 1 1 21 270
16 64 52 58 4 7 0 0.00 M M 3.5 15 260 M M 7 18 20 260
17 63 47 55 1 10 0 0.00 M M 2.8 10 280 M M 8 18 14 250
18 68 47 58 4 7 0 0.00 M M 3.0 14 250 M M 5 18 16 250
19 66 50 58 4 7 0 0.03 M M 5.1 15 200 M M 9 18 19 190
20 62 56 59 5 6 0 0.67 M M 3.1 9 290 M M 10 18 12 300
21 65 48 57 3 8 0 0.09 M M 4.1 15 250 M M 5 1 18 240
22 66 45 56 2 9 0 0.00 M M 5.0 17 260 M M 2 1 22 260
23 75 47 61 7 4 0 0.00 M M 3.0 14 290 M M 0 18 18 290
24 73 49 61 6 4 0 0.00 M M 2.4 12 280 M M 0 1 16 300
25 66 48 57 2 8 0 0.00 M M 2.9 12 260 M M 1 1 15 270
26 64 53 59 4 6 0 T M M 2.6 10 290 M M 7 18 13 300
27 68 49 59 4 6 0 0.00 M M 3.1 14 250 M M 6 18 18 250
28 66 45 56 1 9 0 0.00 M M 4.1 15 250 M M 5 18 21 250
29 67 58 63 8 2 0 0.00 M M 4.1 10 260 M M 9 8 M M
================================================================================
SM 1873 1369 257 0 6.84 M 126.0 M 142
================================================================================
AV 64.6 47.2 4.3 FASTST M M 5 MAX(MPH)
MISC ----> 29 260 44 230
================================================================================
NOTES:
# LAST OF SEVERAL OCCURRENCES
COLUMN 17 PEAK WIND IN M.P.H.
PRELIMINARY LOCAL CLIMATOLOGICAL DATA (WS FORM: F-6) , PAGE 2
STATION: OCEANSIDE AIRPORT CA
MONTH: FEBRUARY
YEAR: 2024
LATITUDE: 33 13 N
LONGITUDE: 117 21 W
[TEMPERATURE DATA] [PRECIPITATION DATA] SYMBOLS USED IN COLUMN 16
AVERAGE MONTHLY: 55.9 TOTAL FOR MONTH: 6.84 1 = FOG OR MIST
DPTR FM NORMAL: 1.8 DPTR FM NORMAL: 3.94 2 = FOG REDUCING VISIBILITY
HIGHEST: 75 ON 23 GRTST 24HR 2.83 ON 5- 6 TO 1/4 MILE OR LESS
LOWEST: 39 ON 13,11 3 = THUNDER
SNOW, ICE PELLETS, HAIL 4 = ICE PELLETS
TOTAL MONTH: M 5 = HAIL
GRTST 24HR M ON M 6 = FREEZING RAIN OR DRIZZLE
GRTST DEPTH: M ON M 7 = DUSTSTORM OR SANDSTORM:
VSBY 1/2 MILE OR LESS
8 = SMOKE OR HAZE
[NO. OF DAYS WITH] [WEATHER - DAYS WITH] 9 = BLOWING SNOW
X = TORNADO
MAX 32 OR BELOW: 0 0.01 INCH OR MORE: 12
MAX 90 OR ABOVE: 0 0.10 INCH OR MORE: 8
MIN 32 OR BELOW: 0 0.50 INCH OR MORE: 4
MIN 0 OR BELOW: 0 1.00 INCH OR MORE: 3
[HDD (BASE 65) ]
TOTAL THIS MO. 257 CLEAR (SCALE 0-3) 10
DPTR FM NORMAL -50 PTCLDY (SCALE 4-7) 13
TOTAL FM JUL 1 1041 CLOUDY (SCALE 8-10) 6
DPTR FM NORMAL -332
[CDD (BASE 65) ]
TOTAL THIS MO. 0
DPTR FM NORMAL -1 [PRESSURE DATA]
TOTAL FM JAN 1 0 HIGHEST SLP 30.23 ON 22
DPTR FM NORMAL -1 LOWEST SLP 29.65 ON 6
[REMARKS]
#FINAL-02-24#