000
CXUS56 KSGX 011045
CF6OKB
PRELIMINARY LOCAL CLIMATOLOGICAL DATA (WS FORM: F-6)
STATION: OCEANSIDE AIRPORT CA
MONTH: JULY
YEAR: 2021
LATITUDE: 33 13 N
LONGITUDE: 117 21 W
TEMPERATURE IN F: :PCPN: SNOW: WIND :SUNSHINE: SKY :PK WND
================================================================================
1 2 3 4 5 6A 6B 7 8 9 10 11 12 13 14 15 16 17 18
12Z AVG MX 2MIN
DY MAX MIN AVG DEP HDD CDD WTR SNW DPTH SPD SPD DIR MIN PSBL S-S WX SPD DR
================================================================================
1 76 63 70 2 0 5 0.00 M M 5.6 15 250 M M 5 21 240
2 74 63 69 1 0 4 0.00 M M 4.6 13 260 M M 8 18 16 210
3 75 62 69 1 0 4 0.00 M M 4.4 15 260 M M 8 18 19 250
4 73 64 69 1 0 4 0.00 M M 5.8 14 240 M M 7 17 240
5 75 64 70 2 0 5 0.00 M M 4.8 14 250 M M 6 8 17 240
6 74 63 69 1 0 4 0.00 M M 5.1 14 230 M M 5 18 250
7 75 63 69 1 0 4 0.00 M M 5.1 13 240 M M 5 21 260
8 77 61 69 0 0 4 0.00 M M 4.2 15 250 M M 1 18 19 240
9 78 61 70 1 0 5 0.00 M M 4.9 13 260 M M 0 18 16 240
10 82 62 72 3 0 7 0.00 M M 5.1 13 250 M M 2 1 20 240
11 77 63 70 1 0 5 0.00 M M 5.8 15 240 M M 3 1 20 250
12 77 63 70 1 0 5 0.00 M M 4.3 14 250 M M 6 19 250
13 77 64 71 2 0 6 0.00 M M 4.6 13 240 M M 1 8 21 240
14 78 65 72 3 0 7 0.00 M M 4.1 13 250 M M 4 22 230
15 77 65 71 2 0 6 T M M 5.3 13 250 M M 5 18 260
16 78 63 71 1 0 6 0.00 M M 5.0 16 240 M M 4 24 260
17 78 66 72 2 0 7 0.00 M M 5.6 15 240 M M 3 19 240
18 81 66 74 4 0 9 0.23 M M 5.3 15 250 M M 1 13 20 250
19 81 63 72 2 0 7 0.00 M M 4.7 15 240 M M 0 18 20 250
20 81 62 72 2 0 7 0.00 M M 5.6 16 240 M M 2 18 22 240
21 79 67 73 3 0 8 0.00 M M 5.0 14 250 M M 3 18 19 260
22 80 65 73 3 0 8 0.00 M M 5.0 14 240 M M 8 18 19 240
23 78 62 70 0 0 5 0.00 M M 4.1 12 260 M M 8 18 16 240
24 77 62 70 0 0 5 0.00 M M 4.7 12 240 M M 8 18 16 250
25 78 66 72 2 0 7 T M M 4.9 13 260 M M 7 18 270
26 73 66 70 0 0 5 0.43 M M 5.5 12 250 M M 9 18 13 250
27 77 65 71 1 0 6 0.00 M M 6.1 15 250 M M 5 18 20 240
28 77 61 69 -1 0 4 0.00 M M 5.2 16 260 M M 1 18 19 260
29 77 60 69 -1 0 4 0.00 M M 5.0 15 250 M M 1 128 20 250
30 76 62 69 -1 0 4 0.00 M M 5.6 15 250 M M 6 18 19 240
31 75 59 67 -3 0 2 0.00 M M 5.6 15 250 M M 4 128 20 260
================================================================================
SM 2391 1961 0 169 0.66 M 156.6 M 136
================================================================================
AV 77.1 63.3 5.1 FASTST M M 4 MAX(MPH)
MISC ----> # 16 240 24 260
================================================================================
NOTES:
# LAST OF SEVERAL OCCURRENCES
COLUMN 17 PEAK WIND IN M.P.H.
PRELIMINARY LOCAL CLIMATOLOGICAL DATA (WS FORM: F-6) , PAGE 2
STATION: OCEANSIDE AIRPORT CA
MONTH: JULY
YEAR: 2021
LATITUDE: 33 13 N
LONGITUDE: 117 21 W
[TEMPERATURE DATA] [PRECIPITATION DATA] SYMBOLS USED IN COLUMN 16
AVERAGE MONTHLY: 70.2 TOTAL FOR MONTH: 0.66 1 = FOG OR MIST
DPTR FM NORMAL: 0.9 DPTR FM NORMAL: 0.61 2 = FOG REDUCING VISIBILITY
HIGHEST: 82 ON 10 GRTST 24HR 0.43 ON 26-26 TO 1/4 MILE OR LESS
LOWEST: 59 ON 31 3 = THUNDER
SNOW, ICE PELLETS, HAIL 4 = ICE PELLETS
TOTAL MONTH: M 5 = HAIL
GRTST 24HR M ON M 6 = FREEZING RAIN OR DRIZZLE
GRTST DEPTH: M ON M 7 = DUSTSTORM OR SANDSTORM:
VSBY 1/2 MILE OR LESS
8 = SMOKE OR HAZE
[NO. OF DAYS WITH] [WEATHER - DAYS WITH] 9 = BLOWING SNOW
X = TORNADO
MAX 32 OR BELOW: 0 0.01 INCH OR MORE: 2
MAX 90 OR ABOVE: 0 0.10 INCH OR MORE: 2
MIN 32 OR BELOW: 0 0.50 INCH OR MORE: 0
MIN 0 OR BELOW: 0 1.00 INCH OR MORE: 0
[HDD (BASE 65) ]
TOTAL THIS MO. 0 CLEAR (SCALE 0-3) 11
DPTR FM NORMAL -2 PTCLDY (SCALE 4-7) 16
TOTAL FM JUL 1 0 CLOUDY (SCALE 8-10) 4
DPTR FM NORMAL 0
[CDD (BASE 65) ]
TOTAL THIS MO. 169
DPTR FM NORMAL 33 [PRESSURE DATA]
TOTAL FM JAN 1 221 HIGHEST SLP 30.04 ON 23
DPTR FM NORMAL 32 LOWEST SLP 29.78 ON 7
[REMARKS]
#FINAL-07-21#