000
CXUS56 KSGX 011145
CF6OKB
PRELIMINARY LOCAL CLIMATOLOGICAL DATA (WS FORM: F-6)
STATION: OCEANSIDE AIRPORT CA
MONTH: DECEMBER
YEAR: 2020
LATITUDE: 33 13 N
LONGITUDE: 117 21 W
TEMPERATURE IN F: :PCPN: SNOW: WIND :SUNSHINE: SKY :PK WND
================================================================================
1 2 3 4 5 6A 6B 7 8 9 10 11 12 13 14 15 16 17 18
12Z AVG MX 2MIN
DY MAX MIN AVG DEP HDD CDD WTR SNW DPTH SPD SPD DIR MIN PSBL S-S WX SPD DR
================================================================================
1 72 33 53 -1 12 0 0.00 0.0 0 2.6 12 250 M M 0 13 250
2 76 32 54 0 11 0 0.00 0.0 0 2.2 10 250 M M 0 12 260
3 76 29 53 -1 12 0 0.00 0.0 0 4.8 18 110 M M 0 23 110
4 73 30 52 -2 13 0 0.00 0.0 0 4.2 14 280 M M 0 8 20 290
5 71 31 51 -2 14 0 0.00 0.0 0 2.8 12 250 M M 0 1 15 240
6 71 30 51 -2 14 0 0.00 0.0 0 2.8 14 260 M M 0 18 16 250
7 68 33 51 -2 14 0 0.00 0.0 0 1.7 10 240 M M 0 1 13 250
8 85 43 64 11 1 0 0.00 0.0 0 3.4 18 90 M M 0 24 100
9 73 39 56 3 9 0 0.00 0.0 0 2.7 14 250 M M 0 17 260
10 64 35 50 -3 15 0 0.00 M M 3.4 14 230 M M 5 17 210
11 63 35 49 -4 16 0 0.00 M M 2.5 14 290 M M 0 1 18 270
12 59 38 49 -4 16 0 T M M 1.2 7 50 M M 5 18 10 50
13 69 35 52 0 13 0 0.00 M M 3.1 14 260 M M 0 12 19 290
14 65 40 53 1 12 0 0.00 M M 2.4 13 250 M M 3 1 15 250
15 71 35 53 1 12 0 0.00 M M 5.1 14 280 M M 0 1 19 300
16 69 35 52 0 13 0 0.00 M M 2.6 12 250 M M 0 15 260
17 65 34 50 -2 15 0 0.00 M M 2.8 13 250 M M 3 1 15 200
18 67 38 53 1 12 0 0.00 M M 3.0 16 250 M M 2 12 21 290
19 73 34 54 2 11 0 0.00 M M 5.0 15 280 M M 0 18 290
20 76 32 54 2 11 0 0.00 M M 2.7 12 250 M M 0 13 290
21 78 41 60 8 5 0 0.00 M M 3.0 10 240 M M 0 18 12 230
22 65 34 50 -2 15 0 0.00 M M 1.8 9 210 M M 3 12 250
23 66 40 53 1 12 0 0.00 M M 3.7 9 250 M M 3 12 10 250
24 69 41 55 3 10 0 T M M 5.2 21 40 M M 2 8 31 30
25 71 38 55 3 10 0 0.00 M M 3.4 12 240 M M 0 14 280
26 65 34 50 -2 15 0 0.00 M M 3.6 13 260 M M 3 17 250
27 62 49 56 4 9 0 T M M 3.8 12 240 M M 6 1 14 240
28 62 47 55 3 10 0 0.86 M M 6.2 22 280 M M 8 13 29 270
29 64 35 50 -2 15 0 0.00 M M 3.5 13 290 M M 1 18 18 350
30 66 31 49 -3 16 0 0.00 M M 4.1 15 290 M M 0 19 290
31 63 33 48 -4 17 0 0.00 M M 3.7 13 230 M M 2 1 18 290
================================================================================
SM 2137 1114 380 0 0.86 0.0 103.0 M 46
================================================================================
AV 68.9 35.9 3.3 FASTST M M 1 MAX(MPH)
MISC ----> 22 280 31 30
================================================================================
NOTES:
# LAST OF SEVERAL OCCURRENCES
COLUMN 17 PEAK WIND IN M.P.H.
PRELIMINARY LOCAL CLIMATOLOGICAL DATA (WS FORM: F-6) , PAGE 2
STATION: OCEANSIDE AIRPORT CA
MONTH: DECEMBER
YEAR: 2020
LATITUDE: 33 13 N
LONGITUDE: 117 21 W
[TEMPERATURE DATA] [PRECIPITATION DATA] SYMBOLS USED IN COLUMN 16
AVERAGE MONTHLY: 52.4 TOTAL FOR MONTH: 0.86 1 = FOG OR MIST
DPTR FM NORMAL: -0.2 DPTR FM NORMAL: -1.29 2 = FOG REDUCING VISIBILITY
HIGHEST: 85 ON 8 GRTST 24HR 0.86 ON 28-28 TO 1/4 MILE OR LESS
LOWEST: 29 ON 3 3 = THUNDER
SNOW, ICE PELLETS, HAIL 4 = ICE PELLETS
TOTAL MONTH: 0.0 INCH 5 = HAIL
GRTST 24HR 0.0 6 = FREEZING RAIN OR DRIZZLE
GRTST DEPTH: 0 7 = DUSTSTORM OR SANDSTORM:
VSBY 1/2 MILE OR LESS
8 = SMOKE OR HAZE
[NO. OF DAYS WITH] [WEATHER - DAYS WITH] 9 = BLOWING SNOW
X = TORNADO
MAX 32 OR BELOW: 0 0.01 INCH OR MORE: 1
MAX 90 OR ABOVE: 0 0.10 INCH OR MORE: 1
MIN 32 OR BELOW: 7 0.50 INCH OR MORE: 1
MIN 0 OR BELOW: 0 1.00 INCH OR MORE: 0
[HDD (BASE 65) ]
TOTAL THIS MO. 380 CLEAR (SCALE 0-3) 26
DPTR FM NORMAL -4 PTCLDY (SCALE 4-7) 5
TOTAL FM JUL 1 670 CLOUDY (SCALE 8-10) 0
DPTR FM NORMAL -67
[CDD (BASE 65) ]
TOTAL THIS MO. 0
DPTR FM NORMAL 0 [PRESSURE DATA]
TOTAL FM JAN 1 760 HIGHEST SLP 30.29 ON 19
DPTR FM NORMAL 341 LOWEST SLP 29.86 ON 28
[REMARKS]
#FINAL-12-20#