000
CXUS56 KSGX 011045
CF6OKB
PRELIMINARY LOCAL CLIMATOLOGICAL DATA (WS FORM: F-6)
STATION: OCEANSIDE AIRPORT CA
MONTH: OCTOBER
YEAR: 2023
LATITUDE: 33 13 N
LONGITUDE: 117 21 W
TEMPERATURE IN F: :PCPN: SNOW: WIND :SUNSHINE: SKY :PK WND
================================================================================
1 2 3 4 5 6A 6B 7 8 9 10 11 12 13 14 15 16 17 18
12Z AVG MX 2MIN
DY MAX MIN AVG DEP HDD CDD WTR SNW DPTH SPD SPD DIR MIN PSBL S-S WX SPD DR
================================================================================
1 72 53 63 -3 2 0 T M M 4.0 15 250 M M 5 19 240
2 73 50 62 -4 3 0 0.00 M M 5.8 17 290 M M 0 23 280
3 76 49 63 -3 2 0 0.00 M M 4.6 14 260 M M 0 20 220
4 82 51 67 1 0 2 0.00 M M 3.7 14 250 M M 0 17 240
5 86 51 69 3 0 4 0.00 M M 4.0 15 280 M M 0 21 180
6 78 52 65 -1 0 0 0.00 M M 3.2 13 230 M M 2 20 230
7 81 52 67 1 0 2 0.00 M M 3.7 14 240 M M 3 16 230
8 78 54 66 1 0 1 0.00 M M 4.6 14 260 M M 3 18 270
9 74 64 69 4 0 4 0.00 M M 4.2 20 260 M M 8 25 260
10 75 65 70 5 0 5 T M M 6.0 13 260 M M 6 17 250
11 75 57 66 1 0 1 0.02 M M 4.5 15 250 M M 6 19 250
12 76 53 65 0 0 0 0.00 M M 4.4 13 250 M M 3 18 230
13 74 52 63 -1 2 0 0.00 M M 3.5 12 250 M M 3 15 260
14 77 56 67 3 0 2 0.00 M M 4.1 14 260 M M 4 18 250
15 79 51 65 1 0 0 0.00 M M 4.7 14 260 M M 2 16 250
16 77 52 65 1 0 0 0.00 M M 4.0 14 230 M M 3 17 240
17 75 57 66 2 0 1 0.00 M M 3.0 12 250 M M 5 15 250
18 72 58 65 1 0 0 0.00 M M 3.8 12 240 M M 7 15 270
19 75 52 64 1 1 0 0.00 M M 3.5 14 250 M M 6 16 280
20 79 54 67 4 0 2 0.00 M M 3.8 14 250 M M 2 18 240
21 79 53 66 3 0 1 0.00 M M 4.4 17 260 M M 0 22 250
22 75 56 66 3 0 1 0.00 M M 4.5 13 260 M M 7 16 260
23 73 54 64 2 1 0 0.00 M M 4.3 14 260 M M 5 17 260
24 74 50 62 0 3 0 0.00 M M 3.7 13 240 M M 3 16 250
25 71 63 67 5 0 2 0.00 M M 4.1 10 230 M M 10 13 210
26 74 58 66 4 0 1 0.00 M M 4.2 17 280 M M 5 23 290
27 73 51 62 0 3 0 T M M 3.0 14 250 M M 3 16 250
28 72 50 61 -1 4 0 0.00 M M 4.1 14 240 M M 2 18 260
29 84 42 63 2 2 0 0.00 M M 6.5 18 40 M M 0 27 50
30 88 39 64 3 1 0 0.00 M M 3.8 17 300 M M 0 22 290
31 85 38 62 1 3 0 0.00 M M 3.4 15 270 M M 0 18 260
================================================================================
SM 2382 1637 27 29 0.02 M 129.1 M 103
================================================================================
AV 76.8 52.8 4.2 FASTST M M 3 MAX(MPH)
MISC ----> 20 260 27 50
================================================================================
NOTES:
# LAST OF SEVERAL OCCURRENCES
COLUMN 17 PEAK WIND IN M.P.H.
PRELIMINARY LOCAL CLIMATOLOGICAL DATA (WS FORM: F-6) , PAGE 2
STATION: OCEANSIDE AIRPORT CA
MONTH: OCTOBER
YEAR: 2023
LATITUDE: 33 13 N
LONGITUDE: 117 21 W
[TEMPERATURE DATA] [PRECIPITATION DATA] SYMBOLS USED IN COLUMN 16
AVERAGE MONTHLY: 64.8 TOTAL FOR MONTH: 0.02 1 = FOG OR MIST
DPTR FM NORMAL: 1.0 DPTR FM NORMAL: -0.62 2 = FOG REDUCING VISIBILITY
HIGHEST: 88 ON 30 GRTST 24HR 0.09 ON 30- 1 TO 1/4 MILE OR LESS
LOWEST: 38 ON 31 3 = THUNDER
SNOW, ICE PELLETS, HAIL 4 = ICE PELLETS
TOTAL MONTH: M 5 = HAIL
GRTST 24HR M ON M 6 = FREEZING RAIN OR DRIZZLE
GRTST DEPTH: M ON M 7 = DUSTSTORM OR SANDSTORM:
VSBY 1/2 MILE OR LESS
8 = SMOKE OR HAZE
[NO. OF DAYS WITH] [WEATHER - DAYS WITH] 9 = BLOWING SNOW
X = TORNADO
MAX 32 OR BELOW: 0 0.01 INCH OR MORE: 1
MAX 90 OR ABOVE: 0 0.10 INCH OR MORE: 0
MIN 32 OR BELOW: 0 0.50 INCH OR MORE: 0
MIN 0 OR BELOW: 0 1.00 INCH OR MORE: 0
[HDD (BASE 65) ]
TOTAL THIS MO. 27 CLEAR (SCALE 0-3) 16
DPTR FM NORMAL -48 PTCLDY (SCALE 4-7) 14
TOTAL FM JUL 1 27 CLOUDY (SCALE 8-10) 1
DPTR FM NORMAL -62
[CDD (BASE 65) ]
TOTAL THIS MO. 29
DPTR FM NORMAL -9 [PRESSURE DATA]
TOTAL FM JAN 1 570 HIGHEST SLP 30.07 ON 30
DPTR FM NORMAL 66 LOWEST SLP 29.63 ON 11
[REMARKS]
#FINAL-10-23#