000
CXUS56 KSGX 011045
CF6OKB
PRELIMINARY LOCAL CLIMATOLOGICAL DATA (WS FORM: F-6)
STATION: OCEANSIDE AIRPORT CA
MONTH: AUGUST
YEAR: 2023
LATITUDE: 33 13 N
LONGITUDE: 117 21 W
TEMPERATURE IN F: :PCPN: SNOW: WIND :SUNSHINE: SKY :PK WND
================================================================================
1 2 3 4 5 6A 6B 7 8 9 10 11 12 13 14 15 16 17 18
12Z AVG MX 2MIN
DY MAX MIN AVG DEP HDD CDD WTR SNW DPTH SPD SPD DIR MIN PSBL S-S WX SPD DR
================================================================================
1 82 67 75 5 0 10 T M M 5.2 14 250 M M 1 18 230
2 84 62 73 3 0 8 0.00 M M 4.8 15 250 M M 1 20 240
3 79 60 70 0 0 5 0.00 M M 5.0 14 250 M M 4 18 250
4 78 62 70 0 0 5 0.00 M M 4.8 15 240 M M 5 19 250
5 79 62 71 1 0 6 0.00 M M 5.1 14 260 M M 5 19 230
6 79 62 71 1 0 6 0.00 M M 4.3 13 260 M M 6 19 220
7 81 62 72 2 0 7 0.00 M M 3.9 13 250 M M 5 17 260
8 85 61 73 3 0 8 T M M 4.2 13 260 M M 0 16 250
9 81 64 73 3 0 8 T M M 4.5 14 250 M M 4 18 250
10 79 71 75 5 0 10 T M M 4.9 13 260 M M 10 17 220
11 79 68 74 4 0 9 0.00 M M 6.8 16 250 M M 9 21 270
12 79 63 71 1 0 6 0.00 M M 5.4 14 250 M M 5 20 250
13 77 65 71 1 0 6 0.00 M M 4.4 14 260 M M 9 21 250
14 77 68 73 3 0 8 0.00 M M 5.0 16 240 M M 9 22 240
15 78 67 73 3 0 8 0.00 M M 5.3 15 250 M M 7 21 250
16 81 67 74 4 0 9 0.00 M M 6.0 16 250 M M 5 3 21 250
17 77 66 72 2 0 7 0.00 M M 5.8 17 250 M M 8 22 260
18 77 64 71 1 0 6 0.00 M M 5.5 15 250 M M 6 21 260
19 77 63 70 0 0 5 0.00 M M 3.7 13 230 M M 4 16 230
20 78 67 73 3 0 8 2.25 M M 6.8 25 170 M M 8 40 170
21 79 63 71 1 0 6 T M M 4.2 14 180 M M 9 19 190
22 79 61 70 0 0 5 0.00 M M 6.4 20 260 M M 0 24 250
23 79 61 70 0 0 5 0.00 M M 4.6 15 240 M M 0 19 240
24 77 63 70 0 0 5 0.00 M M 5.4 16 250 M M 5 20 250
25 77 60 69 -1 0 4 0.00 M M 6.0 16 260 M M 4 20 260
26 78 61 70 0 0 5 0.00 M M 4.8 15 250 M M 3 19 270
27 81 59 70 0 0 5 0.00 M M 4.6 15 280 M M 0 20 280
28 85 60 73 3 0 8 0.00 M M 3.6 13 230 M M 0 17 240
29 87 62 75 5 0 10 0.00 M M 4.4 13 240 M M 0 16 260
30 82 62 72 2 0 7 0.00 M M 4.1 16 220 M M 2 21 220
31 81 68 75 5 0 10 0.00 M M 4.3 13 210 M M 7 17 210
================================================================================
SM 2472 1971 0 215 2.25 M 153.8 M 141
================================================================================
AV 79.7 63.6 5.0 FASTST M M 5 MAX(MPH)
MISC ----> 25 170 40 170
================================================================================
NOTES:
# LAST OF SEVERAL OCCURRENCES
COLUMN 17 PEAK WIND IN M.P.H.
PRELIMINARY LOCAL CLIMATOLOGICAL DATA (WS FORM: F-6) , PAGE 2
STATION: OCEANSIDE AIRPORT CA
MONTH: AUGUST
YEAR: 2023
LATITUDE: 33 13 N
LONGITUDE: 117 21 W
[TEMPERATURE DATA] [PRECIPITATION DATA] SYMBOLS USED IN COLUMN 16
AVERAGE MONTHLY: 71.7 TOTAL FOR MONTH: 2.25 1 = FOG OR MIST
DPTR FM NORMAL: 1.5 DPTR FM NORMAL: 2.21 2 = FOG REDUCING VISIBILITY
HIGHEST: 87 ON 29 GRTST 24HR 2.25 ON 20-20 TO 1/4 MILE OR LESS
LOWEST: 59 ON 27 3 = THUNDER
SNOW, ICE PELLETS, HAIL 4 = ICE PELLETS
TOTAL MONTH: M 5 = HAIL
GRTST 24HR M ON M 6 = FREEZING RAIN OR DRIZZLE
GRTST DEPTH: M ON M 7 = DUSTSTORM OR SANDSTORM:
VSBY 1/2 MILE OR LESS
8 = SMOKE OR HAZE
[NO. OF DAYS WITH] [WEATHER - DAYS WITH] 9 = BLOWING SNOW
X = TORNADO
MAX 32 OR BELOW: 0 0.01 INCH OR MORE: 1
MAX 90 OR ABOVE: 0 0.10 INCH OR MORE: 1
MIN 32 OR BELOW: 0 0.50 INCH OR MORE: 1
MIN 0 OR BELOW: 0 1.00 INCH OR MORE: 1
[HDD (BASE 65) ]
TOTAL THIS MO. 0 CLEAR (SCALE 0-3) 9
DPTR FM NORMAL -1 PTCLDY (SCALE 4-7) 15
TOTAL FM JUL 1 0 CLOUDY (SCALE 8-10) 7
DPTR FM NORMAL -2
[CDD (BASE 65) ]
TOTAL THIS MO. 215
DPTR FM NORMAL 53 [PRESSURE DATA]
TOTAL FM JAN 1 397 HIGHEST SLP 30.04 ON 7
DPTR FM NORMAL 46 LOWEST SLP 29.42 ON 20
[REMARKS]
#FINAL-08-23#