000
CXUS56 KSGX 011045
CF6OKB
PRELIMINARY LOCAL CLIMATOLOGICAL DATA (WS FORM: F-6)
STATION: OCEANSIDE AIRPORT CA
MONTH: JULY
YEAR: 2023
LATITUDE: 33 13 N
LONGITUDE: 117 21 W
TEMPERATURE IN F: :PCPN: SNOW: WIND :SUNSHINE: SKY :PK WND
================================================================================
1 2 3 4 5 6A 6B 7 8 9 10 11 12 13 14 15 16 17 18
12Z AVG MX 2MIN
DY MAX MIN AVG DEP HDD CDD WTR SNW DPTH SPD SPD DIR MIN PSBL S-S WX SPD DR
================================================================================
1 73 63 68 0 0 3 0.00 M M 4.6 14 240 M M 8 19 240
2 75 63 69 1 0 4 0.00 M M 5.4 15 240 M M 8 19 240
3 71 62 67 -1 0 2 0.00 M M 4.3 13 270 M M 10 16 250
4 74 61 68 0 0 3 0.00 M M 4.6 14 250 M M 6 17 250
5 74 59 67 -1 0 2 0.00 M M 5.5 16 250 M M 5 22 250
6 72 60 66 -2 0 1 0.00 M M 4.6 14 250 M M 6 17 250
7 73 59 66 -2 0 1 0.00 M M 5.2 13 270 M M 5 19 260
8 75 62 69 0 0 4 0.00 M M 6.1 14 250 M M 6 19 240
9 74 64 69 0 0 4 0.00 M M 5.1 14 240 M M 6 20 250
10 75 64 70 1 0 5 0.00 M M 5.2 16 240 M M 6 19 250
11 78 61 70 1 0 5 0.00 M M 4.7 14 240 M M 4 17 250
12 83 60 72 3 0 7 0.00 M M 5.5 14 260 M M 0 20 260
13 82 62 72 3 0 7 0.00 M M 5.0 14 250 M M 0 17 240
14 79 57 68 -1 0 3 0.00 M M 4.6 14 270 M M 1 19 260
15 76 63 70 1 0 5 0.00 M M 4.6 13 250 M M 4 17 260
16 78 62 70 0 0 5 0.00 M M 4.7 14 240 M M 2 19 230
17 82 65 74 4 0 9 0.00 M M 5.1 14 240 M M 2 17 250
18 81 65 73 3 0 8 0.00 M M 5.3 14 240 M M 4 19 260
19 81 63 72 2 0 7 0.00 M M 5.4 15 250 M M 0 19 240
20 80 62 71 1 0 6 0.00 M M 4.5 14 250 M M 3 17 240
21 78 61 70 0 0 5 0.00 M M 4.8 13 210 M M 5 17 210
22 78 61 70 0 0 5 0.00 M M 4.6 13 260 M M 5 17 220
23 79 66 73 3 0 8 0.00 M M 4.7 13 250 M M 7 14 250
24 78 63 71 1 0 6 0.00 M M 4.3 14 270 M M 5 18 240
25 79 64 72 2 0 7 0.00 M M 4.7 13 240 M M 6 17 240
26 81 61 71 1 0 6 0.00 M M 4.6 13 240 M M 0 16 260
27 80 61 71 1 0 6 0.00 M M 4.6 14 250 M M 4 18 240
28 79 63 71 1 0 6 0.00 M M 4.6 15 220 M M 5 19 230
29 83 63 73 3 0 8 0.00 M M 4.5 15 250 M M 1 18 240
30 85 65 75 5 0 10 0.00 M M 4.7 15 280 M M 5 18 270
31 82 64 73 3 0 8 T M M 3.5 16 260 M M 2 22 260
================================================================================
SM 2418 1929 0 166 T M 149.6 M 131
================================================================================
AV 78.0 62.2 4.8 FASTST M M 4 MAX(MPH)
MISC ----> # 16 250 # 22 250
================================================================================
NOTES:
# LAST OF SEVERAL OCCURRENCES
COLUMN 17 PEAK WIND IN M.P.H.
PRELIMINARY LOCAL CLIMATOLOGICAL DATA (WS FORM: F-6) , PAGE 2
STATION: OCEANSIDE AIRPORT CA
MONTH: JULY
YEAR: 2023
LATITUDE: 33 13 N
LONGITUDE: 117 21 W
[TEMPERATURE DATA] [PRECIPITATION DATA] SYMBOLS USED IN COLUMN 16
AVERAGE MONTHLY: 70.1 TOTAL FOR MONTH: T 1 = FOG OR MIST
DPTR FM NORMAL: 0.8 DPTR FM NORMAL: -0.05 2 = FOG REDUCING VISIBILITY
HIGHEST: 85 ON 30 GRTST 24HR T ON 31-31 TO 1/4 MILE OR LESS
LOWEST: 57 ON 14 3 = THUNDER
SNOW, ICE PELLETS, HAIL 4 = ICE PELLETS
TOTAL MONTH: M 5 = HAIL
GRTST 24HR M ON M 6 = FREEZING RAIN OR DRIZZLE
GRTST DEPTH: M ON M 7 = DUSTSTORM OR SANDSTORM:
VSBY 1/2 MILE OR LESS
8 = SMOKE OR HAZE
[NO. OF DAYS WITH] [WEATHER - DAYS WITH] 9 = BLOWING SNOW
X = TORNADO
MAX 32 OR BELOW: 0 0.01 INCH OR MORE: 0
MAX 90 OR ABOVE: 0 0.10 INCH OR MORE: 0
MIN 32 OR BELOW: 0 0.50 INCH OR MORE: 0
MIN 0 OR BELOW: 0 1.00 INCH OR MORE: 0
[HDD (BASE 65) ]
TOTAL THIS MO. 0 CLEAR (SCALE 0-3) 10
DPTR FM NORMAL -2 PTCLDY (SCALE 4-7) 20
TOTAL FM JUL 1 0 CLOUDY (SCALE 8-10) 1
DPTR FM NORMAL 0
[CDD (BASE 65) ]
TOTAL THIS MO. 166
DPTR FM NORMAL 30 [PRESSURE DATA]
TOTAL FM JAN 1 182 HIGHEST SLP 29.99 ON 24
DPTR FM NORMAL -7 LOWEST SLP 29.79 ON 22
[REMARKS]
#FINAL-07-23#