000
CXUS54 KOUN 011243
CF6OKC
PRELIMINARY LOCAL CLIMATOLOGICAL DATA (WS FORM: F-6)
STATION: OKLAHOMA CITY
MONTH: OCTOBER
YEAR: 2021
LATITUDE: 35 24 N
LONGITUDE: 97 36 W
TEMPERATURE IN F: :PCPN: SNOW: WIND :SUNSHINE: SKY :PK WND
================================================================================
1 2 3 4 5 6A 6B 7 8 9 10 11 12 13 14 15 16 17 18
12Z AVG MX 2MIN
DY MAX MIN AVG DEP HDD CDD WTR SNW DPTH SPD SPD DIR MIN PSBL S-S WX SPD DR
================================================================================
1 76 61 69 2 0 4 0.00 0.0 0 4.3 12 20 M M 7 1 14 10
2 78 62 70 3 0 5 0.57 0.0 0 5.0 16 350 M M 7 13 20 300
3 82 58 70 4 0 5 0.00 0.0 0 7.6 21 330 M M 1 1 29 330
4 86 53 70 4 0 5 0.00 0.0 0 5.0 12 90 M M 1 15 60
5 82 56 69 3 0 4 0.00 0.0 0 4.6 15 60 M M 1 19 50
6 83 57 70 5 0 5 0.00 0.0 0 5.4 14 350 M M 1 17 340
7 88 51 70 5 0 5 0.00 0.0 0 9.6 20 180 M M 3 31 190
8 94 64 79 15 0 14 0.00 0.0 0 14.7 25 200 M M 5 31 210
9 91 69 80 16 0 15 0.00 0.0 0 17.1 26 190 M M 5 35 180
10 84 57 71 7 0 6 1.35 0.0 0 17.8 46 310 M M 5 13 54 310
11 77 53 65 2 0 0 0.02 0.0 0 9.1 24 300 M M 3 1 31 290
12 76 53 65 2 0 0 T 0.0 0 17.6 33 160 M M 7 3 40 160
13 75 58 67 5 0 2 1.17 0.0 0 11.1 31 270 M M 8 13 40 270
14 75 54 65 3 0 0 1.16 0.0 0 7.8 54 300 M M 7 13 70 300
15 67 47 57 -5 8 0 T 0.0 0 16.0 29 340 M M 5 138 34 350
16 70 42 56 -5 9 0 0.00 0.0 0 5.0 12 330 M M 0 17 300
17 76 43 60 -1 5 0 0.00 0.0 0 8.8 18 220 M M 2 25 200
18 73 41 57 -3 8 0 0.00 0.0 0 11.3 23 180 M M 4 28 180
19 79 55 67 7 0 2 0.00 0.0 0 17.3 29 160 M M 2 35 160
20 73 52 63 3 2 0 0.00 0.0 0 9.5 17 320 M M 2 21 320
21 73 44 59 0 6 0 0.00 0.0 0 5.8 12 30 M M 3 16 60
22 77 52 65 6 0 0 0.11 0.0 0 8.0 16 190 M M 4 3 20 170
23 84 60 72 14 0 7 0.00 0.0 0 14.9 25 180 M M 3 31 210
24 79 51 65 7 0 0 0.00 0.0 0 13.9 29 210 M M 5 38 200
25 74 49 62 4 3 0 0.00 0.0 0 8.6 16 110 M M 3 20 100
26 77 56 67 10 0 2 0.35 0.0 0 18.4 33 260 M M 7 138 40 260
27 61 54 58 1 7 0 0.23 0.0 0 19.8 38 340 M M 9 13 58 340
28 67 51 59 3 6 0 0.00 0.0 0 29.0 46 330 M M 3 57 340
29 66 44 55 -1 10 0 0.00 0.0 0 18.8 33 340 M M 0 43 360
30 72 34 53 -3 12 0 0.00 0.0 0 3.7 12 210 M M 0 14 200
31 63 47 55 0 10 0 0.00 0.0 0 11.1 20 10 M M 1 25 10
================================================================================
SM 2378 1628 86 81 4.96 0.0 356.6 M 114
================================================================================
AV 76.7 52.5 11.5 FASTST M M 4 MAX(MPH)
MISC ----> 54 300 70 300
================================================================================
NOTES:
# LAST OF SEVERAL OCCURRENCES
COLUMN 17 PEAK WIND IN M.P.H.
PRELIMINARY LOCAL CLIMATOLOGICAL DATA (WS FORM: F-6) , PAGE 2
STATION: OKLAHOMA CITY
MONTH: OCTOBER
YEAR: 2021
LATITUDE: 35 24 N
LONGITUDE: 97 36 W
[TEMPERATURE DATA] [PRECIPITATION DATA] SYMBOLS USED IN COLUMN 16
AVERAGE MONTHLY: 64.6 TOTAL FOR MONTH: 4.96 1 = FOG OR MIST
DPTR FM NORMAL: 3.5 DPTR FM NORMAL: 1.64 2 = FOG REDUCING VISIBILITY
HIGHEST: 94 ON 8 GRTST 24HR 1.37 ON 10-11 TO 1/4 MILE OR LESS
LOWEST: 34 ON 30 3 = THUNDER
SNOW, ICE PELLETS, HAIL 4 = ICE PELLETS
TOTAL MONTH: 0.0 INCH 5 = HAIL
GRTST 24HR 0.0 6 = FREEZING RAIN OR DRIZZLE
GRTST DEPTH: 0 7 = DUSTSTORM OR SANDSTORM:
VSBY 1/2 MILE OR LESS
8 = SMOKE OR HAZE
[NO. OF DAYS WITH] [WEATHER - DAYS WITH] 9 = BLOWING SNOW
X = TORNADO
MAX 32 OR BELOW: 0 0.01 INCH OR MORE: 8
MAX 90 OR ABOVE: 2 0.10 INCH OR MORE: 7
MIN 32 OR BELOW: 0 0.50 INCH OR MORE: 4
MIN 0 OR BELOW: 0 1.00 INCH OR MORE: 3
[HDD (BASE 65) ]
TOTAL THIS MO. 86 CLEAR (SCALE 0-3) 14
DPTR FM NORMAL -91 PTCLDY (SCALE 4-7) 15
TOTAL FM JUL 1 86 CLOUDY (SCALE 8-10) 2
DPTR FM NORMAL -110
[CDD (BASE 65) ]
TOTAL THIS MO. 81
DPTR FM NORMAL 25 [PRESSURE DATA]
TOTAL FM JAN 1 1854 HIGHEST SLP 30.40 ON 16
DPTR FM NORMAL -8 LOWEST SLP 29.41 ON 10
[REMARKS]
#FINAL-10-21#