000
CXUS55 KGGW 010910
CF6OLF
PRELIMINARY LOCAL CLIMATOLOGICAL DATA (WS FORM: F-6)
STATION: WOLF POINT MT
MONTH: DECEMBER
YEAR: 2022
LATITUDE: 48 5 N
LONGITUDE: 105 35 W
TEMPERATURE IN F: :PCPN: SNOW: WIND :SUNSHINE: SKY :PK WND
================================================================================
1 2 3 4 5 6A 6B 7 8 9 10 11 12 13 14 15 16 17 18
12Z AVG MX 2MIN
DY MAX MIN AVG DEP HDD CDD WTR SNW DPTH SPD SPD DIR MIN PSBL S-S WX SPD DR
================================================================================
1 M M M M M M 0.00 M M M M M M M M M M
2 M M M M M M 0.00 M M M M M M M M M M
3 M M M M M M 0.00 M M M M M M M M M M
4 M M M M M M 0.00 M M M M M M M M M M
5 20 9 15 -5 50 0 T M M 7.7 16 60 M M 10 1 22 50
6 9 -13 -2 -22 67 0 T M M 9.6 23 340 M M 10 8 30 340
7 3 -18 -7 -27 72 0 0.00 M M 4.3 10 70 M M 2 8 12 70
8 12 -10 1 -18 64 0 0.00 M M 1.7 7 260 M M 0 8 8 260
9 17 -6 6 -13 59 0 0.00 M M 4.8 16 240 M M 1 20 230
10 19 -3 8 -11 57 0 0.00 M M 6.9 13 60 M M 0 16 240
11 22 13 18 0 47 0 0.00 M M 10.5 18 70 M M 3 18 23 70
12 22 17 20 2 45 0 T M M 10.3 21 340 M M 10 18 26 350
13 19 16 18 0 47 0 T M M 10.4 22 10 M M 10 8 29 20
14 19 12 16 -1 49 0 0.02 M M 11.1 29 340 M M 10 18 35 330
15 18 12 15 -2 50 0 T M M 15.7 26 330 M M 10 8 33 320
16 17 3 10 -7 55 0 0.00 M M 8.9 17 250 M M 4 22 260
17 15 2 9 -7 56 0 T M M 11.4 18 70 M M 10 8 24 70
18 2 -19 -8 -24 73 0 T M M 6.1 17 60 M M 8 18 23 60
19 -3 -16 -9 -25 74 0 0.02 M M 8.7 21 280 M M 8 8 28 280
20 -14 -20 -17 -33 82 0 0.04 M M 7.7 16 260 M M 9 8 20 250
21 -13 -25 -19 -35 84 0 0.01 M M 12.2 23 280 M M 8 8 30 280
22 -14 -23 -18 -33 83 0 T M M 17.2 25 280 M M 7 8 35 270
23 -9 -30 -19 -34 84 0 T M M 7.8 16 80 M M 3 20 80
24 5 -9 -2 -17 67 0 0.00 M M 11.6 18 70 M M 5 22 80
25 34 -1 17 2 48 0 0.01 M M 12.3 38 290 M M 5 18 60 300
26 24 6 15 1 50 0 0.00 M M 3.3 9 60 M M 6 12 11 50
27 34 16 25 11 40 0 T M M 4.5 13 50 M M 4 1 16 60
28 39 14 27 13 38 0 T M M 8.3 22 330 M M 8 8 26 330
29 25 5 15 1 50 0 T M M 3.8 13 260 M M 8 8 15 260
30 17 0 9 -5 56 0 0.00 M M 3.6 8 80 M M 1 18 11 80
31 23 2 13 -1 52 0 0.00 M M 4.8 13 230 M M 3 1 14 240
================================================================================
SM 362 -66 1599 0 0.10 M 225.2 M 163
================================================================================
AV 13.4 -2.4 8.3 FASTST M M 6 MAX(MPH)
MISC ----> 38 290 60 300
================================================================================
NOTES:
# LAST OF SEVERAL OCCURRENCES
COLUMN 17 PEAK WIND IN M.P.H.
PRELIMINARY LOCAL CLIMATOLOGICAL DATA (WS FORM: F-6) , PAGE 2
STATION: WOLF POINT MT
MONTH: DECEMBER
YEAR: 2022
LATITUDE: 48 5 N
LONGITUDE: 105 35 W
[TEMPERATURE DATA] [PRECIPITATION DATA] SYMBOLS USED IN COLUMN 16
AVERAGE MONTHLY: 5.5 TOTAL FOR MONTH: 0.10 1 = FOG OR MIST
DPTR FM NORMAL: -11.6 DPTR FM NORMAL: -0.05 2 = FOG REDUCING VISIBILITY
HIGHEST: 39 ON 28 GRTST 24HR 0.05 ON 20-21 TO 1/4 MILE OR LESS
LOWEST: -30 ON 23 3 = THUNDER
SNOW, ICE PELLETS, HAIL 4 = ICE PELLETS
TOTAL MONTH: M 5 = HAIL
GRTST 24HR M ON M 6 = FREEZING RAIN OR DRIZZLE
GRTST DEPTH: M ON M 7 = DUSTSTORM OR SANDSTORM:
VSBY 1/2 MILE OR LESS
8 = SMOKE OR HAZE
[NO. OF DAYS WITH] [WEATHER - DAYS WITH] 9 = BLOWING SNOW
X = TORNADO
MAX 32 OR BELOW: 24 0.01 INCH OR MORE: 5
MAX 90 OR ABOVE: 0 0.10 INCH OR MORE: 0
MIN 32 OR BELOW: 27 0.50 INCH OR MORE: 0
MIN 0 OR BELOW: 14 1.00 INCH OR MORE: 0
[HDD (BASE 65) ]
TOTAL THIS MO. 1599 CLEAR (SCALE 0-3) 8
DPTR FM NORMAL 116 PTCLDY (SCALE 4-7) 9
TOTAL FM JUL 1 3637 CLOUDY (SCALE 8-10) 14
DPTR FM NORMAL 158
[CDD (BASE 65) ]
TOTAL THIS MO. 0
DPTR FM NORMAL 0 [PRESSURE DATA]
TOTAL FM JAN 1 681 HIGHEST SLP M ON M
DPTR FM NORMAL 173 LOWEST SLP 29.18 ON 27
[REMARKS]
#FINAL-12-22#