000
CXUS55 KSEW 011456 CCA
CF6OLM
PRELIMINARY LOCAL CLIMATOLOGICAL DATA (WS FORM: F-6)
STATION: OLYMPIA WA AIRPORT
MONTH: JANUARY
YEAR: 2023
LATITUDE: 46 58 N
LONGITUDE: 122 54 W
TEMPERATURE IN F: :PCPN: SNOW: WIND :SUNSHINE: SKY :PK WND
================================================================================
1 2 3 4 5 6A 6B 7 8 9 10 11 12 13 14 15 16 17 18
12Z AVG MX 2MIN
DY MAX MIN AVG DEP HDD CDD WTR SNW DPTH SPD SPD DIR MIN PSBL S-S WX SPD DR
================================================================================
1 45 29 37 -2 28 0 0.00 M M 1.4 7 270 M M 9 12 8 120
2 38 30 34 -5 31 0 0.01 M M 2.1 6 190 M M 10 12 8 190
3 46 35 41 2 24 0 0.07 M M 3.5 10 200 M M 9 1 17 220
4 44 32 38 -1 27 0 0.06 M M 5.6 13 360 M M 6 1 19 350
5 57 34 46 7 19 0 0.06 M M 7.9 28 160 M M 6 40 170
6 48 34 41 2 24 0 0.36 M M 3.3 14 200 M M 7 1 23 190
7 46 34 40 1 25 0 0.36 M M 2.6 7 360 M M 10 12 9 20
8 49 34 42 3 23 0 0.38 M M 5.5 24 190 M M 9 12 38 190
9 53 36 45 6 20 0 0.33 M M 8.2 24 190 M M 8 12 33 210
10 51 34 43 4 22 0 0.01 M M 4.3 14 360 M M 6 12 16 10
11 58 34 46 7 19 0 0.18 M M 3.7 17 150 M M 8 12 26 140
12 51 44 48 8 17 0 0.34 M M 1.5 10 360 M M 10 1 12 10
13 52 46 49 9 16 0 0.35 M M 5.2 16 180 M M 10 12 23 180
14 54 38 46 6 19 0 0.07 M M 5.4 14 10 M M 7 12 19 190
15 47 43 45 5 20 0 0.51 M M 9.9 23 180 M M 10 1 33 170
16 49 40 45 5 20 0 T M M 8.1 16 220 M M 9 21 210
17 47 41 44 4 21 0 0.07 M M 9.9 20 190 M M 10 1 27 180
18 46 37 42 2 23 0 0.16 M M 9.9 21 190 M M 7 1 32 170
19 44 32 38 -2 27 0 T M M 2.8 10 210 M M 7 12 15 220
20 40 28 34 -6 31 0 0.00 M M 0.8 6 80 M M 9 12 7 80
21 42 29 36 -4 29 0 0.27 M M 8.6 28 180 M M 9 12 44 170
22 43 26 35 -5 30 0 0.00 M M 1.6 8 30 M M 8 12 12 360
23 48 29 39 -1 26 0 0.00 M M 1.2 8 240 M M 8 1 11 260
24 46 33 40 0 25 0 0.00 M M 4.9 13 190 M M 10 1 15 180
25 48 41 45 5 20 0 0.00 M M 3.7 9 350 M M 10 12 13 350
26 45 42 44 4 21 0 T M M 5.3 15 220 M M 10 1 20 230
27 49 40 45 5 20 0 0.01 M M 5.1 17 200 M M 10 1 23 220
28 45 35 40 0 25 0 0.10 M M 5.8 16 30 M M 8 1 24 30
29 41 20 31 -9 34 0 0.00 M M 6.9 17 20 M M 0 24 30
30 42 15 29 -11 36 0 0.00 M M 1.4 8 230 M M 0 10 240
31 41 23 32 -8 33 0 0.00 M M 2.4 8 150 M M 3 10 150
================================================================================
SM 1455 1048 755 0 3.70 M 148.5 M 243
================================================================================
AV 46.9 33.8 4.8 FASTST M M 8 MAX(MPH)
MISC ----> # 28 160 44 170
================================================================================
NOTES:
# LAST OF SEVERAL OCCURRENCES
COLUMN 17 PEAK WIND IN M.P.H.
PRELIMINARY LOCAL CLIMATOLOGICAL DATA (WS FORM: F-6) , PAGE 2
STATION: OLYMPIA WA AIRPORT
MONTH: JANUARY
YEAR: 2023
LATITUDE: 46 58 N
LONGITUDE: 122 54 W
[TEMPERATURE DATA] [PRECIPITATION DATA] SYMBOLS USED IN COLUMN 16
AVERAGE MONTHLY: 40.4 TOTAL FOR MONTH: 3.70 1 = FOG OR MIST
DPTR FM NORMAL: 0.8 DPTR FM NORMAL: -4.10 2 = FOG REDUCING VISIBILITY
HIGHEST: 58 ON 11 GRTST 24HR 0.66 ON 6-7 TO 1/4 MILE OR LESS
LOWEST: 15 ON 30 3 = THUNDER
SNOW, ICE PELLETS, HAIL 4 = ICE PELLETS
TOTAL MONTH: M 5 = HAIL
GRTST 24HR M ON M 6 = FREEZING RAIN OR DRIZZLE
GRTST DEPTH: M ON M 7 = DUSTSTORM OR SANDSTORM:
VSBY 1/2 MILE OR LESS
8 = SMOKE OR HAZE
[NO. OF DAYS WITH] [WEATHER - DAYS WITH] 9 = BLOWING SNOW
X = TORNADO
MAX 32 OR BELOW: 0 0.01 INCH OR MORE: 19
MAX 90 OR ABOVE: 0 0.10 INCH OR MORE: 11
MIN 32 OR BELOW: 11 0.50 INCH OR MORE: 1
MIN 0 OR BELOW: 0 1.00 INCH OR MORE: 0
[HDD (BASE 65) ]
TOTAL THIS MO. 755 CLEAR (SCALE 0-3) 3
DPTR FM NORMAL -32 PTCLDY (SCALE 4-7) 12
TOTAL FM JUL 1 2854 CLOUDY (SCALE 8-10) 16
DPTR FM NORMAL -175
[CDD (BASE 65) ]
TOTAL THIS MO. 0
DPTR FM NORMAL 0 [PRESSURE DATA]
TOTAL FM JAN 1 0 HIGHEST SLP 30.75 ON 25
DPTR FM NORMAL 0 LOWEST SLP 29.26 ON 14
[REMARKS]
#FINAL-01-23#