000
CXUS55 KTWC 080558
CF6OLS
PRELIMINARY LOCAL CLIMATOLOGICAL DATA (WS FORM: F-6)
STATION: NOGALES AZ AIRPORT
MONTH: JUNE
YEAR: 2022
LATITUDE: 31 25 N
LONGITUDE: 110 51 W
TEMPERATURE IN F: :PCPN: SNOW: WIND :SUNSHINE: SKY :PK WND
================================================================================
1 2 3 4 5 6A 6B 7 8 9 10 11 12 13 14 15 16 17 18
12Z AVG MX 2MIN
DY MAX MIN AVG DEP HDD CDD WTR SNW DPTH SPD SPD DIR MIN PSBL S-S WX SPD DR
================================================================================
1 95 56 76 0 0 11 0.00 M M 5.6 17 230 M M 0 28 260
2 97 56 77 1 0 12 0.00 M M 5.7 17 220 M M 0 25 220
3 97 58 78 1 0 13 0.00 M M 7.7 20 250 M M 0 30 240
4 95 60 78 1 0 13 0.00 M M 7.1 22 220 M M 0 32 200
5 95 57 76 -1 0 11 0.00 M M 6.0 18 210 M M 0 27 210
6 99 60 80 2 0 15 0.00 M M 4.4 16 240 M M 0 24 260
7 101 64 83 5 0 18 0.00 M M 5.0 15 300 M M 0 23 290
8 103 66 85 7 0 20 T M M 6.1 30 180 M M 0 3 41 170
9 102 75 89 11 0 24 T M M 6.2 17 140 M M 2 3 28 150
10 105 67 86 7 0 21 T M M 5.1 17 280 M M 1 3 26 260
11 104 69 87 8 0 22 T M M 5.3 17 160 M M 1 29 270
12 104 68 86 7 0 21 T M M 4.8 18 290 M M 0 31 320
13 100 68 84 4 0 19 0.00 M M 7.9 22 220 M M 0 36 210
14 98 71 85 5 0 20 0.00 M M 10.2 23 240 M M 0 33 220
15 101 62 82 2 0 17 0.00 M M 4.8 17 260 M M 0 24 220
16 106 63 85 5 0 20 0.00 M M 6.0 24 150 M M 0 35 140
17 93 75 84 4 0 19 T M M 4.1 24 260 M M 4 34 270
18 90 68 79 -2 0 14 0.03 M M 8.3 18 160 M M 3 3 28 180
19 94 65 80 -1 0 15 0.00 M M 8.3 20 220 M M 1 26 190
20 97 67 82 1 0 17 0.12 M M 5.1 20 200 M M 2 3 28 200
21 92 65 79 -2 0 14 0.21 M M 6.9 23 90 M M 4 13 32 80
22 98 64 81 0 0 16 0.00 M M 4.8 20 100 M M 0 29 90
23 100 68 84 3 0 19 0.03 M M 7.0 22 130 M M 3 3 36 140
24 97 65 81 0 0 16 0.05 M M 5.5 24 90 M M 3 3 33 90
25 95 68 82 0 0 17 0.00 M M 5.5 18 210 M M 4 3 24 60
26 90 72 81 -1 0 16 T M M 6.2 28 140 M M 7 3 40 140
27 92 66 79 -3 0 14 T M M 7.1 18 110 M M M 3 27 20
28 91 65 78 -4 0 13 0.44 M M 2.4 12 360 M M M 13 17 360
29 92 67 80 -2 0 15 T M M 5.0 24 310 M M M 3 37 310
30 95 68 82 0 0 17 0.63 M M 4.0 20 30 M M 3 138 31 20
================================================================================
SM 2918 1963 0 499 1.51 M 178.1 M 38
================================================================================
AV 97.3 65.4 5.9 FASTST M M 1 MAX(MPH)
MISC ----> 30 180 41 170
================================================================================
NOTES:
# LAST OF SEVERAL OCCURRENCES
COLUMN 17 PEAK WIND IN M.P.H.
PRELIMINARY LOCAL CLIMATOLOGICAL DATA (WS FORM: F-6) , PAGE 2
STATION: NOGALES AZ AIRPORT
MONTH: JUNE
YEAR: 2022
LATITUDE: 31 25 N
LONGITUDE: 110 51 W
[TEMPERATURE DATA] [PRECIPITATION DATA] SYMBOLS USED IN COLUMN 16
AVERAGE MONTHLY: 81.4 TOTAL FOR MONTH: 1.51 1 = FOG OR MIST
DPTR FM NORMAL: 1.8 DPTR FM NORMAL: 0.97 2 = FOG REDUCING VISIBILITY
HIGHEST: 106 ON 16 GRTST 24HR 0.63 ON 30-30 TO 1/4 MILE OR LESS
LOWEST: 56 ON 2, 1 3 = THUNDER
SNOW, ICE PELLETS, HAIL 4 = ICE PELLETS
TOTAL MONTH: M 5 = HAIL
GRTST 24HR M ON M 6 = FREEZING RAIN OR DRIZZLE
GRTST DEPTH: M ON M 7 = DUSTSTORM OR SANDSTORM:
VSBY 1/2 MILE OR LESS
8 = SMOKE OR HAZE
[NO. OF DAYS WITH] [WEATHER - DAYS WITH] 9 = BLOWING SNOW
X = TORNADO
MAX 32 OR BELOW: 0 0.01 INCH OR MORE: 7
MAX 90 OR ABOVE: 30 0.10 INCH OR MORE: 4
MIN 32 OR BELOW: 0 0.50 INCH OR MORE: 1
MIN 0 OR BELOW: 0 1.00 INCH OR MORE: 0
[HDD (BASE 65) ]
TOTAL THIS MO. 0 CLEAR (SCALE 0-3) 22
DPTR FM NORMAL 0 PTCLDY (SCALE 4-7) 5
TOTAL FM JUL 1 1791 CLOUDY (SCALE 8-10) 3
DPTR FM NORMAL -250
[CDD (BASE 65) ]
TOTAL THIS MO. 499
DPTR FM NORMAL 60 [PRESSURE DATA]
TOTAL FM JAN 1 802 HIGHEST SLP 30.10 ON 27
DPTR FM NORMAL 153 LOWEST SLP 29.63 ON 16
[REMARKS]
#FINAL-06-22#