000
CXUS55 KTWC 010855
CF6OLS
PRELIMINARY LOCAL CLIMATOLOGICAL DATA (WS FORM: F-6)
STATION: NOGALES AZ AIRPORT
MONTH: AUGUST
YEAR: 2021
LATITUDE: 31 25 N
LONGITUDE: 110 51 W
TEMPERATURE IN F: :PCPN: SNOW: WIND :SUNSHINE: SKY :PK WND
================================================================================
1 2 3 4 5 6A 6B 7 8 9 10 11 12 13 14 15 16 17 18
12Z AVG MX 2MIN
DY MAX MIN AVG DEP HDD CDD WTR SNW DPTH SPD SPD DIR MIN PSBL S-S WX SPD DR
================================================================================
1 91 66 79 0 0 14 0.00 M M 4.3 10 300 M M 1 16 300
2 93 67 80 1 0 15 0.00 M M 4.7 16 100 M M 1 3 25 150
3 96 66 81 2 0 16 0.00 M M 4.1 15 320 M M 0 3 24 310
4 99 65 82 3 0 17 0.00 M M 4.7 14 320 M M 0 22 320
5 97 69 83 4 0 18 0.02 M M 4.8 26 170 M M 0 3 47 160
6 94 66 80 1 0 15 0.01 M M 3.7 18 20 M M 2 3 33 100
7 93 65 79 0 0 14 0.00 M M 5.1 21 150 M M 1 3 30 160
8 92 65 79 0 0 14 0.34 M M 7.1 30 120 M M 3 13 43 130
9 85 67 76 -3 0 11 0.01 M M 2.5 16 30 M M 5 22 30
10 84 66 75 -4 0 10 0.07 M M 3.3 15 260 M M 3 13 21 260
11 86 67 77 -2 0 12 0.25 M M 3.5 17 210 M M 6 123 23 210
12 87 64 76 -3 0 11 T M M 4.1 22 230 M M 3 3 32 220
13 87 64 76 -3 0 11 0.12 M M 3.7 23 30 M M 4 13 37 10
14 86 65 76 -3 0 11 0.32 M M 3.5 14 290 M M 7 1 21 300
15 84 69 77 -2 0 12 0.01 M M 2.9 13 150 M M 5 3 18 40
16 88 65 77 -2 0 12 0.33 M M 4.3 17 200 M M M 13 26 280
17 83 64 74 -5 0 9 1.13 M M 4.5 20 310 M M 5 123 33 310
18 85 66 76 -3 0 11 T M M 7.3 16 210 M M M 22 210
19 86 64 75 -4 0 10 0.00 M M 5.7 16 200 M M M 23 190
20 88 61 75 -4 0 10 0.00 M M 4.6 14 220 M M M 19 220
21 90 59 75 -4 0 10 0.00 M M 4.3 15 180 M M M 20 180
22 93 63 78 -1 0 13 0.00 M M 3.5 14 220 M M M 19 180
23 93 62 78 -1 0 13 0.00 M M 4.2 21 90 M M 2 27 90
24 94 64 79 0 0 14 0.00 M M 4.2 21 70 M M 0 3 30 70
25 98 64 81 2 0 16 0.00 M M 3.5 12 360 M M 1 3 20 190
26 98 65 82 3 0 17 T M M 3.3 18 150 M M 0 3 27 140
27 97 66 82 3 0 17 0.06 M M 4.2 21 130 M M 1 3 29 20
28 93 68 81 2 0 16 0.21 M M 4.2 18 310 M M 1 3 39 20
29 97 66 82 3 0 17 T M M 4.4 21 150 M M 1 3 30 160
30 91 68 80 1 0 15 0.20 M M 4.2 24 50 M M 4 13 36 70
31 80 68 74 -4 0 9 0.40 M M 2.8 8 280 M M 8 1 12 290
================================================================================
SM 2808 2024 0 410 3.48 M 131.2 M 64
================================================================================
AV 90.6 65.3 4.2 FASTST M M 3 MAX(MPH)
MISC ----> 30 120 47 160
================================================================================
NOTES:
# LAST OF SEVERAL OCCURRENCES
COLUMN 17 PEAK WIND IN M.P.H.
PRELIMINARY LOCAL CLIMATOLOGICAL DATA (WS FORM: F-6) , PAGE 2
STATION: NOGALES AZ AIRPORT
MONTH: AUGUST
YEAR: 2021
LATITUDE: 31 25 N
LONGITUDE: 110 51 W
[TEMPERATURE DATA] [PRECIPITATION DATA] SYMBOLS USED IN COLUMN 16
AVERAGE MONTHLY: 77.9 TOTAL FOR MONTH: 3.48 1 = FOG OR MIST
DPTR FM NORMAL: -1.0 DPTR FM NORMAL: 0.07 2 = FOG REDUCING VISIBILITY
HIGHEST: 99 ON 4 GRTST 24HR 1.43 ON 16-17 TO 1/4 MILE OR LESS
LOWEST: 59 ON 21 3 = THUNDER
SNOW, ICE PELLETS, HAIL 4 = ICE PELLETS
TOTAL MONTH: M 5 = HAIL
GRTST 24HR M ON M 6 = FREEZING RAIN OR DRIZZLE
GRTST DEPTH: M ON M 7 = DUSTSTORM OR SANDSTORM:
VSBY 1/2 MILE OR LESS
8 = SMOKE OR HAZE
[NO. OF DAYS WITH] [WEATHER - DAYS WITH] 9 = BLOWING SNOW
X = TORNADO
MAX 32 OR BELOW: 0 0.01 INCH OR MORE: 15
MAX 90 OR ABOVE: 18 0.10 INCH OR MORE: 9
MIN 32 OR BELOW: 0 0.50 INCH OR MORE: 1
MIN 0 OR BELOW: 0 1.00 INCH OR MORE: 1
[HDD (BASE 65) ]
TOTAL THIS MO. 0 CLEAR (SCALE 0-3) 16
DPTR FM NORMAL 0 PTCLDY (SCALE 4-7) 9
TOTAL FM JUL 1 0 CLOUDY (SCALE 8-10) 6
DPTR FM NORMAL 0
[CDD (BASE 65) ]
TOTAL THIS MO. 410
DPTR FM NORMAL -21 [PRESSURE DATA]
TOTAL FM JAN 1 1666 HIGHEST SLP M ON M
DPTR FM NORMAL 106 LOWEST SLP 29.67 ON 27
[REMARKS]
#FINAL-08-21#