000
CXUS53 KARX 010900
CF6OLZ
PRELIMINARY LOCAL CLIMATOLOGICAL DATA (WS FORM: F-6)
STATION: OELWEIN IA
MONTH: APRIL
YEAR: 2021
LATITUDE: 42 40 N
LONGITUDE: 91 58 W
TEMPERATURE IN F: :PCPN: SNOW: WIND :SUNSHINE: SKY :PK WND
================================================================================
1 2 3 4 5 6A 6B 7 8 9 10 11 12 13 14 15 16 17 18
12Z AVG MX 2MIN
DY MAX MIN AVG DEP HDD CDD WTR SNW DPTH SPD SPD DIR MIN PSBL S-S WX SPD DR
================================================================================
1 43 14 29 M 36 0 0.00 0.0 0 5.7 9 320 M M 0 13 0
2 55 25 40 M 25 0 0.00 0.0 0 18.0 30 160 M M 0 38 170
3 72 36 54 M 11 0 0.00 0.0 0 8.4 15 180 M M 0 22 180
4 79 39 59 M 6 0 0.00 0.0 0 13.5 27 170 M M 1 32 170
5 77 55 66 M 0 1 0.08 0.0 0 16.2 28 180 M M 2 8 35 180
6 79 57 68 M 0 3 0.00 0.0 0 13.9 21 190 M M 4 29 210
7 75 57 66 M 0 1 0.08 0.0 0 14.7 25 160 M M 5 1 31 170
8 59 48 54 M 11 0 0.02 0.0 0 12.7 17 170 M M 10 18 24 140
9 55 46 51 M 14 0 0.12 0.0 0 12.2 22 280 M M 10 1 25 250
10 46 43 45 M 20 0 0.16 0.0 0 15.1 22 350 M M 9 1 29 350
11 55 43 49 M 16 0 0.00 0.0 0 17.0 23 330 M M 9 1 30 320
12 55 39 47 M 18 0 0.00 0.0 0 16.0 24 280 M M 4 35 260
13 48 30 39 M 26 0 0.00 0.0 0 17.9 28 250 M M 8 39 250
14 45 28 37 M 28 0 0.00 0.0 0 12.6 21 330 M M 9 27 330
15 50 37 44 M 21 0 0.00 0.0 0 11.5 18 320 M M 10 23 300
16 59 34 47 M 18 0 0.00 0.0 0 7.0 12 340 M M 6 15 30
17 59 36 48 M 17 0 0.00 0.0 0 10.3 17 20 M M 2 25 20
18 63 41 52 M 13 0 0.00 0.0 0 10.3 17 270 M M 6 25 270
19 48 25 37 M 28 0 0.00 0.0 0 15.5 23 320 M M 7 30 330
20 43 25 34 M 31 0 0.00 0.0 0 8.5 16 330 M M 5 25 300
21 46 19 33 M 32 0 0.00 0.0 0 9.5 18 310 M M 6 28 310
22 61 30 46 M 19 0 0.00 0.0 0 11.1 18 230 M M 4 25 270
23 54 43 49 M 16 0 T 0.0 0 11.4 17 190 M M 9 8 21 210
24 54 34 44 M 21 0 0.00 0.0 0 10.5 20 330 M M 5 12 27 330
25 50 25 38 M 27 0 0.05 0.0 0 11.6 24 130 M M 3 8 30 130
26 81 39 60 M 5 0 0.00 0.0 0 17.9 24 160 M M 3 36 140
27 81 57 69 M 0 4 0.00 0.0 0 12.2 17 50 M M 4 8 30 340
28 68 46 57 M 8 0 M 0.0 0 10.4 15 20 M M 4 22 30
29 73 45 59 M 6 0 0.00 0.0 0 13.5 30 320 M M 3 40 320
30 66 43 55 M 10 0 0.00 0.0 0 9.4 20 350 M M 2 25 350
================================================================================
SM 1799 1139 483 9 0.51 0.0 374.5 M 150
================================================================================
AV 60.0 38.0 12.5 FASTST M M 5 MAX(MPH)
MISC ----> # 30 160 40 320
================================================================================
NOTES:
# LAST OF SEVERAL OCCURRENCES
COLUMN 17 PEAK WIND IN M.P.H.
PRELIMINARY LOCAL CLIMATOLOGICAL DATA (WS FORM: F-6) , PAGE 2
STATION: OELWEIN IA
MONTH: APRIL
YEAR: 2021
LATITUDE: 42 40 N
LONGITUDE: 91 58 W
[TEMPERATURE DATA] [PRECIPITATION DATA] SYMBOLS USED IN COLUMN 16
AVERAGE MONTHLY: 49.0 TOTAL FOR MONTH: 0.51 1 = FOG OR MIST
DPTR FM NORMAL: 0.0 DPTR FM NORMAL: M 2 = FOG REDUCING VISIBILITY
HIGHEST: 81 ON 27,26 GRTST 24HR 0.16 ON 10-10 TO 1/4 MILE OR LESS
LOWEST: 14 ON 1 3 = THUNDER
SNOW, ICE PELLETS, HAIL 4 = ICE PELLETS
TOTAL MONTH: 0.0 INCH 5 = HAIL
GRTST 24HR 0.0 6 = FREEZING RAIN OR DRIZZLE
GRTST DEPTH: 0 7 = DUSTSTORM OR SANDSTORM:
VSBY 1/2 MILE OR LESS
8 = SMOKE OR HAZE
[NO. OF DAYS WITH] [WEATHER - DAYS WITH] 9 = BLOWING SNOW
X = TORNADO
MAX 32 OR BELOW: 0 0.01 INCH OR MORE: 6
MAX 90 OR ABOVE: 0 0.10 INCH OR MORE: 2
MIN 32 OR BELOW: 9 0.50 INCH OR MORE: 0
MIN 0 OR BELOW: 0 1.00 INCH OR MORE: 0
[HDD (BASE 65) ]
TOTAL THIS MO. 483 CLEAR (SCALE 0-3) 8
DPTR FM NORMAL M PTCLDY (SCALE 4-7) 15
TOTAL FM JUL 1 6872 CLOUDY (SCALE 8-10) 7
DPTR FM NORMAL M
[CDD (BASE 65) ]
TOTAL THIS MO. 9
DPTR FM NORMAL M [PRESSURE DATA]
TOTAL FM JAN 1 9 HIGHEST SLP M ON M
DPTR FM NORMAL M LOWEST SLP M ON M
[REMARKS]
#FINAL-04-21#