000
CXUS53 KOAX 011541
CLAOMA
CLIMATE REPORT
NATIONAL WEATHER SERVICE OMAHA/VALLEY NE
941 AM CST MON JAN 01 2024
...................................
...THE OMAHA NE CLIMATE SUMMARY FOR THE YEAR OF 2023...
CLIMATE NORMAL PERIOD 1991 TO 2020
CLIMATE RECORD PERIOD 1871 TO 2023
WEATHER OBSERVED NORMAL DEPART
VALUE DATE(S) VALUE FROM
NORMAL
................................................
TEMPERATURE (F)
HIGHEST 104 08/24
LOWEST 0 01/29
01/30
02/17
AVG. MAXIMUM 64.9 62.8 2.1
AVG. MINIMUM 42.4 42.1 0.3
MEAN 53.7 52.4 1.3
DAYS MAX >= 90 39
DAYS MAX <= 32 25
DAYS MIN <= 32 139
DAYS MIN <= 0 3
PRECIPITATION (INCHES)
TOTALS 24.98 31.86 -6.88
DAYS >= .01 92
DAYS >= .10 47
DAYS >= .50 14
DAYS >= 1.00 5
GREATEST
24 HR. TOTAL 2.35 08/01 TO 08/02
STORM TOTAL 2.34
(MM/DD(HH))
SNOWFALL (INCHES)
TOTALS 12.5 27.1 -14.6
DAYS >= TRACE 38
DAYS >= 1.0 4
GREATEST
SNOW DEPTH 4 02/16
02/17
02/18
24 HR TOTAL 4.1 02/16 TO 02/16
STORM TOTAL 4.1
(MM/DD(HH))
DEGREE DAYS
HEATING TOTAL 5420 5833 -413
COOLING TOTAL 1418 1294 124
................................................
WIND (MPH)
HIGHEST WIND SPEED/DIRECTION 51/310 DATE 07/12
HIGHEST GUST SPEED/DIRECTION 67/310 DATE 07/12
WEATHER CONDITIONS. NUMBER OF DAYS WITH
THUNDERSTORM 59 MIXED PRECIP 0
HEAVY RAIN 18 RAIN 25
LIGHT RAIN 113 FREEZING RAIN 0
LT FREEZING RAIN 4 HAIL 3
HEAVY SNOW 1 SNOW 6
LIGHT SNOW 35 SLEET 7
FOG 131 FOG W/VIS <= 1/4 MILE 11
HAZE 35
- INDICATES NEGATIVE NUMBERS.
R INDICATES RECORD WAS SET OR TIED.
MM INDICATES DATA IS MISSING.
T INDICATES TRACE AMOUNT.
&&
2023 IN OMAHA WAS WARMER AND MUCH DRIER THAN NORMAL. THE YEAR ENDED
UP 1.3 DEGREES ABOVE NORMAL FOR AVERAGE TEMPERATURE AND 6.88 INCHES
BELOW NORMAL FOR PRECIPITATION. SNOWFALL FOR THE YEAR MEASURED 12.5
INCHES AND WAS 14.6 INCHES BELOW NORMAL. THE PEAK WIND FOR THE YEAR
67 MPH ON JULY 12. THE HOTTEST DAY OF THE YEAR WAS 104 AND THE
COLDEST WAS 0. IT WAS THE 12TH WARMEST YEAR ON RECORD AND THE 6TH
LEAST SNOWIEST.
TEMPERATURES PRECIPITATION
AVG. DEPART MAX MIN TOTAL DEPART SNOW/SLEET DEPART TSTORM PEAK
DAYS WIND
JAN 26.8 2.4 50 0 1.22 0.47 2.8 -4.4 1 52
FEB 30.2 1.3 61 0 1.81 0.86 4.3 -3.5 2 43
MAR 36.6 -4.4 75 10 0.82 -0.97 1.9 -1.1 0 50
APR 52.9 0.3 88 21 3.31 0.14 T -1.0 7 57
MAY 66.8 3.2 91 34 0.17 -4.49 0.0 -0.1 5 40
JUN 75.5 1.6 96 45 2.52 -1.92 0.0 0.0 11 58
JUL 75.6 -2.5 102 55 6.30 3.55 0.0 0.0 15 67
AUG 75.7 0.8 104 55 3.55 -1.05 0.0 0.0 8 42
SEP 67.6 3.3 97 46 1.35 -1.61 0.0 0.0 7 39
OCT 55.0 0.6 92 22 1.83 -0.49 T -0.5 3 47
NOV 42.1 1.9 70 15 0.42 -1.03 1.4 -0.3 0 46
DEC 35.1 6.4 61 18 1.68 0.46 2.1 -3.7 0 45
YEAR 53.7 1.3 104 0 24.98 -6.88 12.5 -14.6 59 67
DAILY RECORDS
DATE RECORD TYPE READING PREVIOUS RECORD
JAN18 PRECIPITATION 0.52 0.40 IN 1979
FEB14 PRECIPITATION 0.98 0.62 IN 1969
APR23 MINIMUM TEMPERATURE 26 28 IN 2013
JUL1 PRECIPITATION 1.60 1.50 IN 1931
AUG22 MAX MINIMUM TEMPERATURE 80 76 IN 1975
AUG24 MAX MINIMUM TEMPERATURE 76 76 IN 2021
SEP29 MAX MINIMUM TEMPERATURE 68 67 IN 1995
SEP29 MAXIMUM TEMPERATURE 95 92 IN 1971
SEP30 MAX MINIMUM TEMPERATURE 74 72 IN 2019
SEP30 MAXIMUM TEMPERATURE 94 93 IN 1994
DEC7 MAXIMUM TEMPERATURE 61 61 IN 1918
DEC24 PRECIPITATION 0.84 0.79 IN 1875
MONTHLY TOP 20 RANKINGS
TEMPERATURE PRECIPITATION SNOWFALL
JAN -- 20TH WETTEST --
FEB -- 19TH WETTEST --
MAR -- -- --
APR -- -- --
MAY 20TH WARMEST TOP DRIEST --
JUN -- -- --
JUL -- -- --
AUG -- -- --
SEP 15TH WARMEST -- --
OCT -- -- --
NOV -- -- --
DEC 9TH WARMEST -- --
$$
DEWALD