000
CXAK56 PAFG 010955
CF6OME
PRELIMINARY LOCAL CLIMATOLOGICAL DATA (WS FORM: F-6)
STATION: NOME AK
MONTH: JULY
YEAR: 2022
LATITUDE: 64 30 N
LONGITUDE: 165 26 W
TEMPERATURE IN F: :PCPN: SNOW: WIND :SUNSHINE: SKY :PK WND
================================================================================
1 2 3 4 5 6A 6B 7 8 9 10 11 12 13 14 15 16 17 18
12Z AVG MX 2MIN
DY MAX MIN AVG DEP HDD CDD WTR SNW DPTH SPD SPD DIR MIN PSBL S-S WX SPD DR
================================================================================
1 66 55 61 9 4 0 0.05 M M 14.1 21 120 M M 9 18 27 110
2 61 53 57 5 8 0 0.01 M M 6.3 15 120 M M 10 1 19 130
3 62 53 58 5 7 0 T M M 5.2 14 120 M M 6 16 120
4 58 49 54 1 11 0 0.04 M M 5.1 16 240 M M 10 1 19 240
5 54 48 51 -2 14 0 0.04 M M 8.0 12 130 M M 10 18 15 130
6 64 51 58 5 7 0 0.03 M M 8.3 14 110 M M 10 1 17 110
7 58 53 56 3 9 0 0.02 M M 5.3 10 250 M M 10 128 12 270
8 68 46 57 4 8 0 0.00 M M 7.5 17 260 M M 3 12 20 270
9 68 47 58 5 7 0 0.00 M M 10.6 23 260 M M 0 28 260
10 66 52 59 6 6 0 0.00 M M 10.1 18 270 M M 0 22 260
11 63 54 59 6 6 0 0.01 M M 4.6 13 290 M M 8 14 290
12 61 47 54 2 11 0 0.02 M M 8.7 21 260 M M 2 25 260
13 60 50 55 3 10 0 0.00 M M 8.4 17 260 M M 3 21 260
14 66 42 54 2 11 0 0.00 M M 7.0 20 30 M M 3 1 24 30
15 67 49 58 6 7 0 0.01 M M 10.3 17 350 M M 4 22 20
16 62 42 52 0 13 0 0.00 M M 7.2 16 260 M M 0 18 290
17 55 37 46 -6 19 0 0.12 M M 12.9 38 270 M M 4 1 44 270
18 46 34 40 -12 25 0 0.42 M M 21.7 40 210 M M 9 1 48 200
19 47 37 42 -10 23 0 0.04 M M 13.7 28 270 M M 8 1 35 270
20 49 43 46 -6 19 0 1.07 M M 12.8 26 130 M M 10 1 31 130
21 52 44 48 -4 17 0 0.01 M M 7.8 20 40 M M 10 1 23 50
22 49 46 48 -4 17 0 0.50 M M 8.3 17 150 M M 10 1 20 140
23 50 46 48 -4 17 0 0.20 M M 10.2 20 140 M M 10 1 23 140
24 56 46 51 0 14 0 T M M 4.7 10 50 M M 8 1 13 40
25 54 43 49 -2 16 0 0.52 M M 14.1 28 310 M M 10 1 34 310
26 49 42 46 -5 19 0 T M M 18.6 28 260 M M 8 34 260
27 53 42 48 -3 17 0 0.00 M M 7.4 15 260 M M 7 18 260
28 59 36 48 -3 17 0 0.00 M M 5.4 14 40 M M 2 17 40
29 63 48 56 5 9 0 0.00 M M 8.9 17 30 M M 2 21 20
30 61 49 55 4 10 0 0.00 M M 8.0 13 240 M M 1 15 260
31 59 43 51 0 14 0 0.00 M M 6.1 14 110 M M 6 17 110
================================================================================
SM 1806 1427 392 0 3.11 M 287.3 M 193
================================================================================
AV 58.3 46.0 9.3 FASTST M M 6 MAX(MPH)
MISC ----> 40 210 48 200
================================================================================
NOTES:
# LAST OF SEVERAL OCCURRENCES
COLUMN 17 PEAK WIND IN M.P.H.
PRELIMINARY LOCAL CLIMATOLOGICAL DATA (WS FORM: F-6) , PAGE 2
STATION: NOME AK
MONTH: JULY
YEAR: 2022
LATITUDE: 64 30 N
LONGITUDE: 165 26 W
[TEMPERATURE DATA] [PRECIPITATION DATA] SYMBOLS USED IN COLUMN 16
AVERAGE MONTHLY: 52.1 TOTAL FOR MONTH: 3.11 1 = FOG OR MIST
DPTR FM NORMAL: 0.1 DPTR FM NORMAL: 0.76 2 = FOG REDUCING VISIBILITY
HIGHEST: 68 ON 9, 8 GRTST 24HR 1.11 ON 19-20 TO 1/4 MILE OR LESS
LOWEST: 34 ON 18 3 = THUNDER
SNOW, ICE PELLETS, HAIL 4 = ICE PELLETS
TOTAL MONTH: M 5 = HAIL
GRTST 24HR M ON M 6 = FREEZING RAIN OR DRIZZLE
GRTST DEPTH: M ON M 7 = DUSTSTORM OR SANDSTORM:
VSBY 1/2 MILE OR LESS
8 = SMOKE OR HAZE
[NO. OF DAYS WITH] [WEATHER - DAYS WITH] 9 = BLOWING SNOW
X = TORNADO
MAX 32 OR BELOW: 0 0.01 INCH OR MORE: 17
MAX 90 OR ABOVE: 0 0.10 INCH OR MORE: 6
MIN 32 OR BELOW: 0 0.50 INCH OR MORE: 3
MIN 0 OR BELOW: 0 1.00 INCH OR MORE: 1
[HDD (BASE 65) ]
TOTAL THIS MO. 392 CLEAR (SCALE 0-3) 8
DPTR FM NORMAL -13 PTCLDY (SCALE 4-7) 9
TOTAL FM JUL 1 392 CLOUDY (SCALE 8-10) 14
DPTR FM NORMAL -12
[CDD (BASE 65) ]
TOTAL THIS MO. 0
DPTR FM NORMAL -2 [PRESSURE DATA]
TOTAL FM JAN 1 0 HIGHEST SLP M ON M
DPTR FM NORMAL -3 LOWEST SLP 29.12 ON 25
[REMARKS]
#FINAL-07-22#