000
CXAK56 PAFG 011042
CF6OME
PRELIMINARY LOCAL CLIMATOLOGICAL DATA (WS FORM: F-6)
STATION: NOME AK
MONTH: JUNE
YEAR: 2020
LATITUDE: 64 30 N
LONGITUDE: 165 26 W
TEMPERATURE IN F: :PCPN: SNOW: WIND :SUNSHINE: SKY :PK WND
================================================================================
1 2 3 4 5 6A 6B 7 8 9 10 11 12 13 14 15 16 17 18
12Z AVG MX 2MIN
DY MAX MIN AVG DEP HDD CDD WTR SNW DPTH SPD SPD DIR MIN PSBL S-S WX SPD DR
================================================================================
1 64 50 57 14 8 0 T M M 4.0 12 60 M M 4 14 60
2 63 47 55 11 10 0 0.00 M M 4.7 13 90 M M 2 16 100
3 60 43 52 8 13 0 T M M 5.8 15 140 M M 2 23 150
4 48 42 45 1 20 0 T M M 6.4 12 230 M M 8 1 16 250
5 50 37 44 -1 21 0 T M M 6.5 14 280 M M 9 15 270
6 67 46 57 12 8 0 0.00 M M 9.5 18 260 M M 5 23 260
7 72 42 57 12 8 0 T M M 8.5 23 300 M M 2 29 290
8 67 44 56 10 9 0 0.00 M M 10.8 24 360 M M 0 30 360
9 55 34 45 -1 20 0 0.00 M M 8.5 21 250 M M 3 26 230
10 45 31 38 -8 27 0 0.00 M M 5.7 13 80 M M 6 1 15 80
11 46 39 43 -4 22 0 0.00 M M 6.5 12 110 M M 10 12 15 180
12 52 37 45 -2 20 0 0.00 M M 5.5 12 160 M M 5 128 19 210
13 68 41 55 8 10 0 0.00 M M 8.9 20 260 M M 1 8 23 260
14 69 53 61 13 4 0 0.00 M M 8.8 17 260 M M 1 21 40
15 69 51 60 12 5 0 T M M 6.4 14 30 M M 5 19 20
16 71 47 59 11 6 0 0.00 M M 8.3 18 330 M M 1 22 300
17 73 54 64 15 1 0 0.00 M M 8.4 17 260 M M 5 20 260
18 63 52 58 9 7 0 T M M 8.4 16 140 M M 4 19 120
19 71 50 61 12 4 0 0.06 M M 6.5 18 350 M M 3 3 22 350
20 74 50 62 13 3 0 T M M 12.0 26 40 M M 5 32 30
21 70 56 63 13 2 0 T M M 8.0 16 260 M M 6 18 270
22 62 48 55 5 10 0 0.09 M M 8.6 21 240 M M 3 1 25 250
23 56 44 50 0 15 0 0.05 M M 11.1 21 10 M M 6 25 360
24 53 37 45 -5 20 0 0.00 M M 10.1 20 360 M M 6 23 360
25 50 35 43 -8 22 0 0.00 M M 13.3 29 260 M M 4 33 270
26 48 35 42 -9 23 0 0.05 M M 14.3 24 170 M M 8 1 31 160
27 45 44 45 -6 20 0 0.55 M M 20.1 26 170 M M 9 1 36 160
28 47 43 45 -6 20 0 0.49 M M 5.8 18 160 M M 10 1 23 160
29 49 39 44 -7 21 0 0.01 M M 11.4 20 250 M M 6 24 260
30 51 38 45 -7 20 0 0.03 M M 10.7 20 110 M M 8 1 25 110
================================================================================
SM 1778 1309 399 0 1.33 M 263.5 M 147
================================================================================
AV 59.3 43.6 8.8 FASTST M M 5 MAX(MPH)
MISC ----> # 29 260 # 36 160
================================================================================
NOTES:
# LAST OF SEVERAL OCCURRENCES
COLUMN 17 PEAK WIND IN M.P.H.
PRELIMINARY LOCAL CLIMATOLOGICAL DATA (WS FORM: F-6) , PAGE 2
STATION: NOME AK
MONTH: JUNE
YEAR: 2020
LATITUDE: 64 30 N
LONGITUDE: 165 26 W
[TEMPERATURE DATA] [PRECIPITATION DATA] SYMBOLS USED IN COLUMN 16
AVERAGE MONTHLY: 51.5 TOTAL FOR MONTH: 1.33 1 = FOG OR MIST
DPTR FM NORMAL: 3.7 DPTR FM NORMAL: 0.35 2 = FOG REDUCING VISIBILITY
HIGHEST: 74 ON 20 GRTST 24HR 0.55 ON 27-27 TO 1/4 MILE OR LESS
LOWEST: 31 ON 10 3 = THUNDER
SNOW, ICE PELLETS, HAIL 4 = ICE PELLETS
TOTAL MONTH: M 5 = HAIL
GRTST 24HR M ON M 6 = FREEZING RAIN OR DRIZZLE
GRTST DEPTH: M ON M 7 = DUSTSTORM OR SANDSTORM:
VSBY 1/2 MILE OR LESS
8 = SMOKE OR HAZE
[NO. OF DAYS WITH] [WEATHER - DAYS WITH] 9 = BLOWING SNOW
X = TORNADO
MAX 32 OR BELOW: 0 0.01 INCH OR MORE: 8
MAX 90 OR ABOVE: 0 0.10 INCH OR MORE: 2
MIN 32 OR BELOW: 1 0.50 INCH OR MORE: 1
MIN 0 OR BELOW: 0 1.00 INCH OR MORE: 0
[HDD (BASE 65) ]
TOTAL THIS MO. 399 CLEAR (SCALE 0-3) 8
DPTR FM NORMAL -118 PTCLDY (SCALE 4-7) 17
TOTAL FM JUL 1 13093 CLOUDY (SCALE 8-10) 5
DPTR FM NORMAL -608
[CDD (BASE 65) ]
TOTAL THIS MO. 0
DPTR FM NORMAL -1 [PRESSURE DATA]
TOTAL FM JAN 1 0 HIGHEST SLP M ON M
DPTR FM NORMAL -1 LOWEST SLP 29.51 ON 22
[REMARKS]
#FINAL-06-20#