956
CXUS53 KLOT 010700
CF6ORD
PRELIMINARY LOCAL CLIMATOLOGICAL DATA (WS FORM: F-6)
STATION: CHICAGO-OHARE
MONTH: JUNE
YEAR: 2020
LATITUDE: 41 58 N
LONGITUDE: 87 54 W
TEMPERATURE IN F: :PCPN: SNOW: WIND :SUNSHINE: SKY :PK WND
================================================================================
1 2 3 4 5 6A 6B 7 8 9 10 11 12 13 14 15 16 17 18
12Z AVG MX 2MIN
DY MAX MIN AVG DEP HDD CDD WTR SNW DPTH SPD SPD DIR MIN PSBL S-S WX SPD DR
================================================================================
1 76 53 65 1 0 0 0.02 0.0 0 12.7 21 200 M M 6 29 200
2 94 67 81 17 0 16 0.00 0.0 0 16.0 22 240 M M 4 31 240
3 87 67 77 12 0 12 0.19 0.0 0 8.1 22 220 M M 9 1 26 260
4 88 70 79 14 0 14 T 0.0 0 7.4 14 90 M M 7 3 14 90
5 89 70 80 14 0 15 0.00 0.0 0 6.9 16 220 M M 8 25 230
6 76 59 68 2 0 3 0.00 0.0 0 10.9 17 40 M M 3 24 40
7 79 56 68 2 0 3 0.00 0.0 0 8.4 15 40 M M 5 18 40
8 90 62 76 10 0 11 0.00 0.0 0 8.3 17 90 M M 4 25 100
9 91 73 82 15 0 17 0.26 0.0 0 15.1 38 160 M M 8 1 59 180
10 84 62 73 6 0 8 0.30 0.0 0 13.0 29 220 M M 7 13 41 230
11 82 59 71 3 0 6 0.00 0.0 0 11.0 25 270 M M 2 36 270
12 75 54 65 -3 0 0 T 0.0 0 8.2 21 10 M M 3 3 27 10
13 66 52 59 -9 6 0 T 0.0 0 15.1 21 30 M M 6 28 50
14 68 53 61 -8 4 0 0.00 0.0 0 10.0 16 60 M M 2 23 60
15 73 52 63 -6 2 0 0.00 0.0 0 6.8 16 60 M M 3 22 50
16 86 57 72 3 0 7 0.00 0.0 0 6.4 16 100 M M 2 21 70
17 87 64 76 6 0 11 0.00 0.0 0 6.0 15 80 M M 3 17 110
18 90 66 78 8 0 13 0.00 0.0 0 5.1 14 100 M M 2 17 90
19 93 69 81 11 0 16 0.00 0.0 0 4.8 15 210 M M 5 22 230
20 91 71 81 11 0 16 0.19 0.0 0 9.7 24 200 M M 7 13 36 200
21 84 69 77 6 0 12 0.00 0.0 0 6.8 17 120 M M 7 23 110
22 88 67 78 7 0 13 1.55 0.0 0 7.0 17 20 M M 9 13 M M
23 78 63 71 0 0 6 T 0.0 0 11.5 16 270 M M 8 27 320
24 81 61 71 -1 0 6 0.04 0.0 0 7.0 18 310 M M 6 3 23 270
25 86 62 74 2 0 9 0.00 0.0 0 6.5 16 310 M M 4 20 310
26 81 70 76 4 0 11 1.55 0.0 0 7.7 40 330 M M 9 13 53 330
27 88 72 80 8 0 15 0.00 0.0 0 7.4 15 220 M M 7 20 240
28 85 72 79 6 0 14 0.00 0.0 0 6.2 16 100 M M 6 16 100
29 93 72 83 10 0 18 0.30 0.0 0 7.6 28 360 M M 7 13 36 350
30 91 73 82 9 0 17 T 0.0 0 6.5 17 60 M M 8 3 23 100
================================================================================
SM 2520 1917 12 289 4.40 0.0 264.1 M 167
================================================================================
AV 84.0 63.9 8.8 FASTST M M 6 MAX(MPH)
MISC ----> # 40 330 # 59 180
================================================================================
NOTES:
# LAST OF SEVERAL OCCURRENCES
COLUMN 17 PEAK WIND IN M.P.H.
PRELIMINARY LOCAL CLIMATOLOGICAL DATA (WS FORM: F-6) , PAGE 2
STATION: CHICAGO-OHARE
MONTH: JUNE
YEAR: 2020
LATITUDE: 41 58 N
LONGITUDE: 87 54 W
[TEMPERATURE DATA] [PRECIPITATION DATA] SYMBOLS USED IN COLUMN 16
AVERAGE MONTHLY: 74.0 TOTAL FOR MONTH: 4.40 1 = FOG OR MIST
DPTR FM NORMAL: 5.0 DPTR FM NORMAL: 0.95 2 = FOG REDUCING VISIBILITY
HIGHEST: 94 ON 2 GRTST 24HR 1.55 ON 26-26 TO 1/4 MILE OR LESS
LOWEST: 52 ON 15,13 3 = THUNDER
SNOW, ICE PELLETS, HAIL 4 = ICE PELLETS
TOTAL MONTH: 0.0 INCH 5 = HAIL
GRTST 24HR 0.0 6 = FREEZING RAIN OR DRIZZLE
GRTST DEPTH: 0 7 = DUSTSTORM OR SANDSTORM:
VSBY 1/2 MILE OR LESS
8 = SMOKE OR HAZE
[NO. OF DAYS WITH] [WEATHER - DAYS WITH] 9 = BLOWING SNOW
X = TORNADO
MAX 32 OR BELOW: 0 0.01 INCH OR MORE: 9
MAX 90 OR ABOVE: 8 0.10 INCH OR MORE: 7
MIN 32 OR BELOW: 0 0.50 INCH OR MORE: 2
MIN 0 OR BELOW: 0 1.00 INCH OR MORE: 2
[HDD (BASE 65) ]
TOTAL THIS MO. 12 CLEAR (SCALE 0-3) 7
DPTR FM NORMAL -36 PTCLDY (SCALE 4-7) 20
TOTAL FM JUL 1 5791 CLOUDY (SCALE 8-10) 3
DPTR FM NORMAL -549
[CDD (BASE 65) ]
TOTAL THIS MO. 289
DPTR FM NORMAL 124 [PRESSURE DATA]
TOTAL FM JAN 1 363 HIGHEST SLP M ON M
DPTR FM NORMAL 144 LOWEST SLP 29.28 ON 9
[REMARKS]
#FINAL-06-20#