653
CDUS43 KLOT 222133
CLIORD


CLIMATE REPORT
NATIONAL WEATHER SERVICE CHICAGO IL
432 PM CDT TUE MAY 22 2018


...................................

...THE CHICAGO-OHARE IL CLIMATE SUMMARY FOR MAY 22 2018...
VALID TODAY AS OF 0400 PM LOCAL TIME.

CLIMATE NORMAL PERIOD 1981 TO 2010
CLIMATE RECORD PERIOD 1871 TO 2018


WEATHER ITEM   OBSERVED TIME   RECORD YEAR NORMAL DEPARTURE LAST
                VALUE   (LST)  VALUE       VALUE  FROM      YEAR
                                                  NORMAL
..................................................................
TEMPERATURE (F)
 TODAY
  MAXIMUM         67   1129 AM  94    1925  72     -5       73
  MINIMUM         54    224 AM  36    2006  50      4       48
  AVERAGE         61                        61      0       61

PRECIPITATION (IN)
  TODAY            T             1.62 1983   0.12  -0.12     0.01
  MONTH TO DATE    7.31                      2.61   4.70     2.25
  SINCE MAR 1     11.77                      8.49   3.28    12.69
  SINCE JAN 1     17.95                     12.01   5.94    17.08

SNOWFALL (IN)
  TODAY            0.0           T    2011   0.0    0.0      0.0
                                      1917
  MONTH TO DATE    0.0                       0.0    0.0      0.0
  SINCE MAR 1      5.8                       6.8   -1.0      7.8
  SINCE JUL 1     36.1                      36.3   -0.2     26.1

DEGREE DAYS
 HEATING
  TODAY            4                         6     -2        4
  MONTH TO DATE  105                       182    -77      212
  SINCE MAR 1   1677                      1515    162     1336
  SINCE JUL 1   6135                      6249   -114     5261

 COOLING
  TODAY            0                         2     -2        0
  MONTH TO DATE   37                        24     13       18
  SINCE MAR 1     37                        34      3       30
  SINCE JAN 1     37                        34      3       30
..................................................................


WIND (MPH)
  HIGHEST WIND SPEED    14   HIGHEST WIND DIRECTION    NE (50)
  HIGHEST GUST SPEED    15   HIGHEST GUST DIRECTION    NE (50)
  AVERAGE WIND SPEED     4.7


SKY COVER
  POSSIBLE SUNSHINE  MM
  AVERAGE SKY COVER 1.0


WEATHER CONDITIONS
 THE FOLLOWING WEATHER WAS RECORDED TODAY.
  LIGHT RAIN
  FOG
  FOG W/VISIBILITY <= 1/4 MILE
  HAZE


RELATIVE HUMIDITY (PERCENT)
 HIGHEST   100          1200 AM
 LOWEST     72          1200 PM
 AVERAGE    86

..........................................................


THE CHICAGO-OHARE IL CLIMATE NORMALS FOR TOMORROW
                         NORMAL    RECORD    YEAR
 MAXIMUM TEMPERATURE (F)   72        92      1977
                                             1964
                                             1921
 MINIMUM TEMPERATURE (F)   50        37      1917


SUNRISE AND SUNSET
MAY 22 2018...........SUNRISE   525 AM CDT   SUNSET   812 PM CDT
MAY 23 2018...........SUNRISE   524 AM CDT   SUNSET   813 PM CDT


-  INDICATES NEGATIVE NUMBERS.
R  INDICATES RECORD WAS SET OR TIED.
MM INDICATES DATA IS MISSING.
T  INDICATES TRACE AMOUNT.




$$
