000
CDUS43 KLOT 092144
CLIORD


CLIMATE REPORT
NATIONAL WEATHER SERVICE CHICAGO IL
438 PM CDT MON APR 9 2018


...................................

...THE CHICAGO-OHARE IL CLIMATE SUMMARY FOR APRIL 9 2018...
VALID TODAY AS OF 0400 PM LOCAL TIME.

CLIMATE NORMAL PERIOD 1981 TO 2010
CLIMATE RECORD PERIOD 1871 TO 2018


WEATHER ITEM   OBSERVED TIME   RECORD YEAR NORMAL DEPARTURE LAST
                VALUE   (LST)  VALUE       VALUE  FROM      YEAR
                                                  NORMAL
..................................................................
TEMPERATURE (F)
 TODAY
  MAXIMUM         39    259 PM  80    1887  56    -17       77
  MINIMUM         30    109 AM  20    1989  37     -7       57
  AVERAGE         35                        46    -11       67

PRECIPITATION (IN)
  TODAY            0.13          1.49 1882   0.12   0.01     0.00
  MONTH TO DATE    0.42                      0.96  -0.54     1.54
  SINCE MAR 1      2.16                      3.46  -1.30     5.55
  SINCE JAN 1      8.34                      6.98   1.36     9.94

SNOWFALL (IN)
  TODAY            2.0 R         1.8  1961   0.1    1.9      0.0
  MONTH TO DATE    2.2                       0.7    1.5      0.0
  SINCE MAR 1      4.8                       6.3   -1.5      7.8
  SINCE JUL 1     35.1                      35.8   -0.7     26.1

DEGREE DAYS
 HEATING
  TODAY           30                        19     11        0
  MONTH TO DATE  294                       181    113      133
  SINCE MAR 1   1161                      1022    139      918
  SINCE JUL 1   5619                      5756   -137     4843

 COOLING
  TODAY            0                         0      0        2
  MONTH TO DATE    0                         0      0        2
  SINCE MAR 1      0                         1     -1        2
  SINCE JAN 1      0                         1     -1        2
..................................................................


WIND (MPH)
  HIGHEST WIND SPEED    12   HIGHEST WIND DIRECTION    NE (40)
  HIGHEST GUST SPEED    14   HIGHEST GUST DIRECTION    NE (30)
  AVERAGE WIND SPEED     8.1


SKY COVER
  POSSIBLE SUNSHINE  MM
  AVERAGE SKY COVER 1.0


WEATHER CONDITIONS
 THE FOLLOWING WEATHER WAS RECORDED TODAY.
  LIGHT SNOW
  FOG
  HAZE


RELATIVE HUMIDITY (PERCENT)
 HIGHEST    92           500 AM
 LOWEST     76           200 PM
 AVERAGE    84

..........................................................


THE CHICAGO-OHARE IL CLIMATE NORMALS FOR TOMORROW
                         NORMAL    RECORD    YEAR
 MAXIMUM TEMPERATURE (F)   57        90      1930
 MINIMUM TEMPERATURE (F)   37        18      1989


SUNRISE AND SUNSET
APRIL  9 2018.........SUNRISE   621 AM CDT   SUNSET   726 PM CDT
APRIL 10 2018.........SUNRISE   619 AM CDT   SUNSET   727 PM CDT


-  INDICATES NEGATIVE NUMBERS.
R  INDICATES RECORD WAS SET OR TIED.
MM INDICATES DATA IS MISSING.
T  INDICATES TRACE AMOUNT.




$$
