000
CDUS43 KLOT 052143
CLIORD


CLIMATE REPORT
NATIONAL WEATHER SERVICE CHICAGO IL
442 PM CDT THU APR 5 2018


...................................

...THE CHICAGO-OHARE IL CLIMATE SUMMARY FOR APRIL 5 2018...
VALID TODAY AS OF 0400 PM LOCAL TIME.

CLIMATE NORMAL PERIOD 1981 TO 2010
CLIMATE RECORD PERIOD 1871 TO 2018


WEATHER ITEM   OBSERVED TIME   RECORD YEAR NORMAL DEPARTURE LAST
                VALUE   (LST)  VALUE       VALUE  FROM      YEAR
                                                  NORMAL
..................................................................
TEMPERATURE (F)
 TODAY
  MAXIMUM         42    144 PM  85    1988  55    -13       47
  MINIMUM         23    540 AM  18    1995  35    -12       40
                                      1979
  AVERAGE         33                        45    -12       44

PRECIPITATION (IN)
  TODAY            0.00          2.58 1947   0.10  -0.10     1.04
  MONTH TO DATE    0.21                      0.52  -0.31     1.25
  SINCE MAR 1      1.95                      3.02  -1.07     5.26
  SINCE JAN 1      8.13                      6.54   1.59     9.65

SNOWFALL (IN)
  TODAY            0.0           9.4  1982   0.1   -0.1      0.0
  MONTH TO DATE    0.2                       0.5   -0.3      0.0
  SINCE MAR 1      2.8                       6.1   -3.3      7.8
  SINCE JUL 1     33.1                      35.6   -2.5     26.1

DEGREE DAYS
 HEATING
  TODAY           32                        20     12       21
  MONTH TO DATE  161                       104     57       82
  SINCE MAR 1   1028                       945     83      867
  SINCE JUL 1   5486                      5679   -193     4792

 COOLING
  TODAY            0                         0      0        0
  MONTH TO DATE    0                         0      0        0
  SINCE MAR 1      0                         1     -1        0
  SINCE JAN 1      0                         1     -1        0
..................................................................


WIND (MPH)
  HIGHEST WIND SPEED    17   HIGHEST WIND DIRECTION    SW (210)
  HIGHEST GUST SPEED    21   HIGHEST GUST DIRECTION     S (190)
  AVERAGE WIND SPEED     7.0


SKY COVER
  POSSIBLE SUNSHINE  MM
  AVERAGE SKY COVER 0.7


WEATHER CONDITIONS
 THE FOLLOWING WEATHER WAS RECORDED TODAY.
  HAZE


RELATIVE HUMIDITY (PERCENT)
 HIGHEST    60           400 AM
 LOWEST     34          1200 PM
 AVERAGE    47

..........................................................


THE CHICAGO-OHARE IL CLIMATE NORMALS FOR TOMORROW
                         NORMAL    RECORD    YEAR
 MAXIMUM TEMPERATURE (F)   55        84      1929
 MINIMUM TEMPERATURE (F)   36        15      1982


SUNRISE AND SUNSET
APRIL  5 2018.........SUNRISE   628 AM CDT   SUNSET   722 PM CDT
APRIL  6 2018.........SUNRISE   626 AM CDT   SUNSET   723 PM CDT


-  INDICATES NEGATIVE NUMBERS.
R  INDICATES RECORD WAS SET OR TIED.
MM INDICATES DATA IS MISSING.
T  INDICATES TRACE AMOUNT.




$$
