000
CDUS43 KLOT 212139
CLIORD


CLIMATE REPORT
NATIONAL WEATHER SERVICE CHICAGO IL
439 PM CDT MON MAY 21 2018


...................................

...THE CHICAGO-OHARE IL CLIMATE SUMMARY FOR MAY 21 2018...
VALID TODAY AS OF 0400 PM LOCAL TIME.

CLIMATE NORMAL PERIOD 1981 TO 2010
CLIMATE RECORD PERIOD 1871 TO 2018


WEATHER ITEM   OBSERVED TIME   RECORD YEAR NORMAL DEPARTURE LAST
                VALUE   (LST)  VALUE       VALUE  FROM      YEAR
                                                  NORMAL
..................................................................
TEMPERATURE (F)
 TODAY
  MAXIMUM         63    259 PM  92    1977  72     -9       65
                                      1934
  MINIMUM         49    613 AM  31    2002  50     -1       51
  AVERAGE         56                        61     -5       58

PRECIPITATION (IN)
  TODAY            1.95R         1.16 1974   0.13   1.82     0.05
  MONTH TO DATE    7.30                      2.49   4.81     2.24
  SINCE MAR 1     11.76                      8.37   3.39    12.68
  SINCE JAN 1     17.94                     11.89   6.05    17.07

SNOWFALL (IN)
  TODAY            0.0           T    2004   0.0    0.0      0.0
                                      1969
  MONTH TO DATE    0.0                       0.0    0.0      0.0
  SINCE MAR 1      5.8                       6.8   -1.0      7.8
  SINCE JUL 1     36.1                      36.3   -0.2     26.1

DEGREE DAYS
 HEATING
  TODAY            9                         6      3        7
  MONTH TO DATE  102                       176    -74      208
  SINCE MAR 1   1674                      1509    165     1332
  SINCE JUL 1   6132                      6243   -111     5257

 COOLING
  TODAY            0                         2     -2        0
  MONTH TO DATE   37                        22     15       18
  SINCE MAR 1     37                        32      5       30
  SINCE JAN 1     37                        32      5       30
..................................................................


WIND (MPH)
  HIGHEST WIND SPEED    18   HIGHEST WIND DIRECTION    SW (220)
  HIGHEST GUST SPEED    23   HIGHEST GUST DIRECTION    SW (220)
  AVERAGE WIND SPEED     7.4


SKY COVER
  POSSIBLE SUNSHINE  MM
  AVERAGE SKY COVER 1.0


WEATHER CONDITIONS
 THE FOLLOWING WEATHER WAS RECORDED TODAY.
  THUNDERSTORM
  HEAVY RAIN
  RAIN
  LIGHT RAIN
  FOG


RELATIVE HUMIDITY (PERCENT)
 HIGHEST    93           800 AM
 LOWEST     74           300 AM
 AVERAGE    84

..........................................................


THE CHICAGO-OHARE IL CLIMATE NORMALS FOR TOMORROW
                         NORMAL    RECORD    YEAR
 MAXIMUM TEMPERATURE (F)   72        94      1925
 MINIMUM TEMPERATURE (F)   50        36      2006


SUNRISE AND SUNSET
MAY 21 2018...........SUNRISE   526 AM CDT   SUNSET   811 PM CDT
MAY 22 2018...........SUNRISE   525 AM CDT   SUNSET   812 PM CDT


-  INDICATES NEGATIVE NUMBERS.
R  INDICATES RECORD WAS SET OR TIED.
MM INDICATES DATA IS MISSING.
T  INDICATES TRACE AMOUNT.




$$
