866
CDUS43 KLOT 162136
CLIORD


CLIMATE REPORT
NATIONAL WEATHER SERVICE CHICAGO IL
435 PM CDT WED MAY 16 2018


...................................

...THE CHICAGO-OHARE IL CLIMATE SUMMARY FOR MAY 16 2018...
VALID TODAY AS OF 0400 PM LOCAL TIME.

CLIMATE NORMAL PERIOD 1981 TO 2010
CLIMATE RECORD PERIOD 1871 TO 2018


WEATHER ITEM   OBSERVED TIME   RECORD YEAR NORMAL DEPARTURE LAST
                VALUE   (LST)  VALUE       VALUE  FROM      YEAR
                                                  NORMAL
..................................................................
TEMPERATURE (F)
 TODAY
  MAXIMUM         79    247 PM  94    1962  70      9       87
  MINIMUM         47    351 AM  33    1997  48     -1       61
  AVERAGE         63                        59      4       74

PRECIPITATION (IN)
  TODAY            0.00          1.38 1974   0.12  -0.12     0.00
  MONTH TO DATE    4.96                      1.87   3.09     1.25
  SINCE MAR 1      9.42                      7.75   1.67    11.69
  SINCE JAN 1     15.60                     11.27   4.33    16.08

SNOWFALL (IN)
  TODAY            0.0           0.0    MM   0.0    0.0      0.0
  MONTH TO DATE    0.0                       0.0    0.0      0.0
  SINCE MAR 1      5.8                       6.8   -1.0      7.8
  SINCE JUL 1     36.1                      36.3   -0.2     26.1

DEGREE DAYS
 HEATING
  TODAY            2                         7     -5        0
  MONTH TO DATE   65                       144    -79      172
  SINCE MAR 1   1637                      1477    160     1296
  SINCE JUL 1   6095                      6211   -116     5221

 COOLING
  TODAY            0                         1     -1        9
  MONTH TO DATE   37                        14     23       10
  SINCE MAR 1     37                        24     13       22
  SINCE JAN 1     37                        24     13       22
..................................................................


WIND (MPH)
  HIGHEST WIND SPEED    15   HIGHEST WIND DIRECTION    NE (60)
  HIGHEST GUST SPEED    18   HIGHEST GUST DIRECTION     E (70)
  AVERAGE WIND SPEED     5.7


SKY COVER
  POSSIBLE SUNSHINE  MM
  AVERAGE SKY COVER 0.2


WEATHER CONDITIONS
 THE FOLLOWING WEATHER WAS RECORDED TODAY.
  NO SIGNIFICANT WEATHER WAS OBSERVED.


RELATIVE HUMIDITY (PERCENT)
 HIGHEST    76           400 AM
 LOWEST     32           200 PM
 AVERAGE    54

..........................................................


THE CHICAGO-OHARE IL CLIMATE NORMALS FOR TOMORROW
                         NORMAL    RECORD    YEAR
 MAXIMUM TEMPERATURE (F)   70        94      1962
 MINIMUM TEMPERATURE (F)   49        36      2002
                                             1973


SUNRISE AND SUNSET
MAY 16 2018...........SUNRISE   530 AM CDT   SUNSET   806 PM CDT
MAY 17 2018...........SUNRISE   529 AM CDT   SUNSET   807 PM CDT


-  INDICATES NEGATIVE NUMBERS.
R  INDICATES RECORD WAS SET OR TIED.
MM INDICATES DATA IS MISSING.
T  INDICATES TRACE AMOUNT.




$$
