000
CXUS51 KAKQ 010710
CF6ORF
PRELIMINARY LOCAL CLIMATOLOGICAL DATA (WS FORM: F-6)
STATION: NORFOLK VA
MONTH: APRIL
YEAR: 2022
LATITUDE: 36 54 N
LONGITUDE: 76 12 W
TEMPERATURE IN F: :PCPN: SNOW: WIND :SUNSHINE: SKY :PK WND
================================================================================
1 2 3 4 5 6A 6B 7 8 9 10 11 12 13 14 15 16 17 18
12Z AVG MX 2MIN
DY MAX MIN AVG DEP HDD CDD WTR SNW DPTH SPD SPD DIR MIN PSBL S-S WX SPD DR
================================================================================
1 68 48 58 3 7 0 0.00 0.0 0 11.8 21 230 M M 1 31 220
2 52 44 48 -8 17 0 0.00 0.0 0 10.3 17 360 M M 0 24 360
3 68 47 58 2 7 0 0.00 0.0 0 9.6 22 350 M M 2 29 360
4 55 44 50 -6 15 0 0.00 0.0 0 9.5 18 350 M M 0 27 350
5 73 50 62 5 3 0 0.13 0.0 0 9.8 23 160 M M 6 1 30 160
6 71 50 61 4 4 0 0.03 0.0 0 11.5 18 80 M M 5 1 27 170
7 82 50 66 9 0 1 0.86 T 0 9.7 20 290 M M 8 135 34 290
8 60 46 53 -5 12 0 0.09 0.0 0 5.4 14 40 M M 3 17 40
9 59 47 53 -5 12 0 T 0.0 0 8.4 16 240 M M 7 22 240
10 59 43 51 -7 14 0 0.00 0.0 0 6.8 16 330 M M 2 28 270
11 64 41 53 -6 12 0 0.00 0.0 0 8.3 17 210 M M 0 24 210
12 78 61 70 11 0 5 T 0.0 0 9.4 20 240 M M 4 29 230
13 85 62 74 15 0 9 0.00 0.0 0 13.6 25 210 M M 2 32 220
14 83 57 70 10 0 5 0.41 0.0 0 19.4 29 220 M M 3 13 37 220
15 66 49 58 -2 7 0 T 0.0 0 9.0 16 120 M M 3 20 150
16 75 47 61 1 4 0 0.00 0.0 0 10.8 25 210 M M 1 32 220
17 66 49 58 -3 7 0 0.00 0.0 0 14.2 22 10 M M 6 28 80
18 62 45 54 -7 11 0 0.85 0.0 0 14.1 23 80 M M 8 1 32 80
19 55 43 49 -12 16 0 T 0.0 0 8.2 14 290 M M 3 30 280
20 59 45 52 -10 13 0 0.00 0.0 0 6.9 14 130 M M 0 8 18 130
21 71 42 57 -5 8 0 0.00 0.0 0 7.3 16 200 M M 1 20 200
22 71 55 63 1 2 0 0.00 0.0 0 7.2 14 10 M M 2 17 200
23 74 51 63 1 2 0 0.00 0.0 0 7.0 16 150 M M 0 22 140
24 86 60 73 10 0 8 0.00 0.0 0 10.3 20 240 M M 0 27 230
25 82 61 72 9 0 7 0.00 0.0 0 9.4 16 140 M M 0 22 140
26 88 60 74 11 0 9 0.15 0.0 0 12.3 24 360 M M 4 13 38 350
27 65 52 59 -5 6 0 0.00 0.0 0 8.9 23 30 M M 2 8 31 360
28 58 44 51 -13 14 0 0.00 0.0 0 10.6 23 30 M M 0 27 40
29 66 43 55 -9 10 0 0.00 0.0 0 6.6 20 30 M M 0 23 30
30 63 45 54 -10 11 0 0.00 0.0 0 5.4 14 40 M M 3 17 120
================================================================================
SM 2064 1481 214 44 2.52 T 291.7 M 76
================================================================================
AV 68.8 49.4 9.7 FASTST M M 3 MAX(MPH)
MISC ----> 29 220 38 350
================================================================================
NOTES:
# LAST OF SEVERAL OCCURRENCES
COLUMN 17 PEAK WIND IN M.P.H.
PRELIMINARY LOCAL CLIMATOLOGICAL DATA (WS FORM: F-6) , PAGE 2
STATION: NORFOLK VA
MONTH: APRIL
YEAR: 2022
LATITUDE: 36 54 N
LONGITUDE: 76 12 W
[TEMPERATURE DATA] [PRECIPITATION DATA] SYMBOLS USED IN COLUMN 16
AVERAGE MONTHLY: 59.1 TOTAL FOR MONTH: 2.52 1 = FOG OR MIST
DPTR FM NORMAL: -1.0 DPTR FM NORMAL: -0.85 2 = FOG REDUCING VISIBILITY
HIGHEST: 88 ON 26 GRTST 24HR 0.86 ON 7- 7 TO 1/4 MILE OR LESS
LOWEST: 41 ON 11 3 = THUNDER
SNOW, ICE PELLETS, HAIL 4 = ICE PELLETS
TOTAL MONTH: T 5 = HAIL
GRTST 24HR T ON 7- 7 6 = FREEZING RAIN OR DRIZZLE
GRTST DEPTH: 0 7 = DUSTSTORM OR SANDSTORM:
VSBY 1/2 MILE OR LESS
8 = SMOKE OR HAZE
[NO. OF DAYS WITH] [WEATHER - DAYS WITH] 9 = BLOWING SNOW
X = TORNADO
MAX 32 OR BELOW: 0 0.01 INCH OR MORE: 7
MAX 90 OR ABOVE: 0 0.10 INCH OR MORE: 5
MIN 32 OR BELOW: 0 0.50 INCH OR MORE: 2
MIN 0 OR BELOW: 0 1.00 INCH OR MORE: 0
[HDD (BASE 65) ]
TOTAL THIS MO. 214 CLEAR (SCALE 0-3) 20
DPTR FM NORMAL 13 PTCLDY (SCALE 4-7) 10
TOTAL FM JUL 1 2893 CLOUDY (SCALE 8-10) 0
DPTR FM NORMAL -122
[CDD (BASE 65) ]
TOTAL THIS MO. 44
DPTR FM NORMAL -8 [PRESSURE DATA]
TOTAL FM JAN 1 68 HIGHEST SLP M ON M
DPTR FM NORMAL 5 LOWEST SLP 29.42 ON 7
[REMARKS]
#FINAL-04-22#