000
CXUS52 KMLB 010629
CF6ORL
PRELIMINARY LOCAL CLIMATOLOGICAL DATA (WS FORM: F-6)
STATION: ORLANDO EXEC
MONTH: MARCH
YEAR: 2022
LATITUDE: 28 32 N
LONGITUDE: 81 20 W
TEMPERATURE IN F: :PCPN: SNOW: WIND :SUNSHINE: SKY :PK WND
================================================================================
1 2 3 4 5 6A 6B 7 8 9 10 11 12 13 14 15 16 17 18
12Z AVG MX 2MIN
DY MAX MIN AVG DEP HDD CDD WTR SNW DPTH SPD SPD DIR MIN PSBL S-S WX SPD DR
================================================================================
1 77 60 69 3 0 4 0.00 0.0 0 7.8 14 30 M M 6 8 19 40
2 82 56 69 3 0 4 0.00 0.0 0 4.8 15 70 M M 0 17 80
3 85 59 72 5 0 7 0.00 0.0 0 2.8 13 90 M M 1 16 80
4 86 61 74 7 0 9 0.00 0.0 0 5.1 17 80 M M 0 21 70
5 86 61 74 7 0 9 0.00 0.0 0 9.3 22 100 M M 1 29 130
6 87 62 75 8 0 10 0.00 0.0 0 9.1 22 110 M M 1 30 120
7 89 65 77 10 0 12 1.65 0.0 0 8.1 20 130 M M 4 13 24 150
8 89 71 80 13 0 15 0.26 0.0 0 7.2 20 130 M M 9 13 22 130
9 84 70 77 10 0 12 0.81 0.0 0 9.0 29 240 M M 7 3 36 240
10 83 67 75 7 0 10 0.64 0.0 0 5.2 23 20 M M 6 13 28 20
11 87 67 77 9 0 12 0.03 0.0 0 6.4 16 210 M M 2 1 20 210
12 78 47 63 -5 2 0 0.40 0.0 0 16.5 30 280 M M 4 13 42 290
13 67 41 54 -14 11 0 0.00 0.0 0 11.3 20 360 M M 2 26 360
14 78 54 66 -2 0 1 0.00 0.0 0 9.5 21 90 M M 3 26 80
15 82 65 74 6 0 9 0.35 0.0 0 12.3 22 130 M M 4 13 27 120
16 85 66 76 8 0 11 0.34 0.0 0 6.9 18 320 M M 6 13 23 300
17 83 66 75 7 0 10 0.00 0.0 0 5.7 14 250 M M 2 1 18 260
18 92 62 77 8 0 12 0.00 0.0 0 7.0 20 170 M M 2 3 26 170
19 89 68 79 10 0 14 0.00 0.0 0 9.1 18 180 M M 2 27 200
20 80 61 71 2 0 6 0.00 0.0 0 7.5 14 90 M M 2 19 340
21 81 59 70 1 0 5 0.00 0.0 0 9.4 21 70 M M 1 26 70
22 85 60 73 4 0 8 0.00 0.0 0 11.2 22 120 M M 2 27 120
23 88 68 78 9 0 13 0.06 0.0 0 9.9 24 160 M M 5 30 170
24 81 65 73 4 0 8 0.62 0.0 0 8.8 24 290 M M 7 138 34 290
25 79 63 71 1 0 6 T 0.0 0 11.4 23 270 M M 4 29 310
26 81 58 70 0 0 5 0.00 0.0 0 12.2 22 280 M M 0 27 270
27 81 59 70 0 0 5 0.00 0.0 0 10.6 20 280 M M 0 27 280
28 87 62 75 5 0 10 0.00 0.0 0 9.7 17 290 M M 0 8 22 270
29 88 62 75 5 0 10 0.00 0.0 0 5.9 16 80 M M 0 20 80
30 88 62 75 5 0 10 0.00 0.0 0 11.6 24 130 M M 1 1 30 140
31 89 70 80 10 0 15 0.11 0.0 0 13.2 25 200 M M 4 13 32 200
================================================================================
SM 2597 1917 13 262 5.27 0.0 274.5 M 88
================================================================================
AV 83.8 61.8 8.9 FASTST M M 3 MAX(MPH)
MISC ----> 30 280 42 290
================================================================================
NOTES:
# LAST OF SEVERAL OCCURRENCES
COLUMN 17 PEAK WIND IN M.P.H.
PRELIMINARY LOCAL CLIMATOLOGICAL DATA (WS FORM: F-6) , PAGE 2
STATION: ORLANDO EXEC
MONTH: MARCH
YEAR: 2022
LATITUDE: 28 32 N
LONGITUDE: 81 20 W
[TEMPERATURE DATA] [PRECIPITATION DATA] SYMBOLS USED IN COLUMN 16
AVERAGE MONTHLY: 72.8 TOTAL FOR MONTH: 5.27 1 = FOG OR MIST
DPTR FM NORMAL: 4.5 DPTR FM NORMAL: 2.53 2 = FOG REDUCING VISIBILITY
HIGHEST: 92 ON 18 GRTST 24HR 1.90 ON 7- 8 TO 1/4 MILE OR LESS
LOWEST: 41 ON 13 3 = THUNDER
SNOW, ICE PELLETS, HAIL 4 = ICE PELLETS
TOTAL MONTH: 0.0 INCH 5 = HAIL
GRTST 24HR 0.0 6 = FREEZING RAIN OR DRIZZLE
GRTST DEPTH: 0 7 = DUSTSTORM OR SANDSTORM:
VSBY 1/2 MILE OR LESS
8 = SMOKE OR HAZE
[NO. OF DAYS WITH] [WEATHER - DAYS WITH] 9 = BLOWING SNOW
X = TORNADO
MAX 32 OR BELOW: 0 0.01 INCH OR MORE: 11
MAX 90 OR ABOVE: 1 0.10 INCH OR MORE: 9
MIN 32 OR BELOW: 0 0.50 INCH OR MORE: 4
MIN 0 OR BELOW: 0 1.00 INCH OR MORE: 1
[HDD (BASE 65) ]
TOTAL THIS MO. 13 CLEAR (SCALE 0-3) 19
DPTR FM NORMAL -29 PTCLDY (SCALE 4-7) 11
TOTAL FM JUL 1 252 CLOUDY (SCALE 8-10) 1
DPTR FM NORMAL -210
[CDD (BASE 65) ]
TOTAL THIS MO. 262
DPTR FM NORMAL 117 [PRESSURE DATA]
TOTAL FM JAN 1 447 HIGHEST SLP M ON M
DPTR FM NORMAL 171 LOWEST SLP 29.79 ON 12
[REMARKS]
#FINAL-03-22#