000
CXUS53 KARX 240648
CF6OVS
PRELIMINARY LOCAL CLIMATOLOGICAL DATA (WS FORM: F-6)
STATION: BOSCOBEL_(ASOS) WI
MONTH: JULY
YEAR: 2022
LATITUDE: 43 9 N
LONGITUDE: 90 41 W
TEMPERATURE IN F: :PCPN: SNOW: WIND :SUNSHINE: SKY :PK WND
================================================================================
1 2 3 4 5 6A 6B 7 8 9 10 11 12 13 14 15 16 17 18
12Z AVG MX 2MIN
DY MAX MIN AVG DEP HDD CDD WTR SNW DPTH SPD SPD DIR MIN PSBL S-S WX SPD DR
================================================================================
1 82 57 70 -2 0 5 0.00 0.0 0 3.3 14 310 M M 0 20 320
2 87 51 69 -3 0 4 0.37 0.0 0 1.8 22 330 M M 4 123 30 330
3 88 62 75 3 0 10 0.00 0.0 0 3.4 10 180 M M 4 12 19 210
4 83 60 72 0 0 7 1.33 0.0 0 2.0 21 240 M M 5 123 33 220
5 92 70 81 9 0 16 0.80 0.0 0 3.2 16 110 M M 9 123 28 120
6 86 69 78 5 0 13 0.00 0.0 0 3.1 21 320 M M 4 1 32 310
7 87 66 77 4 0 12 0.00 0.0 0 1.5 9 120 M M 3 1 17 60
8 84 62 73 0 0 8 0.10 0.0 0 4.5 10 60 M M 4 1 20 40
9 83 58 71 -2 0 6 0.00 0.0 0 2.2 8 90 M M 1 14 340
10 83 57 70 -3 0 5 0.00 0.0 0 3.4 13 210 M M 4 123 21 170
11 88 71 80 7 0 15 0.01 0.0 0 7.0 22 280 M M 2 31 280
12 86 61 74 1 0 9 T 0.0 0 6.6 17 330 M M 1 31 330
13 83 59 71 -2 0 6 T 0.0 0 2.7 10 30 M M 3 1 14 30
14 83 56 70 -3 0 5 T 0.0 0 2.7 12 120 M M 2 12 17 120
15 80 65 73 0 0 8 0.66 0.0 0 3.7 16 200 M M 8 13 29 220
16 80 64 72 -1 0 7 0.00 0.0 0 2.8 9 70 M M 6 12 14 50
17 86 62 74 1 0 9 0.00 0.0 0 2.0 8 20 M M 3 12 15 100
18 90 62 76 3 0 11 0.00 0.0 0 3.5 12 280 M M 3 12 17 290
19 89 65 77 4 0 12 0.00 0.0 0 6.6 16 200 M M 2 1 30 200
20 86 64 75 2 0 10 0.00 0.0 0 7.9 20 270 M M 3 29 300
21 91 60 76 3 0 11 0.01 0.0 0 5.2 17 290 M M 1 13 25 280
22 88 58 73 0 0 8 0.00 0.0 0 3.8 14 220 M M 1 23 230
23 91 65 78 5 0 13 0.58 0.0 0 2.0 17 350 M M 2 13 29 350
24 82 58 70 -3 0 5 0.79 0.0 0 5.8 22 220 M M 5 13 34 230
25 78 53 66 -7 0 1 0.00 0.0 0 1.8 10 270 M M 1 12 15 250
26 82 57 70 -3 0 5 0.00 0.0 0 1.5 8 210 M M 4 1 15 250
27 82 62 72 -1 0 7 0.34 0.0 0 4.9 16 300 M M 4 1 22 310
28 77 58 68 -5 0 3 0.03 0.0 0 7.1 17 300 M M 2 1 25 260
29 79 54 67 -6 0 2 0.00 0.0 0 3.8 14 280 M M 1 19 290
30 81 53 67 -6 0 2 0.00 0.0 0 1.9 9 250 M M 3 12 16 210
31 83 56 70 -3 0 5 T 0.0 0 4.6 14 220 M M 6 123 25 190
================================================================================
SM 2620 1875 0 240 5.02 0.0 116.3 M 101
================================================================================
AV 84.5 60.5 3.8 FASTST M M 3 MAX(MPH)
MISC ----> # 22 280 34 230
================================================================================
NOTES:
# LAST OF SEVERAL OCCURRENCES
COLUMN 17 PEAK WIND IN M.P.H.
PRELIMINARY LOCAL CLIMATOLOGICAL DATA (WS FORM: F-6) , PAGE 2
STATION: BOSCOBEL_(ASOS) WI
MONTH: JULY
YEAR: 2022
LATITUDE: 43 9 N
LONGITUDE: 90 41 W
[TEMPERATURE DATA] [PRECIPITATION DATA] SYMBOLS USED IN COLUMN 16
AVERAGE MONTHLY: 72.5 TOTAL FOR MONTH: 5.02 1 = FOG OR MIST
DPTR FM NORMAL: -0.3 DPTR FM NORMAL: 1.18 2 = FOG REDUCING VISIBILITY
HIGHEST: 92 ON 5 GRTST 24HR 1.37 ON 23-24 TO 1/4 MILE OR LESS
LOWEST: 51 ON 2 3 = THUNDER
SNOW, ICE PELLETS, HAIL 4 = ICE PELLETS
TOTAL MONTH: 0.0 INCH 5 = HAIL
GRTST 24HR 0.0 6 = FREEZING RAIN OR DRIZZLE
GRTST DEPTH: 0 7 = DUSTSTORM OR SANDSTORM:
VSBY 1/2 MILE OR LESS
8 = SMOKE OR HAZE
[NO. OF DAYS WITH] [WEATHER - DAYS WITH] 9 = BLOWING SNOW
X = TORNADO
MAX 32 OR BELOW: 0 0.01 INCH OR MORE: 11
MAX 90 OR ABOVE: 4 0.10 INCH OR MORE: 8
MIN 32 OR BELOW: 0 0.50 INCH OR MORE: 5
MIN 0 OR BELOW: 0 1.00 INCH OR MORE: 1
[HDD (BASE 65) ]
TOTAL THIS MO. 0 CLEAR (SCALE 0-3) 15
DPTR FM NORMAL -6 PTCLDY (SCALE 4-7) 15
TOTAL FM JUL 1 0 CLOUDY (SCALE 8-10) 1
DPTR FM NORMAL 0
[CDD (BASE 65) ]
TOTAL THIS MO. 240
DPTR FM NORMAL -8 [PRESSURE DATA]
TOTAL FM JAN 1 504 HIGHEST SLP 30.25 ON 9
DPTR FM NORMAL 52 LOWEST SLP 29.56 ON 20
[REMARKS]
#FINAL-07-22#