000
CXUS53 KARX 010900
CF6OVS
PRELIMINARY LOCAL CLIMATOLOGICAL DATA (WS FORM: F-6)
STATION: BOSCOBEL_(ASOS) WI
MONTH: MARCH
YEAR: 2022
LATITUDE: 43 9 N
LONGITUDE: 90 41 W
TEMPERATURE IN F: :PCPN: SNOW: WIND :SUNSHINE: SKY :PK WND
================================================================================
1 2 3 4 5 6A 6B 7 8 9 10 11 12 13 14 15 16 17 18
12Z AVG MX 2MIN
DY MAX MIN AVG DEP HDD CDD WTR SNW DPTH SPD SPD DIR MIN PSBL S-S WX SPD DR
================================================================================
1 52 32 42 13 23 0 0.00 0.0 M 2.7 13 320 M M 8 8 16 320
2 54 27 41 11 24 0 0.01 0.0 M 4.4 15 340 M M 7 1 22 330
3 37 24 31 1 34 0 0.00 0.0 M 3.0 9 20 M M 0 18 50
4 44 25 35 4 30 0 0.00 M M 5.4 15 100 M M 2 26 120
5 54 36 45 14 20 0 0.95 M M 4.5 23 210 M M 8 1238 37 270
6 54 32 43 11 22 0 T M M 11.0 28 240 M M 10 46 250
7 32 9 21 -11 44 0 0.23 M M 6.3 16 330 M M 8 18 24 310
8 38 3 21 -12 44 0 T M M 5.7 16 210 M M 1 18 24 200
9 31 19 25 -8 40 0 T M M 7.2 16 300 M M 5 24 280
10 25 14 20 -14 45 0 0.00 M M 4.5 9 220 M M 2 15 300
11 25 11 18 -16 47 0 T M M 11.2 24 320 M M 1 36 260
12 24 4 14 -20 51 0 M M M 8.6 16 210 M M 2 25 210
13 53 17 35 0 30 0 T M M 5.8 15 200 M M 2 8 24 210
14 57 30 44 9 21 0 0.00 M M 3.1 10 60 M M 1 19 50
15 58 25 42 6 23 0 0.00 M M 1.5 9 290 M M 0 18 16 220
16 70 25 48 12 17 0 0.00 M M 5.0 21 220 M M 0 18 33 210
17 61 39 50 14 15 0 T 0.0 0 2.0 10 330 M M 6 15 350
18 46 34 40 3 25 0 1.00 M 0 6.0 13 40 M M 10 1 22 20
19 52 29 41 4 24 0 T M M 5.5 16 300 M M 5 22 290
20 65 24 45 7 20 0 0.00 0.0 0 2.1 14 310 M M 0 18 19 300
21 77 38 58 20 7 0 0.00 0.0 0 5.8 18 200 M M 1 8 29 200
22 51 43 47 8 18 0 0.95 0.0 0 6.1 12 110 M M 8 1 22 70
23 48 38 43 4 22 0 0.36 M M 6.1 14 350 M M 10 1 22 360
24 41 37 39 0 26 0 0.02 M M 3.4 9 20 M M 10 1 14 360
25 44 34 39 -1 26 0 T M M 10.5 26 280 M M 10 42 300
26 36 24 30 -10 35 0 0.00 0.0 M 11.8 23 340 M M 6 35 340
27 36 19 28 -13 37 0 0.00 0.0 M 6.6 15 330 M M 0 22 340
28 42 13 28 -13 37 0 0.00 M M 3.1 10 80 M M 0 8 16 90
29 44 31 38 -3 27 0 0.16 0.0 0 8.5 21 100 M M 10 3 37 110
30 49 36 43 1 22 0 0.18 0.0 0 5.7 14 360 M M 10 138 22 10
31 38 28 33 -9 32 0 0.03 M M 8.8 16 320 M M 10 168 27 360
================================================================================
SM 1438 800 888 0 3.89 0.0 181.9 M 153
================================================================================
AV 46.4 25.8 5.9 FASTST M M 5 MAX(MPH)
MISC ----> 28 240 46 250
================================================================================
NOTES:
# LAST OF SEVERAL OCCURRENCES
COLUMN 17 PEAK WIND IN M.P.H.
PRELIMINARY LOCAL CLIMATOLOGICAL DATA (WS FORM: F-6) , PAGE 2
STATION: BOSCOBEL_(ASOS) WI
MONTH: MARCH
YEAR: 2022
LATITUDE: 43 9 N
LONGITUDE: 90 41 W
[TEMPERATURE DATA] [PRECIPITATION DATA] SYMBOLS USED IN COLUMN 16
AVERAGE MONTHLY: 36.1 TOTAL FOR MONTH: 3.89 1 = FOG OR MIST
DPTR FM NORMAL: 0.1 DPTR FM NORMAL: 1.98 2 = FOG REDUCING VISIBILITY
HIGHEST: 77 ON 21 GRTST 24HR 1.22 ON 22-23 TO 1/4 MILE OR LESS
LOWEST: 3 ON 8 3 = THUNDER
SNOW, ICE PELLETS, HAIL 4 = ICE PELLETS
TOTAL MONTH: 0.0 INCH 5 = HAIL
GRTST 24HR 0.0 6 = FREEZING RAIN OR DRIZZLE
GRTST DEPTH: 0 7 = DUSTSTORM OR SANDSTORM:
VSBY 1/2 MILE OR LESS
8 = SMOKE OR HAZE
[NO. OF DAYS WITH] [WEATHER - DAYS WITH] 9 = BLOWING SNOW
X = TORNADO
MAX 32 OR BELOW: 5 0.01 INCH OR MORE: 10
MAX 90 OR ABOVE: 0 0.10 INCH OR MORE: 7
MIN 32 OR BELOW: 22 0.50 INCH OR MORE: 3
MIN 0 OR BELOW: 0 1.00 INCH OR MORE: 1
[HDD (BASE 65) ]
TOTAL THIS MO. 888 CLEAR (SCALE 0-3) 14
DPTR FM NORMAL -13 PTCLDY (SCALE 4-7) 8
TOTAL FM JUL 1 5876 CLOUDY (SCALE 8-10) 9
DPTR FM NORMAL -249
[CDD (BASE 65) ]
TOTAL THIS MO. 0
DPTR FM NORMAL -2 [PRESSURE DATA]
TOTAL FM JAN 1 0 HIGHEST SLP 30.51 ON 3
DPTR FM NORMAL -2 LOWEST SLP 29.29 ON 30
[REMARKS]
#FINAL-03-22#