000
CXUS56 KLOX 011255
CF6OXR
PRELIMINARY LOCAL CLIMATOLOGICAL DATA (WS FORM: F-6)
STATION: OXNARD AIRPORT CA
MONTH: JANUARY
YEAR: 2023
LATITUDE: 34 12 N
LONGITUDE: 119 12 W
TEMPERATURE IN F: :PCPN: SNOW: WIND :SUNSHINE: SKY :PK WND
================================================================================
1 2 3 4 5 6A 6B 7 8 9 10 11 12 13 14 15 16 17 18
12Z AVG MX 2MIN
DY MAX MIN AVG DEP HDD CDD WTR SNW DPTH SPD SPD DIR MIN PSBL S-S WX SPD DR
================================================================================
1 60 46 53 -3 12 0 0.00 M M 20.7 33 260 M M 1 46 270
2 55 43 49 -7 16 0 0.08 M M 5.7 16 80 M M 6 1 20 80
3 61 48 55 -1 10 0 0.04 M M 10.0 16 80 M M 8 1 22 70
4 63 56 60 4 5 0 0.41 M M 9.8 17 90 M M 9 1 27 150
5 62 48 55 -1 10 0 1.02 M M 10.5 21 270 M M 7 1 31 140
6 59 45 52 -4 13 0 0.00 M M 6.5 15 290 M M 0 18 17 260
7 63 50 57 1 8 0 0.00 M M 5.8 9 30 M M 4 13 20
8 62 50 56 0 9 0 0.13 M M 7.0 16 60 M M 7 1 20 50
9 61 52 57 1 8 0 1.84 M M 11.0 21 170 M M 10 13 35 180
10 60 51 56 0 9 0 0.21 M M 9.3 28 260 M M 7 1 38 260
11 61 48 55 -1 10 0 0.00 M M 4.7 12 40 M M 3 1 14 190
12 68 50 59 3 6 0 0.00 M M 10.5 20 80 M M 0 29 90
13 64 50 57 1 8 0 0.00 M M 4.2 13 90 M M 3 18 16 90
14 57 51 54 -2 11 0 1.60 M M 6.1 20 270 M M 8 1 24 270
15 57 49 53 -3 12 0 0.67 M M 8.0 24 270 M M 8 1 32 270
16 58 50 54 -2 11 0 0.36 M M 19.2 32 260 M M 3 1 42 270
17 58 40 49 -7 16 0 0.00 M M 9.7 25 280 M M 0 30 270
18 58 42 50 -6 15 0 0.00 M M 6.3 13 30 M M 0 17 40
19 58 42 50 -6 15 0 0.00 M M 8.2 21 270 M M 2 27 250
20 62 38 50 -6 15 0 0.00 M M 8.6 22 60 M M 0 31 80
21 64 39 52 -4 13 0 0.00 M M 7.1 15 290 M M 0 19 280
22 59 40 50 -6 15 0 0.00 M M 5.4 18 70 M M 0 28 60
23 59 41 50 -6 15 0 0.00 M M 8.3 18 290 M M 0 25 40
24 65 41 53 -3 12 0 0.00 M M 6.0 13 40 M M 0 16 40
25 70 41 56 0 9 0 0.00 M M 7.6 21 80 M M 0 30 60
26 70 48 59 3 6 0 0.00 M M 15.7 35 80 M M 0 47 90
27 64 44 54 -2 11 0 0.00 M M 4.7 13 30 M M 0 17 30
28 60 40 50 -6 15 0 0.00 M M 5.0 12 200 M M 1 1 16 170
29 56 45 51 -5 14 0 0.26 M M 6.3 16 270 M M 8 1 20 270
30 60 44 52 -4 13 0 0.17 M M 8.1 17 70 M M 7 1 25 80
31 63 42 53 -3 12 0 0.00 M M 11.9 30 70 M M 0 41 70
================================================================================
SM 1897 1414 354 0 6.79 M 267.9 M 102
================================================================================
AV 61.2 45.6 8.6 FASTST M M 3 MAX(MPH)
MISC ----> 35 80 47 90
================================================================================
NOTES:
# LAST OF SEVERAL OCCURRENCES
COLUMN 17 PEAK WIND IN M.P.H.
PRELIMINARY LOCAL CLIMATOLOGICAL DATA (WS FORM: F-6) , PAGE 2
STATION: OXNARD AIRPORT CA
MONTH: JANUARY
YEAR: 2023
LATITUDE: 34 12 N
LONGITUDE: 119 12 W
[TEMPERATURE DATA] [PRECIPITATION DATA] SYMBOLS USED IN COLUMN 16
AVERAGE MONTHLY: 53.4 TOTAL FOR MONTH: 6.79 1 = FOG OR MIST
DPTR FM NORMAL: -2.6 DPTR FM NORMAL: 3.87 2 = FOG REDUCING VISIBILITY
HIGHEST: 70 ON 26,25 GRTST 24HR 3.91 ON 9-10 TO 1/4 MILE OR LESS
LOWEST: 38 ON 20 3 = THUNDER
SNOW, ICE PELLETS, HAIL 4 = ICE PELLETS
TOTAL MONTH: M 5 = HAIL
GRTST 24HR M ON M 6 = FREEZING RAIN OR DRIZZLE
GRTST DEPTH: M ON M 7 = DUSTSTORM OR SANDSTORM:
VSBY 1/2 MILE OR LESS
8 = SMOKE OR HAZE
[NO. OF DAYS WITH] [WEATHER - DAYS WITH] 9 = BLOWING SNOW
X = TORNADO
MAX 32 OR BELOW: 0 0.01 INCH OR MORE: 12
MAX 90 OR ABOVE: 0 0.10 INCH OR MORE: 10
MIN 32 OR BELOW: 0 0.50 INCH OR MORE: 4
MIN 0 OR BELOW: 0 1.00 INCH OR MORE: 3
[HDD (BASE 65) ]
TOTAL THIS MO. 354 CLEAR (SCALE 0-3) 17
DPTR FM NORMAL 69 PTCLDY (SCALE 4-7) 9
TOTAL FM JUL 1 950 CLOUDY (SCALE 8-10) 5
DPTR FM NORMAL 119
[CDD (BASE 65) ]
TOTAL THIS MO. 0
DPTR FM NORMAL -6 [PRESSURE DATA]
TOTAL FM JAN 1 0 HIGHEST SLP 30.39 ON 26
DPTR FM NORMAL -6 LOWEST SLP 29.64 ON 16
[REMARKS]
#FINAL-01-23#