000
CXUS56 KLOX 011255
CF6OXR
PRELIMINARY LOCAL CLIMATOLOGICAL DATA (WS FORM: F-6)
STATION: OXNARD AIRPORT CA
MONTH: NOVEMBER
YEAR: 2022
LATITUDE: 34 12 N
LONGITUDE: 119 12 W
TEMPERATURE IN F: :PCPN: SNOW: WIND :SUNSHINE: SKY :PK WND
================================================================================
1 2 3 4 5 6A 6B 7 8 9 10 11 12 13 14 15 16 17 18
12Z AVG MX 2MIN
DY MAX MIN AVG DEP HDD CDD WTR SNW DPTH SPD SPD DIR MIN PSBL S-S WX SPD DR
================================================================================
1 67 50 59 -3 6 0 0.04 M M 5.5 18 280 M M 5 1 22 280
2 66 55 61 -1 4 0 0.00 M M 14.9 33 270 M M 2 1 42 270
3 63 48 56 -6 9 0 0.00 M M 14.6 28 280 M M 0 36 260
4 66 48 57 -5 8 0 0.00 M M 6.9 13 260 M M 0 19 30
5 65 45 55 -7 10 0 0.00 M M 4.9 12 240 M M 0 15 240
6 63 47 55 -7 10 0 0.00 M M 4.6 14 240 M M 4 1 18 260
7 60 54 57 -5 8 0 0.05 M M 5.4 15 240 M M 9 1 21 240
8 62 50 56 -5 9 0 0.57 M M 7.4 29 270 M M 9 1 39 190
9 61 45 53 -8 12 0 0.01 M M 6.8 18 280 M M 1 22 290
10 63 45 54 -7 11 0 0.00 M M 6.5 14 280 M M 0 17 280
11 71 41 56 -5 9 0 0.00 M M 5.7 15 100 M M 0 21 90
12 64 48 56 -5 9 0 0.00 M M 6.3 13 30 M M 0 19 250
13 66 44 55 -5 10 0 0.00 M M 7.6 18 280 M M 0 24 260
14 65 44 55 -5 10 0 0.00 M M 6.4 15 40 M M 0 21 40
15 72 41 57 -3 8 0 0.00 M M 9.1 21 70 M M 0 32 60
16 75 47 61 1 4 0 0.00 M M 17.1 36 80 M M 0 49 80
17 75 44 60 0 5 0 0.00 M M 6.5 18 300 M M 0 24 290
18 64 43 54 -6 11 0 0.00 M M 3.2 15 80 M M 0 23 70
19 73 58 66 7 0 1 0.00 M M 17.3 32 60 M M 0 43 60
20 78 46 62 3 3 0 0.00 M M 7.5 17 70 M M 0 23 60
21 77 49 63 4 2 0 0.00 M M 7.3 13 30 M M 0 17 30
22 72 49 61 2 4 0 0.00 M M 7.0 16 290 M M 0 20 300
23 70 48 59 0 6 0 0.00 M M 5.0 14 40 M M 0 19 40
24 78 47 63 4 2 0 0.00 M M 19.7 32 80 M M 0 8 51 80
25 79 50 65 7 0 0 0.00 M M 8.5 18 100 M M 0 28 80
26 67 47 57 -1 8 0 0.00 M M 4.9 9 250 M M 0 14 230
27 65 43 54 -4 11 0 0.00 M M 4.1 10 270 M M 0 8 16 240
28 63 48 56 -2 9 0 0.00 M M 5.1 13 250 M M 4 16 260
29 64 46 55 -3 10 0 0.00 M M 6.2 12 270 M M 1 17 180
30 63 46 55 -3 10 0 0.00 M M 6.4 14 90 M M 4 21 180
================================================================================
SM 2037 1416 218 1 0.67 M 238.4 M 39
================================================================================
AV 67.9 47.2 7.9 FASTST M M 1 MAX(MPH)
MISC ----> 36 80 51 80
================================================================================
NOTES:
# LAST OF SEVERAL OCCURRENCES
COLUMN 17 PEAK WIND IN M.P.H.
PRELIMINARY LOCAL CLIMATOLOGICAL DATA (WS FORM: F-6) , PAGE 2
STATION: OXNARD AIRPORT CA
MONTH: NOVEMBER
YEAR: 2022
LATITUDE: 34 12 N
LONGITUDE: 119 12 W
[TEMPERATURE DATA] [PRECIPITATION DATA] SYMBOLS USED IN COLUMN 16
AVERAGE MONTHLY: 57.6 TOTAL FOR MONTH: 0.67 1 = FOG OR MIST
DPTR FM NORMAL: -2.5 DPTR FM NORMAL: -0.04 2 = FOG REDUCING VISIBILITY
HIGHEST: 79 ON 25 GRTST 24HR 0.57 ON 8- 8 TO 1/4 MILE OR LESS
LOWEST: 41 ON 15,11 3 = THUNDER
SNOW, ICE PELLETS, HAIL 4 = ICE PELLETS
TOTAL MONTH: M 5 = HAIL
GRTST 24HR M ON M 6 = FREEZING RAIN OR DRIZZLE
GRTST DEPTH: M ON M 7 = DUSTSTORM OR SANDSTORM:
VSBY 1/2 MILE OR LESS
8 = SMOKE OR HAZE
[NO. OF DAYS WITH] [WEATHER - DAYS WITH] 9 = BLOWING SNOW
X = TORNADO
MAX 32 OR BELOW: 0 0.01 INCH OR MORE: 4
MAX 90 OR ABOVE: 0 0.10 INCH OR MORE: 1
MIN 32 OR BELOW: 0 0.50 INCH OR MORE: 1
MIN 0 OR BELOW: 0 1.00 INCH OR MORE: 0
[HDD (BASE 65) ]
TOTAL THIS MO. 218 CLEAR (SCALE 0-3) 24
DPTR FM NORMAL 51 PTCLDY (SCALE 4-7) 4
TOTAL FM JUL 1 289 CLOUDY (SCALE 8-10) 2
DPTR FM NORMAL 7
[CDD (BASE 65) ]
TOTAL THIS MO. 1
DPTR FM NORMAL -17 [PRESSURE DATA]
TOTAL FM JAN 1 338 HIGHEST SLP 30.30 ON 4
DPTR FM NORMAL 21 LOWEST SLP 29.73 ON 8
[REMARKS]
#FINAL-11-22#