000
CXUS53 KDDC 011613
CLSP28
CLIMATE REPORT
NATIONAL WEATHER SERVICE DODGE CITY, KANSAS
1013 AM CST FRI DEC 01 2023
...................................
...THE MEDICINE LODGE KS CLIMATE SUMMARY FOR THE SEASON, FROM
9/1/2023 TO 11/30/2023...
CLIMATE NORMAL PERIOD 1991 TO 2020
CLIMATE RECORD PERIOD 1893 TO 2023
WEATHER OBSERVED NORMAL DEPART LAST YEAR`S
VALUE DATE(S) VALUE FROM VALUE DATE(S)
NORMAL
................................................................
TEMPERATURE (F)
RECORD
HIGH 113 09/29/1984
LOW 0 11/29/1976
HIGHEST 103 09/04 MM MM 101 09/03
09/21
LOWEST 15 11/26 MM MM 11 11/19
11/27
AVG. MAXIMUM 75.5 71.5 4.0 74.8
AVG. MINIMUM 47.8 45.7 2.1 44.4
MEAN 61.7 58.6 3.1 59.6
DAYS MAX >= 90 21 11.3 9.7 21
DAYS MAX <= 32 1 0.5 0.5 0
DAYS MIN <= 32 18 17.2 0.8 24
DAYS MIN <= 0 0 0.0 0.0 0
PRECIPITATION (INCHES)
RECORD
MAXIMUM 21.01 1923
MINIMUM 0.31 1939
TOTALS 5.61 6.15 -0.54 1.72
DAYS >= .01 17 17.4 -0.4 15
DAYS >= .10 10 9.3 0.7 5
DAYS >= .50 6 3.3 2.7 1
DAYS >= 1.00 1 1.6 -0.6 0
GREATEST
24 HR. TOTAL 1.05 09/15 TO 09/15 0.74 11/04 TO 11/05
SNOWFALL (INCHES)
RECORDS
TOTAL 11.0 1972
24 HR TOTAL 8.0 11/18/1972 TO 11/18/1972
SNOW DEPTH 6 11/05/1951
TOTALS 7.5 0.3 7.2 0.1
SINCE 7/1 7.5 0.3 7.2 0.1
SNOWDEPTH AVG. 0 -1
DAYS >= TRACE 1 0.3 0.7 1
GREATEST
SNOW DEPTH 7R 11/26 T 11/15
24 HR TOTAL 7.5 11/25 TO 11/25 0.1
DEGREE DAYS
HEATING TOTAL 711 857 -146 834
SINCE 7/1 711 856 -145 834
COOLING TOTAL 430 276 154 361
SINCE 1/1 1885 1821 64 2207
................................................................
WIND (MPH)
AVERAGE WIND SPEED 8.0
RESULTANT WIND SPEED/DIRECTION 2/110
HIGHEST WIND SPEED/DIRECTION 31/310 DATE 10/13
HIGHEST GUST SPEED/DIRECTION 46/310 DATE 10/13
AVERAGE RH (PERCENT) 61
- INDICATES NEGATIVE NUMBERS.
R INDICATES RECORD WAS SET OR TIED.
MM INDICATES DATA IS MISSING.
T INDICATES TRACE AMOUNT.
$$