000
CXUS55 KRIW 011110
CF6P60
PRELIMINARY LOCAL CLIMATOLOGICAL DATA (WS FORM: F-6)
STATION: LAKE YELLOWSTONE WY
MONTH: NOVEMBER
YEAR: 2020
LATITUDE: 44 32 N
LONGITUDE: 110 25 W
TEMPERATURE IN F: :PCPN: SNOW: WIND :SUNSHINE: SKY :PK WND
================================================================================
1 2 3 4 5 6A 6B 7 8 9 10 11 12 13 14 15 16 17 18
12Z AVG MX 2MIN
DY MAX MIN AVG DEP HDD CDD WTR SNW DPTH SPD SPD DIR MIN PSBL S-S WX SPD DR
================================================================================
1 47 18 33 4 32 0 0.00 M M 1.9 6 110 M M 0 9 110
2 55 18 37 8 28 0 0.00 M M 1.1 6 260 M M 0 13 210
3 55 19 37 9 28 0 0.00 M M 1.7 7 220 M M 0 16 250
4 51 22 37 9 28 0 0.00 M M 2.4 14 280 M M 0 26 260
5 51 22 37 9 28 0 0.00 M M 2.5 13 270 M M 0 29 270
6 55 25 40 13 25 0 0.00 M M 2.5 8 230 M M 0 20 210
7 51 28 40 14 25 0 0.87 M M 1.4 8 250 M M 0 22 250
8 51 18 35 9 30 0 0.07 M M 2.9 10 280 M M 0 22 210
9 19 10 15 -11 50 0 0.00 M M 2.4 9 270 M M 0 16 280
10 17 8 13 -12 52 0 0.05 M M 4.9 12 260 M M 0 27 290
11 23 12 18 -7 47 0 0.02 M M 5.7 15 280 M M 0 29 270
12 18 -8 5 -19 60 0 0.00 M M 2.3 8 210 M M 0 17 230
13 26 1 14 -10 51 0 0.23 M M 3.8 10 260 M M 0 24 230
14 25 14 20 -3 45 0 0.21 M M 8.8 20 280 M M 0 38 270
15 28 16 22 -1 43 0 0.04 M M 6.0 18 260 M M 0 34 230
16 35 22 29 7 36 0 0.00 M M 1.8 10 260 M M 0 18 250
17 47 16 32 10 33 0 0.00 M M 1.3 6 290 M M 0 12 210
18 39 29 34 13 31 0 0.24 M M 2.7 9 270 M M 0 21 260
19 31 17 24 3 41 0 0.37 M M 5.0 12 280 M M 0 24 240
20 26 -1 13 -7 52 0 0.00 M M 1.8 8 300 M M 0 12 270
21 28 -6 11 -9 54 0 0.00 M M 2.5 13 280 M M 0 22 280
22 27 -7 10 -10 55 0 0.00 M M 2.6 6 320 M M 0 10 120
23 28 -4 12 -7 53 0 0.00 M M 1.5 7 260 M M 0 14 190
24 21 2 12 -7 53 0 0.01 M M 2.8 8 220 M M 0 17 220
25 23 17 20 2 45 0 0.16 M M 2.8 9 270 M M 0 17 280
26 21 0 11 -7 54 0 0.02 M M 2.8 12 270 M M 0 22 260
27 27 3 15 -3 50 0 0.00 M M 2.0 7 280 M M 0 10 110
28 30 3 17 0 48 0 0.00 M M 1.5 7 270 M M 0 13 190
29 29 -1 14 -3 51 0 0.00 M M 1.5 6 300 M M 0 8 320
30 32 -3 15 -1 50 0 0.09 M M 3.9 12 280 M M 0 22 280
================================================================================
SM 1016 310 1278 0 2.38 M 86.8 M 0
================================================================================
AV 33.9 10.3 2.9 FASTST M M 0 MAX(MPH)
MISC ----> 20 280 38 270
================================================================================
NOTES:
# LAST OF SEVERAL OCCURRENCES
COLUMN 17 PEAK WIND IN M.P.H.
PRELIMINARY LOCAL CLIMATOLOGICAL DATA (WS FORM: F-6) , PAGE 2
STATION: LAKE YELLOWSTONE WY
MONTH: NOVEMBER
YEAR: 2020
LATITUDE: 44 32 N
LONGITUDE: 110 25 W
[TEMPERATURE DATA] [PRECIPITATION DATA] SYMBOLS USED IN COLUMN 16
AVERAGE MONTHLY: 22.1 TOTAL FOR MONTH: 2.38 1 = FOG OR MIST
DPTR FM NORMAL: -0.5 DPTR FM NORMAL: 0.30 2 = FOG REDUCING VISIBILITY
HIGHEST: 55 ON 6, 3 GRTST 24HR 0.87 ON 7- 7 TO 1/4 MILE OR LESS
LOWEST: -8 ON 12 3 = THUNDER
SNOW, ICE PELLETS, HAIL 4 = ICE PELLETS
TOTAL MONTH: M 5 = HAIL
GRTST 24HR M ON M 6 = FREEZING RAIN OR DRIZZLE
GRTST DEPTH: M ON M 7 = DUSTSTORM OR SANDSTORM:
VSBY 1/2 MILE OR LESS
8 = SMOKE OR HAZE
[NO. OF DAYS WITH] [WEATHER - DAYS WITH] 9 = BLOWING SNOW
X = TORNADO
MAX 32 OR BELOW: 19 0.01 INCH OR MORE: 13
MAX 90 OR ABOVE: 0 0.10 INCH OR MORE: 6
MIN 32 OR BELOW: 30 0.50 INCH OR MORE: 1
MIN 0 OR BELOW: 8 1.00 INCH OR MORE: 0
[HDD (BASE 65) ]
TOTAL THIS MO. 1278 CLEAR (SCALE 0-3) 30
DPTR FM NORMAL 6 PTCLDY (SCALE 4-7) 0
TOTAL FM JUL 1 3345 CLOUDY (SCALE 8-10) 0
DPTR FM NORMAL 25
[CDD (BASE 65) ]
TOTAL THIS MO. 0
DPTR FM NORMAL 0 [PRESSURE DATA]
TOTAL FM JAN 1 0 HIGHEST SLP 30.83 ON 21
DPTR FM NORMAL 0 LOWEST SLP 29.15 ON 7
[REMARKS]
#FINAL-11-20#