000
CXUS56 KLKN 161908
CF6P68
PRELIMINARY LOCAL CLIMATOLOGICAL DATA (WS FORM: F-6)
STATION: EUREKA AIRPORT NV
MONTH: DECEMBER
YEAR: 2022
LATITUDE: 39 30 N
LONGITUDE: 115 58 W
TEMPERATURE IN F: :PCPN: SNOW: WIND :SUNSHINE: SKY :PK WND
================================================================================
1 2 3 4 5 6A 6B 7 8 9 10 11 12 13 14 15 16 17 18
12Z AVG MX 2MIN
DY MAX MIN AVG DEP HDD CDD WTR SNW DPTH SPD SPD DIR MIN PSBL S-S WX SPD DR
================================================================================
1 49 25 37 9 28 0 0.23 M M 17.4 30 140 M M M 43 130
2 32 -7 13 -15 52 0 0.05 M M 5.4 20 330 M M M 26 320
3 40 9 25 -3 40 0 0.00 M M 8.1 20 140 M M M 27 140
4 47 30 39 11 26 0 0.04 M M 12.6 26 180 M M M 37 160
5 34 20 27 0 38 0 0.04 M M 3.2 10 210 M M M 14 360
6 40 14 27 0 38 0 0.00 M M 3.5 9 190 M M M 12 200
7 37 11 24 -3 41 0 0.00 M M 3.0 9 180 M M M 10 180
8 37 11 24 -2 41 0 0.00 M M 8.3 20 150 M M M 27 160
9 43 20 32 6 33 0 0.00 M M 4.6 15 170 M M M 23 260
10 43 28 36 10 29 0 0.00 M M 18.3 32 180 M M M 44 130
11 39 9 24 -2 41 0 0.48 M M 12.1 32 180 M M M 46 170
12 27 12 20 -5 45 0 0.09 M M 5.6 16 250 M M M 22 250
13 28 19 24 -1 41 0 0.02 M M 1.7 8 20 M M M 13 30
14 27 6 17 -8 48 0 0.07 M M 3.4 12 190 M M M 12 190
15 28 10 19 -6 46 0 0.00 M M 3.3 9 20 M M M 12 50
16 16 -8 4 -21 61 0 0.00 M M 5.3 13 210 M M M 16 210
17 21 -12 5 -20 60 0 0.00 M M 4.3 12 200 M M M 14 220
18 21 -13 4 -21 61 0 0.00 M M 5.8 16 210 M M M 19 210
19 30 0 15 -10 50 0 0.00 M M 5.3 16 200 M M M 19 210
20 37 15 26 2 39 0 0.00 M M 6.1 16 270 M M M 23 280
21 43 15 29 5 36 0 0.00 M M 8.7 24 280 M M M 33 280
22 38 11 25 1 40 0 0.00 M M 4.5 15 260 M M M 19 260
23 45 21 33 9 32 0 0.00 M M 3.8 10 220 M M M 13 230
24 43 16 30 6 35 0 0.00 M M 5.8 14 210 M M M 16 210
25 48 16 32 8 33 0 0.00 M M 4.6 13 220 M M M 16 200
26 42 22 32 8 33 0 0.00 M M 4.7 15 200 M M M 17 200
27 45 33 39 14 26 0 0.17 M M 7.6 21 260 M M M 29 290
28 34 17 26 1 39 0 0.01 M M 8.3 22 300 M M M 38 310
29 31 14 23 -2 42 0 0.03 M M 4.1 12 180 M M M 13 180
30 42 28 35 10 30 0 0.90 M M 4.0 15 230 M M M 22 240
31 38 30 34 9 31 0 1.28 M M 7.0 18 350 M M M 28 360
================================================================================
SM 1125 422 1235 0 3.41 M 200.4 M M
================================================================================
AV 36.3 13.6 6.5 FASTST M M M MAX(MPH)
MISC ----> # 32 180 46 170
================================================================================
NOTES:
# LAST OF SEVERAL OCCURRENCES
COLUMN 17 PEAK WIND IN M.P.H.
PRELIMINARY LOCAL CLIMATOLOGICAL DATA (WS FORM: F-6) , PAGE 2
STATION: EUREKA AIRPORT NV
MONTH: DECEMBER
YEAR: 2022
LATITUDE: 39 30 N
LONGITUDE: 115 58 W
[TEMPERATURE DATA] [PRECIPITATION DATA] SYMBOLS USED IN COLUMN 16
AVERAGE MONTHLY: 25.0 TOTAL FOR MONTH: 3.41 1 = FOG OR MIST
DPTR FM NORMAL: -0.5 DPTR FM NORMAL: 2.67 2 = FOG REDUCING VISIBILITY
HIGHEST: 49 ON 1 GRTST 24HR 1.44 ON 30-31 TO 1/4 MILE OR LESS
LOWEST: -13 ON 18 3 = THUNDER
SNOW, ICE PELLETS, HAIL 4 = ICE PELLETS
TOTAL MONTH: M 5 = HAIL
GRTST 24HR M ON M 6 = FREEZING RAIN OR DRIZZLE
GRTST DEPTH: M ON M 7 = DUSTSTORM OR SANDSTORM:
VSBY 1/2 MILE OR LESS
8 = SMOKE OR HAZE
[NO. OF DAYS WITH] [WEATHER - DAYS WITH] 9 = BLOWING SNOW
X = TORNADO
MAX 32 OR BELOW: 10 0.01 INCH OR MORE: 13
MAX 90 OR ABOVE: 0 0.10 INCH OR MORE: 5
MIN 32 OR BELOW: 30 0.50 INCH OR MORE: 2
MIN 0 OR BELOW: 5 1.00 INCH OR MORE: 1
[HDD (BASE 65) ]
TOTAL THIS MO. 1235 CLEAR (SCALE 0-3) 0
DPTR FM NORMAL 11 PTCLDY (SCALE 4-7) 0
TOTAL FM JUL 1 2902 CLOUDY (SCALE 8-10) 31
DPTR FM NORMAL -7
[CDD (BASE 65) ]
TOTAL THIS MO. 0
DPTR FM NORMAL 0 [PRESSURE DATA]
TOTAL FM JAN 1 580 HIGHEST SLP 30.64 ON 25
DPTR FM NORMAL 224 LOWEST SLP 29.45 ON 11
[REMARKS]
#FINAL-12-22#