000
CXUS56 KLKN 231214
CF6P68
PRELIMINARY LOCAL CLIMATOLOGICAL DATA (WS FORM: F-6)
STATION: EUREKA AIRPORT NV
MONTH: JULY
YEAR: 2020
LATITUDE: 39 30 N
LONGITUDE: 115 58 W
TEMPERATURE IN F: :PCPN: SNOW: WIND :SUNSHINE: SKY :PK WND
================================================================================
1 2 3 4 5 6A 6B 7 8 9 10 11 12 13 14 15 16 17 18
12Z AVG MX 2MIN
DY MAX MIN AVG DEP HDD CDD WTR SNW DPTH SPD SPD DIR MIN PSBL S-S WX SPD DR
================================================================================
1 87 40 64 -2 1 0 0.00 M M 7.4 24 200 M M M 30 200
2 87 41 64 -2 1 0 0.00 M M 9.1 26 170 M M M 34 180
3 90 43 67 0 0 2 0.00 M M 9.3 24 230 M M M 33 270
4 92 45 69 2 0 4 0.00 M M 9.0 22 320 M M M 32 270
5 93 44 69 2 0 4 0.00 M M 8.0 23 220 M M M 29 230
6 97 46 72 4 0 7 0.00 M M 7.0 22 250 M M M 32 210
7 88 44 66 -2 0 1 0.00 M M 6.9 17 310 M M M 24 270
8 90 43 67 -1 0 2 0.00 M M 7.4 21 10 M M M 26 10
9 94 41 68 0 0 3 0.00 M M 6.7 20 310 M M M 25 330
10 94 44 69 0 0 4 0.00 M M 4.9 17 350 M M M 23 360
11 100 49 75 6 0 10 0.00 M M 6.6 22 270 M M M 28 280
12 97 49 73 4 0 8 0.00 M M 7.2 22 260 M M M 28 300
13 96 49 73 4 0 8 0.00 M M 7.8 24 290 M M M 36 290
14 94 48 71 1 0 6 0.00 M M 7.7 22 10 M M M 26 10
15 94 46 70 0 0 5 0.00 M M 5.9 17 20 M M M 21 20
16 92 53 73 3 0 8 0.00 M M 6.2 37 190 M M M 44 150
17 95 58 77 7 0 12 0.00 M M 9.6 31 260 M M M 43 250
18 95 54 75 5 0 10 0.00 M M 5.8 17 150 M M M 27 160
19 94 50 72 2 0 7 0.00 M M 5.5 22 160 M M M 27 170
20 94 51 73 3 0 8 0.00 M M 7.9 25 200 M M M 41 220
21 91 55 73 3 0 8 0.01 M M 9.0 26 140 M M M 34 140
22 91 55 73 3 0 8 0.12 M M 8.4 25 170 M M M 33 160
23 90 43 67 -3 0 2 0.00 M M 7.8 22 180 M M M 33 170
24 88 46 67 -3 0 2 0.00 M M 7.3 22 160 M M M 29 150
25 91 53 72 2 0 7 0.00 M M 6.5 18 180 M M M 23 190
26 89 49 69 -1 0 4 0.00 M M 7.4 24 160 M M M 30 160
27 86 54 70 0 0 5 0.01 M M 7.1 32 170 M M M 41 160
28 93 48 71 1 0 6 0.00 M M 6.0 18 270 M M M 26 310
29 97 47 72 2 0 7 0.00 M M 6.2 21 160 M M M 28 160
30 98 51 75 5 0 10 0.00 M M 10.3 25 190 M M M 30 190
31 98 53 76 6 0 11 0.00 M M 5.4 15 360 M M M 21 10
================================================================================
SM 2875 1492 2 179 0.14 M 227.3 M M
================================================================================
AV 92.7 48.1 7.3 FASTST M M 0 MAX(MPH)
MISC ----> # 37 190 # 44 150
================================================================================
NOTES:
# LAST OF SEVERAL OCCURRENCES
COLUMN 17 PEAK WIND IN M.P.H.
PRELIMINARY LOCAL CLIMATOLOGICAL DATA (WS FORM: F-6) , PAGE 2
STATION: EUREKA AIRPORT NV
MONTH: JULY
YEAR: 2020
LATITUDE: 39 30 N
LONGITUDE: 115 58 W
[TEMPERATURE DATA] [PRECIPITATION DATA] SYMBOLS USED IN COLUMN 16
AVERAGE MONTHLY: 70.4 TOTAL FOR MONTH: 0.14 1 = FOG OR MIST
DPTR FM NORMAL: 1.2 DPTR FM NORMAL: -0.49 2 = FOG REDUCING VISIBILITY
HIGHEST: 100 ON 11 GRTST 24HR 0.12 ON 22-22 TO 1/4 MILE OR LESS
LOWEST: 40 ON 1 3 = THUNDER
SNOW, ICE PELLETS, HAIL 4 = ICE PELLETS
TOTAL MONTH: M 5 = HAIL
GRTST 24HR M ON M 6 = FREEZING RAIN OR DRIZZLE
GRTST DEPTH: M ON M 7 = DUSTSTORM OR SANDSTORM:
VSBY 1/2 MILE OR LESS
8 = SMOKE OR HAZE
[NO. OF DAYS WITH] [WEATHER - DAYS WITH] 9 = BLOWING SNOW
X = TORNADO
MAX 32 OR BELOW: 0 0.01 INCH OR MORE: 3
MAX 90 OR ABOVE: 25 0.10 INCH OR MORE: 1
MIN 32 OR BELOW: 0 0.50 INCH OR MORE: 0
MIN 0 OR BELOW: 0 1.00 INCH OR MORE: 0
[HDD (BASE 65) ]
TOTAL THIS MO. 2 CLEAR (SCALE 0-3) 0
DPTR FM NORMAL -11 PTCLDY (SCALE 4-7) 0
TOTAL FM JUL 1 2 CLOUDY (SCALE 8-10) 0
DPTR FM NORMAL -11
[CDD (BASE 65) ]
TOTAL THIS MO. 179
DPTR FM NORMAL 36 [PRESSURE DATA]
TOTAL FM JAN 1 261 HIGHEST SLP 30.07 ON 11
DPTR FM NORMAL 86 LOWEST SLP 29.62 ON 1
[REMARKS]
#FINAL-07-20#