000
CXUS53 KPAH 010720
CF6PAH
PRELIMINARY LOCAL CLIMATOLOGICAL DATA (WS FORM: F-6)
STATION: PADUCAH KY
MONTH: JULY
YEAR: 2022
LATITUDE: 37 4 N
LONGITUDE: 88 46 W
TEMPERATURE IN F: :PCPN: SNOW: WIND :SUNSHINE: SKY :PK WND
================================================================================
1 2 3 4 5 6A 6B 7 8 9 10 11 12 13 14 15 16 17 18
12Z AVG MX 2MIN
DY MAX MIN AVG DEP HDD CDD WTR SNW DPTH SPD SPD DIR MIN PSBL S-S WX SPD DR
================================================================================
1 93 72 83 4 0 18 0.00 0.0 0 3.0 9 190 M M 1 16 200
2 95 72 84 5 0 19 0.02 0.0 0 3.3 17 350 M M 2 38 25 350
3 92 75 84 5 0 19 0.02 0.0 0 3.7 9 40 M M 3 18 14 90
4 95 73 84 4 0 19 0.00 0.0 0 1.9 9 230 M M 1 18 14 220
5 99 76 88 8 0 23 0.00 0.0 0 2.4 8 250 M M 1 3 13 240
6 98 80 89 9 0 24 0.00 0.0 0 2.6 9 270 M M 0 16 270
7 100 78 89 9 0 24 0.00 0.0 0 4.7 20 360 M M 1 13 30 350
8 98 74 86 6 0 21 0.81 0.0 0 4.7 23 300 M M 1 138 28 320
9 90 71 81 1 0 16 0.00 0.0 0 4.7 16 360 M M 6 1 22 350
10 88 65 77 -3 0 12 0.00 0.0 0 5.2 13 350 M M 0 19 360
11 93 63 78 -2 0 13 0.00 0.0 0 1.6 8 150 M M 0 13 200
12 90 67 79 -1 0 14 0.00 0.0 0 3.8 12 10 M M 1 17 40
13 90 63 77 -3 0 12 0.00 0.0 0 1.8 10 10 M M 1 14 360
14 94 65 80 0 0 15 0.00 0.0 0 1.3 8 340 M M 0 1 12 330
15 95 68 82 2 0 17 0.00 0.0 0 1.3 9 200 M M 0 1 13 320
16 97 74 86 6 0 21 0.00 0.0 0 4.5 13 130 M M 2 20 230
17 83 70 77 -3 0 12 1.15 0.0 0 4.2 23 290 M M 6 138 23 290
18 88 70 79 -1 0 14 0.00 0.0 0 1.2 8 340 M M 5 1 11 260
19 90 70 80 0 0 15 0.00 0.0 0 2.5 9 200 M M 2 1 16 190
20 96 80 88 8 0 23 0.00 0.0 0 6.9 13 220 M M 1 20 210
21 92 71 82 2 0 17 0.00 0.0 0 2.4 8 320 M M 1 1 12 360
22 95 68 82 2 0 17 0.00 0.0 0 2.2 9 230 M M 0 1 15 260
23 95 71 83 3 0 18 0.00 0.0 0 3.0 12 180 M M 0 18 17 220
24 96 76 86 6 0 21 0.00 0.0 0 5.2 12 220 M M 0 20 250
25 88 77 83 3 0 18 0.20 0.0 0 3.3 10 10 M M 4 1 16 320
26 91 76 84 4 0 19 0.00 0.0 0 4.1 12 60 M M 3 19 70
27 93 77 85 5 0 20 1.00 0.0 0 4.4 17 330 M M 4 13 25 300
28 89 75 82 2 0 17 0.16 0.0 0 2.7 16 320 M M 4 138 26 320
29 85 68 77 -3 0 12 0.03 0.0 0 3.3 9 10 M M 6 13 350
30 79 67 73 -7 0 8 0.08 0.0 0 2.7 10 120 M M 5 18 16 70
31 81 70 76 -4 0 11 0.03 0.0 0 2.5 7 220 M M 9 1 13 240
================================================================================
SM 2848 2222 0 529 3.50 0.0 101.1 M 70
================================================================================
AV 91.9 71.7 3.3 FASTST M M 2 MAX(MPH)
MISC ----> # 23 300 30 350
================================================================================
NOTES:
# LAST OF SEVERAL OCCURRENCES
COLUMN 17 PEAK WIND IN M.P.H.
PRELIMINARY LOCAL CLIMATOLOGICAL DATA (WS FORM: F-6) , PAGE 2
STATION: PADUCAH KY
MONTH: JULY
YEAR: 2022
LATITUDE: 37 4 N
LONGITUDE: 88 46 W
[TEMPERATURE DATA] [PRECIPITATION DATA] SYMBOLS USED IN COLUMN 16
AVERAGE MONTHLY: 81.8 TOTAL FOR MONTH: 3.50 1 = FOG OR MIST
DPTR FM NORMAL: 2.1 DPTR FM NORMAL: -0.80 2 = FOG REDUCING VISIBILITY
HIGHEST: 100 ON 7 GRTST 24HR 1.15 ON 17-17 TO 1/4 MILE OR LESS
LOWEST: 63 ON 13,11 3 = THUNDER
SNOW, ICE PELLETS, HAIL 4 = ICE PELLETS
TOTAL MONTH: 0.0 INCH 5 = HAIL
GRTST 24HR 0.0 6 = FREEZING RAIN OR DRIZZLE
GRTST DEPTH: 0 7 = DUSTSTORM OR SANDSTORM:
VSBY 1/2 MILE OR LESS
8 = SMOKE OR HAZE
[NO. OF DAYS WITH] [WEATHER - DAYS WITH] 9 = BLOWING SNOW
X = TORNADO
MAX 32 OR BELOW: 0 0.01 INCH OR MORE: 10
MAX 90 OR ABOVE: 23 0.10 INCH OR MORE: 5
MIN 32 OR BELOW: 0 0.50 INCH OR MORE: 3
MIN 0 OR BELOW: 0 1.00 INCH OR MORE: 2
[HDD (BASE 65) ]
TOTAL THIS MO. 0 CLEAR (SCALE 0-3) 22
DPTR FM NORMAL 0 PTCLDY (SCALE 4-7) 8
TOTAL FM JUL 1 0 CLOUDY (SCALE 8-10) 1
DPTR FM NORMAL 0
[CDD (BASE 65) ]
TOTAL THIS MO. 529
DPTR FM NORMAL 75 [PRESSURE DATA]
TOTAL FM JAN 1 1150 HIGHEST SLP M ON M
DPTR FM NORMAL 138 LOWEST SLP 29.69 ON 20
[REMARKS]
#FINAL-07-22#