000
CXUS54 KLZK 011130
CF6PBF
PRELIMINARY LOCAL CLIMATOLOGICAL DATA (WS FORM: F-6)
STATION: PINE BLUFF
MONTH: MAY
YEAR: 2022
LATITUDE: 34 10 N
LONGITUDE: 91 56 W
TEMPERATURE IN F: :PCPN: SNOW: WIND :SUNSHINE: SKY :PK WND
================================================================================
1 2 3 4 5 6A 6B 7 8 9 10 11 12 13 14 15 16 17 18
12Z AVG MX 2MIN
DY MAX MIN AVG DEP HDD CDD WTR SNW DPTH SPD SPD DIR MIN PSBL S-S WX SPD DR
================================================================================
1 85 59 72 5 0 7 0.00 0.0 0 2.2 9 340 M M 1 12 320
2 85 61 73 5 0 8 0.00 0.0 0 9.4 22 170 M M 2 30 210
3 81 65 73 5 0 8 0.31 0.0 0 9.3 18 160 M M 6 13 25 250
4 84 62 73 5 0 8 0.00 0.0 0 7.6 16 40 M M 3 20 30
5 79 64 72 4 0 7 4.14 0.0 0 7.3 30 330 M M 6 1238 40 360
6 78 61 70 1 0 5 0.00 0.0 0 10.8 25 280 M M 4 31 300
7 78 57 68 -1 0 3 0.00 0.0 0 0.0 M M M M 0 M M
8 83 59 71 2 0 6 0.00 0.0 0 M M M M M M M M
9 90 73 82 12 0 17 0.00 0.0 0 11.0 21 190 M M 0 26 210
10 90 74 82 12 0 17 0.00 0.0 0 9.8 17 200 M M 0 24 190
11 93 70 82 12 0 17 0.00 0.0 0 3.9 13 310 M M 0 20 290
12 93 72 83 13 0 18 0.00 0.0 0 3.4 8 230 M M 0 18 12 310
13 93 71 82 11 0 17 0.00 0.0 0 5.9 23 130 M M 0 30 130
14 87 69 78 7 0 13 0.03 0.0 0 5.6 17 30 M M M 17 30
15 89 65 77 6 0 12 0.99 0.0 0 5.2 35 10 M M M 13 46 10
16 83 65 74 2 0 9 T 0.0 0 5.2 15 50 M M 0 19 60
17 84 62 73 1 0 8 0.00 0.0 0 4.4 26 110 M M 0 36 110
18 89 68 79 7 0 14 0.00 0.0 0 7.6 20 190 M M 0 23 190
19 92 72 82 10 0 17 0.00 0.0 0 11.7 23 190 M M 1 28 190
20 91 74 83 10 0 18 0.00 0.0 0 15.0 20 180 M M 4 30 190
21 91 67 79 6 0 14 1.04 0.0 0 10.3 38 320 M M 6 13 51 320
22 68 62 65 -8 0 0 0.93 0.0 0 11.0 20 10 M M 10 13 24 20
23 74 61 68 -6 0 3 0.00 0.0 0 9.1 15 60 M M 10 20 20
24 82 65 74 0 0 9 1.37 0.0 0 6.3 20 210 M M 8 13 25 230
25 81 67 74 0 0 9 0.14 0.0 0 11.6 24 120 M M 7 1 34 160
26 77 59 68 -6 0 3 0.00 0.0 0 9.7 24 270 M M 4 35 280
27 81 57 69 -6 0 4 0.00 0.0 0 5.1 13 320 M M 1 17 10
28 86 56 71 -4 0 6 0.00 0.0 0 4.0 5 280 M M 0 M M
29 89 63 76 1 0 11 0.00 0.0 0 M M M M M M M M
30 90 66 78 2 0 13 0.00 0.0 0 M M M M M M M M
31 92 71 82 6 0 17 0.00 0.0 0 8.1 16 160 M M 0 20 190
================================================================================
SM 2638 2017 0 318 8.95 0.0 210.5 M 73
================================================================================
AV 85.1 65.1 7.5 FASTST M M 3 MAX(MPH)
MISC ----> 38 320 51 320
================================================================================
NOTES:
# LAST OF SEVERAL OCCURRENCES
COLUMN 17 PEAK WIND IN M.P.H.
PRELIMINARY LOCAL CLIMATOLOGICAL DATA (WS FORM: F-6) , PAGE 2
STATION: PINE BLUFF
MONTH: MAY
YEAR: 2022
LATITUDE: 34 10 N
LONGITUDE: 91 56 W
[TEMPERATURE DATA] [PRECIPITATION DATA] SYMBOLS USED IN COLUMN 16
AVERAGE MONTHLY: 75.1 TOTAL FOR MONTH: 8.95 1 = FOG OR MIST
DPTR FM NORMAL: 3.5 DPTR FM NORMAL: 4.15 2 = FOG REDUCING VISIBILITY
HIGHEST: 93 ON 11,12 GRTST 24HR 4.14 ON 5- 5 TO 1/4 MILE OR LESS
LOWEST: 56 ON 28 3 = THUNDER
SNOW, ICE PELLETS, HAIL 4 = ICE PELLETS
TOTAL MONTH: 0.0 INCH 5 = HAIL
GRTST 24HR 0.0 6 = FREEZING RAIN OR DRIZZLE
GRTST DEPTH: 0 7 = DUSTSTORM OR SANDSTORM:
VSBY 1/2 MILE OR LESS
8 = SMOKE OR HAZE
[NO. OF DAYS WITH] [WEATHER - DAYS WITH] 9 = BLOWING SNOW
X = TORNADO
MAX 32 OR BELOW: 0 0.01 INCH OR MORE: 8
MAX 90 OR ABOVE: 10 0.10 INCH OR MORE: 7
MIN 32 OR BELOW: 0 0.50 INCH OR MORE: 5
MIN 0 OR BELOW: 0 1.00 INCH OR MORE: 3
[HDD (BASE 65) ]
TOTAL THIS MO. 0 CLEAR (SCALE 0-3) 16
DPTR FM NORMAL -19 PTCLDY (SCALE 4-7) 8
TOTAL FM JUL 1 2326 CLOUDY (SCALE 8-10) 7
DPTR FM NORMAL -505
[CDD (BASE 65) ]
TOTAL THIS MO. 318
DPTR FM NORMAL 94 [PRESSURE DATA]
TOTAL FM JAN 1 423 HIGHEST SLP 30.24 ON 22
DPTR FM NORMAL 107 LOWEST SLP 29.63 ON 19
[REMARKS]
#FINAL-05-22#