000
CXUS54 KLZK 031711
CF6PBF
PRELIMINARY LOCAL CLIMATOLOGICAL DATA (WS FORM: F-6)
STATION: PINE BLUFF
MONTH: JANUARY
YEAR: 2022
LATITUDE: 34 10 N
LONGITUDE: 91 56 W
TEMPERATURE IN F: :PCPN: SNOW: WIND :SUNSHINE: SKY :PK WND
================================================================================
1 2 3 4 5 6A 6B 7 8 9 10 11 12 13 14 15 16 17 18
12Z AVG MX 2MIN
DY MAX MIN AVG DEP HDD CDD WTR SNW DPTH SPD SPD DIR MIN PSBL S-S WX SPD DR
================================================================================
1 80 49 65 22 0 0 0.39 0.0 0 11.5 30 340 M M 6 1 38 320
2 49 27 38 -5 27 0 0.11 T 0 13.5 24 320 M M 8 126 29 320
3 39 23 31 -12 34 0 0.00 0.0 0 5.7 14 10 M M 0 17 360
4 50 25 38 -5 27 0 0.00 0.0 0 6.9 16 190 M M 0 20 180
5 58 36 47 4 18 0 T 0.0 0 7.5 16 30 M M 1 21 30
6 46 28 37 -6 28 0 0.03 T 0 13.1 24 10 M M 7 4 31 20
7 35 24 30 -12 35 0 0.00 0.0 0 8.1 15 10 M M 1 19 30
8 65 32 49 7 16 0 0.22 0.0 0 8.7 20 170 M M 9 13 24 170
9 66 40 53 11 12 0 0.81 0.0 0 15.3 25 20 M M 9 13 35 10
10 50 28 39 -3 26 0 0.00 0.0 0 6.3 21 20 M M 0 28 10
11 59 28 44 2 21 0 0.00 0.0 0 2.6 9 110 M M M 12 100
12 63 34 49 7 16 0 0.00 0.0 0 7.0 18 230 M M 0 8 23 210
13 71 40 56 14 9 0 0.00 0.0 0 6.5 17 320 M M 0 22 320
14 60 37 49 7 16 0 0.00 0.0 0 4.9 14 100 M M 0 16 100
15 51 33 42 0 23 0 0.38 T 0 12.7 21 340 M M 8 168 30 360
16 49 34 42 0 23 0 0.12 T T 12.1 22 330 M M 4 30 320
17 57 33 45 2 20 0 0.00 0.0 0 6.5 15 290 M M 0 19 300
18 64 33 49 6 16 0 0.00 0.0 0 8.4 22 180 M M 0 26 180
19 62 35 49 6 16 0 0.06 0.0 0 12.1 29 10 M M 5 1 40 360
20 35 24 30 -13 35 0 0.00 0.0 0 18.5 24 10 M M 2 37 360
21 33 21 27 -16 38 0 0.00 0.0 0 9.5 16 10 M M 0 20 20
22 42 18 30 -13 35 0 0.00 0.0 0 3.5 8 300 M M 0 10 330
23 61 26 44 1 21 0 0.00 0.0 0 7.1 17 250 M M 0 23 250
24 67 30 49 6 16 0 0.00 0.0 0 6.9 18 220 M M 1 26 240
25 50 30 40 -3 25 0 0.00 0.0 0 12.0 22 10 M M 2 29 20
26 39 26 33 -10 32 0 0.00 0.0 0 8.8 21 40 M M 0 26 40
27 52 27 40 -3 25 0 0.00 0.0 0 3.9 13 30 M M 5 16 40
28 54 31 43 0 22 0 0.00 0.0 0 11.8 30 310 M M 3 40 320
29 52 22 37 -7 28 0 0.00 0.0 0 6.9 16 200 M M 0 20 220
30 68 38 53 9 12 0 0.00 0.0 0 6.1 15 270 M M 0 20 270
31 71 29 50 6 15 0 0.00 0.0 0 5.0 17 170 M M 1 21 210
================================================================================
SM 1698 941 687 0 2.12 T 269.4 M 72
================================================================================
AV 54.8 30.4 8.7 FASTST M M 2 MAX(MPH)
MISC ----> # 30 340 # 40 360
================================================================================
NOTES:
# LAST OF SEVERAL OCCURRENCES
COLUMN 17 PEAK WIND IN M.P.H.
PRELIMINARY LOCAL CLIMATOLOGICAL DATA (WS FORM: F-6) , PAGE 2
STATION: PINE BLUFF
MONTH: JANUARY
YEAR: 2022
LATITUDE: 34 10 N
LONGITUDE: 91 56 W
[TEMPERATURE DATA] [PRECIPITATION DATA] SYMBOLS USED IN COLUMN 16
AVERAGE MONTHLY: 42.6 TOTAL FOR MONTH: 2.12 1 = FOG OR MIST
DPTR FM NORMAL: -0.2 DPTR FM NORMAL: -1.70 2 = FOG REDUCING VISIBILITY
HIGHEST: 80 ON 1 GRTST 24HR 1.26 ON 8- 9 TO 1/4 MILE OR LESS
LOWEST: 18 ON 22 3 = THUNDER
SNOW, ICE PELLETS, HAIL 4 = ICE PELLETS
TOTAL MONTH: T 5 = HAIL
GRTST 24HR T ON 6- 6 6 = FREEZING RAIN OR DRIZZLE
GRTST DEPTH: T 7 = DUSTSTORM OR SANDSTORM:
VSBY 1/2 MILE OR LESS
8 = SMOKE OR HAZE
[NO. OF DAYS WITH] [WEATHER - DAYS WITH] 9 = BLOWING SNOW
X = TORNADO
MAX 32 OR BELOW: 0 0.01 INCH OR MORE: 8
MAX 90 OR ABOVE: 0 0.10 INCH OR MORE: 6
MIN 32 OR BELOW: 19 0.50 INCH OR MORE: 1
MIN 0 OR BELOW: 0 1.00 INCH OR MORE: 0
[HDD (BASE 65) ]
TOTAL THIS MO. 687 CLEAR (SCALE 0-3) 20
DPTR FM NORMAL -3 PTCLDY (SCALE 4-7) 8
TOTAL FM JUL 1 1379 CLOUDY (SCALE 8-10) 3
DPTR FM NORMAL -448
[CDD (BASE 65) ]
TOTAL THIS MO. 0
DPTR FM NORMAL -2 [PRESSURE DATA]
TOTAL FM JAN 1 0 HIGHEST SLP 30.71 ON 10
DPTR FM NORMAL -2 LOWEST SLP 29.55 ON 1
[REMARKS]
#FINAL-01-22#