000
CXUS54 KLZK 011230
CF6PBF
PRELIMINARY LOCAL CLIMATOLOGICAL DATA (WS FORM: F-6)
STATION: PINE BLUFF
MONTH: JANUARY
YEAR: 2021
LATITUDE: 34 10 N
LONGITUDE: 91 56 W
TEMPERATURE IN F: :PCPN: SNOW: WIND :SUNSHINE: SKY :PK WND
================================================================================
1 2 3 4 5 6A 6B 7 8 9 10 11 12 13 14 15 16 17 18
12Z AVG MX 2MIN
DY MAX MIN AVG DEP HDD CDD WTR SNW DPTH SPD SPD DIR MIN PSBL S-S WX SPD DR
================================================================================
1 46 39 43 1 22 0 0.38 0.0 0 9.9 25 250 M M 9 13 38 240
2 43 33 38 -4 27 0 0.01 0.0 0 6.2 20 260 M M 8 1 24 250
3 57 29 43 1 22 0 0.00 0.0 0 7.2 15 200 M M 0 20 190
4 61 34 48 6 17 0 0.00 0.0 0 5.2 15 200 M M 0 1 22 200
5 55 34 45 3 20 0 0.00 0.0 0 5.2 13 310 M M 0 8 16 310
6 51 33 42 0 23 0 0.13 0.0 0 8.8 20 120 M M 4 24 110
7 44 38 41 -1 24 0 0.92 0.0 0 15.9 29 20 M M 10 1 39 20
8 40 34 37 -5 28 0 0.00 0.0 0 11.1 18 340 M M 8 24 340
9 40 27 34 -8 31 0 0.00 0.0 0 6.2 14 10 M M 7 18 10
10 36 25 31 -11 34 0 0.00 0.0 0 6.7 14 40 M M 9 18 50
11 39 27 33 -9 32 0 T T 0 7.3 16 10 M M 6 21 10
12 49 23 36 -6 29 0 0.00 0.0 0 3.2 8 130 M M 0 1 11 310
13 56 27 42 0 23 0 0.00 0.0 0 6.7 16 220 M M 0 22 220
14 58 33 46 4 19 0 0.00 0.0 0 8.9 23 300 M M 1 31 300
15 50 34 42 0 23 0 0.00 0.0 0 12.7 29 270 M M 3 36 270
16 50 32 41 -1 24 0 0.00 0.0 0 7.9 21 300 M M 1 29 300
17 56 31 44 2 21 0 0.00 0.0 0 7.0 21 300 M M 2 27 270
18 62 30 46 4 19 0 0.00 0.0 0 7.5 15 200 M M 1 19 210
19 59 42 51 9 14 0 0.01 0.0 0 5.3 16 200 M M 8 19 210
20 51 37 44 2 21 0 0.18 0.0 0 5.3 12 160 M M 6 1 15 110
21 50 44 47 5 18 0 0.04 0.0 0 2.8 8 340 M M 10 12 11 270
22 52 39 46 4 19 0 T 0.0 0 9.3 20 10 M M 4 23 10
23 47 33 40 -2 25 0 0.00 0.0 0 7.1 14 80 M M 8 16 40
24 55 45 50 7 15 0 0.57 0.0 0 3.8 14 100 M M 10 13 15 100
25 71 53 62 19 3 0 0.51 0.0 0 10.0 22 200 M M 7 13 29 210
26 62 44 53 10 12 0 0.00 0.0 0 6.5 15 50 M M 1 19 50
27 46 36 41 -2 24 0 T 0.0 0 12.4 23 20 M M 8 29 320
28 42 32 37 -6 28 0 0.00 0.0 0 8.2 17 10 M M 4 23 10
29 52 28 40 -3 25 0 0.00 0.0 0 5.4 14 120 M M 2 18 110
30 62 46 54 11 11 0 0.23 0.0 0 12.9 26 180 M M 4 1 35 190
31 58 40 49 6 16 0 0.00 0.0 0 13.6 23 320 M M 6 30 330
================================================================================
SM 1600 1082 669 0 2.98 T 246.2 M 147
================================================================================
AV 51.6 34.9 7.9 FASTST M M 5 MAX(MPH)
MISC ----> # 29 20 39 20
================================================================================
NOTES:
# LAST OF SEVERAL OCCURRENCES
COLUMN 17 PEAK WIND IN M.P.H.
PRELIMINARY LOCAL CLIMATOLOGICAL DATA (WS FORM: F-6) , PAGE 2
STATION: PINE BLUFF
MONTH: JANUARY
YEAR: 2021
LATITUDE: 34 10 N
LONGITUDE: 91 56 W
[TEMPERATURE DATA] [PRECIPITATION DATA] SYMBOLS USED IN COLUMN 16
AVERAGE MONTHLY: 43.3 TOTAL FOR MONTH: 2.98 1 = FOG OR MIST
DPTR FM NORMAL: 1.0 DPTR FM NORMAL: -0.78 2 = FOG REDUCING VISIBILITY
HIGHEST: 71 ON 25 GRTST 24HR 2.56 ON 24-25 TO 1/4 MILE OR LESS
LOWEST: 23 ON 12 3 = THUNDER
SNOW, ICE PELLETS, HAIL 4 = ICE PELLETS
TOTAL MONTH: T 5 = HAIL
GRTST 24HR T ON 11-11 6 = FREEZING RAIN OR DRIZZLE
GRTST DEPTH: 0 7 = DUSTSTORM OR SANDSTORM:
VSBY 1/2 MILE OR LESS
8 = SMOKE OR HAZE
[NO. OF DAYS WITH] [WEATHER - DAYS WITH] 9 = BLOWING SNOW
X = TORNADO
MAX 32 OR BELOW: 0 0.01 INCH OR MORE: 10
MAX 90 OR ABOVE: 0 0.10 INCH OR MORE: 7
MIN 32 OR BELOW: 11 0.50 INCH OR MORE: 3
MIN 0 OR BELOW: 0 1.00 INCH OR MORE: 0
[HDD (BASE 65) ]
TOTAL THIS MO. 669 CLEAR (SCALE 0-3) 11
DPTR FM NORMAL -36 PTCLDY (SCALE 4-7) 12
TOTAL FM JUL 1 1779 CLOUDY (SCALE 8-10) 8
DPTR FM NORMAL -79
[CDD (BASE 65) ]
TOTAL THIS MO. 0
DPTR FM NORMAL -1 [PRESSURE DATA]
TOTAL FM JAN 1 0 HIGHEST SLP 30.69 ON 28
DPTR FM NORMAL -1 LOWEST SLP 29.55 ON 25
[REMARKS]
#FINAL-01-21#