000
CXUS51 KBTV 010700
CF6PBG
PRELIMINARY LOCAL CLIMATOLOGICAL DATA (WS FORM: F-6)
STATION: PLATTSBURGH NY
MONTH: SEPTEMBER
YEAR: 2021
LATITUDE: 44 39 N
LONGITUDE: 73 28 W
TEMPERATURE IN F: :PCPN: SNOW: WIND :SUNSHINE: SKY :PK WND
================================================================================
1 2 3 4 5 6A 6B 7 8 9 10 11 12 13 14 15 16 17 18
12Z AVG MX 2MIN
DY MAX MIN AVG DEP HDD CDD WTR SNW DPTH SPD SPD DIR MIN PSBL S-S WX SPD DR
================================================================================
1 71 52 62 -3 3 0 0.00 M M 3.3 15 130 M M 0 18 130
2 69 54 62 -2 3 0 T M M 9.2 21 340 M M 5 26 330
3 74 54 64 0 1 0 0.00 M M 5.2 13 310 M M 6 20 290
4 75 53 64 0 1 0 0.00 M M 2.8 10 90 M M 3 1 13 100
5 74 53 64 1 1 0 0.01 M M 3.8 16 170 M M 5 1 22 160
6 71 53 62 -1 3 0 0.62 M M 2.8 17 310 M M 4 13 27 310
7 77 51 64 1 1 0 0.00 M M 2.7 18 110 M M 3 1 22 110
8 77 52 65 3 0 0 0.39 M M 4.3 18 150 M M 4 13 22 140
9 72 55 64 2 1 0 0.22 M M 2.5 17 330 M M 3 12 21 320
10 68 50 59 -3 6 0 T M M 6.2 16 320 M M 6 1 26 320
11 73 49 61 -1 4 0 0.00 M M 5.6 16 140 M M 4 21 130
12 81 59 70 9 0 5 T M M 5.4 15 280 M M 2 25 300
13 74 54 64 3 1 0 0.00 M M 4.9 18 340 M M 5 24 340
14 73 48 61 1 4 0 0.00 M M 5.8 15 150 M M 4 20 140
15 78 55 67 7 0 2 0.32 M M 4.4 18 10 M M 4 138 25 310
16 72 49 61 1 4 0 0.00 M M 1.1 8 170 M M 0 1 11 170
17 76 50 63 4 2 0 0.00 M M 5.8 20 150 M M 3 18 27 150
18 74 51 63 4 2 0 0.05 M M 3.5 22 360 M M 4 1 28 360
19 67 47 57 -2 8 0 0.00 M M 6.0 16 360 M M 0 1 21 350
20 74 41 58 0 7 0 0.00 M M 5.6 16 150 M M 0 20 150
21 75 49 62 4 3 0 0.00 M M 9.1 23 150 M M 0 32 150
22 80 55 68 11 0 3 0.00 M M 8.9 23 140 M M 1 29 130
23 82 69 76 19 0 11 T M M 12.0 25 150 M M 3 33 160
24 72 54 63 6 2 0 1.46 M M 7.1 22 150 M M 6 1 30 140
25 70 49 60 4 5 0 0.00 M M 3.6 13 140 M M 2 1 16 140
26 71 51 61 5 4 0 T M M 4.1 14 280 M M 4 21 300
27 62 47 55 0 10 0 0.13 M M 3.2 10 360 M M 9 12 13 170
28 61 47 54 -1 11 0 0.00 M M 8.1 18 350 M M 7 1 23 360
29 56 46 51 -3 14 0 0.03 M M 2.9 12 350 M M 10 8 17 290
30 61 47 54 0 11 0 0.02 M M 6.0 25 340 M M 8 31 350
================================================================================
SM 2160 1544 112 21 3.25 M 155.9 M 115
================================================================================
AV 72.0 51.5 5.2 FASTST M M 4 MAX(MPH)
MISC ----> # 25 150 33 160
================================================================================
NOTES:
# LAST OF SEVERAL OCCURRENCES
COLUMN 17 PEAK WIND IN M.P.H.
PRELIMINARY LOCAL CLIMATOLOGICAL DATA (WS FORM: F-6) , PAGE 2
STATION: PLATTSBURGH NY
MONTH: SEPTEMBER
YEAR: 2021
LATITUDE: 44 39 N
LONGITUDE: 73 28 W
[TEMPERATURE DATA] [PRECIPITATION DATA] SYMBOLS USED IN COLUMN 16
AVERAGE MONTHLY: 61.7 TOTAL FOR MONTH: 3.25 1 = FOG OR MIST
DPTR FM NORMAL: 2.0 DPTR FM NORMAL: 0.14 2 = FOG REDUCING VISIBILITY
HIGHEST: 82 ON 23 GRTST 24HR 1.46 ON 24-24 TO 1/4 MILE OR LESS
LOWEST: 41 ON 20 3 = THUNDER
SNOW, ICE PELLETS, HAIL 4 = ICE PELLETS
TOTAL MONTH: M 5 = HAIL
GRTST 24HR M ON M 6 = FREEZING RAIN OR DRIZZLE
GRTST DEPTH: M ON M 7 = DUSTSTORM OR SANDSTORM:
VSBY 1/2 MILE OR LESS
8 = SMOKE OR HAZE
[NO. OF DAYS WITH] [WEATHER - DAYS WITH] 9 = BLOWING SNOW
X = TORNADO
MAX 32 OR BELOW: 0 0.01 INCH OR MORE: 10
MAX 90 OR ABOVE: 0 0.10 INCH OR MORE: 6
MIN 32 OR BELOW: 0 0.50 INCH OR MORE: 2
MIN 0 OR BELOW: 0 1.00 INCH OR MORE: 1
[HDD (BASE 65) ]
TOTAL THIS MO. 112 CLEAR (SCALE 0-3) 11
DPTR FM NORMAL -82 PTCLDY (SCALE 4-7) 16
TOTAL FM JUL 1 154 CLOUDY (SCALE 8-10) 3
DPTR FM NORMAL -81
[CDD (BASE 65) ]
TOTAL THIS MO. 21
DPTR FM NORMAL -14 [PRESSURE DATA]
TOTAL FM JAN 1 527 HIGHEST SLP M ON M
DPTR FM NORMAL 135 LOWEST SLP 29.65 ON 5
[REMARKS]
#FINAL-09-21#