000
CXUS52 KMFL 011130
CF6PBI
PRELIMINARY LOCAL CLIMATOLOGICAL DATA (WS FORM: F-6)
STATION: WEST PALM BEACH
MONTH: JANUARY
YEAR: 2024
LATITUDE: 26 40 N
LONGITUDE: 80 7 W
TEMPERATURE IN F: :PCPN: SNOW: WIND :SUNSHINE: SKY :PK WND
================================================================================
1 2 3 4 5 6A 6B 7 8 9 10 11 12 13 14 15 16 17 18
12Z AVG MX 2MIN
DY MAX MIN AVG DEP HDD CDD WTR SNW DPTH SPD SPD DIR MIN PSBL S-S WX SPD DR
================================================================================
1 70 48 59 -8 6 0 0.00 0.0 0 4.9 15 300 M M 3 18 25 250
2 70 52 61 -6 4 0 0.00 0.0 0 7.8 17 330 M M 7 24 330
3 73 52 63 -4 2 0 0.00 0.0 0 6.8 18 150 M M 6 25 140
4 76 58 67 0 0 2 0.03 0.0 0 8.9 17 360 M M 6 8 24 10
5 76 58 67 1 0 2 T 0.0 0 13.7 25 100 M M 6 32 100
6 78 69 74 8 0 9 0.37 0.0 0 11.2 22 140 M M 8 1 30 150
7 70 59 65 -1 0 0 T 0.0 0 7.3 18 320 M M 9 18 24 320
8 75 59 67 1 0 2 0.00 0.0 0 14.6 29 100 M M 7 37 120
9 80 63 72 6 0 7 0.37 0.0 0 19.4 30 170 M M 9 13 51 190
10 72 61 67 1 0 2 0.02 0.0 0 5.8 13 330 M M 6 17 340
11 70 59 65 -1 0 0 0.12 0.0 0 8.0 16 90 M M 10 1 19 100
12 87 69 78 12 0 13 0.01 0.0 0 10.4 24 230 M M 7 37 190
13 85 65 75 9 0 10 0.15 0.0 0 10.9 28 220 M M 8 13 38 220
14 71 63 67 1 0 2 1.22 0.0 0 10.0 22 100 M M 10 13 28 90
15 79 71 75 9 0 10 T 0.0 0 11.9 21 150 M M 8 27 140
16 85 67 76 10 0 11 0.01 0.0 0 9.6 24 210 M M 6 13 33 220
17 71 63 67 1 0 2 0.00 0.0 0 11.5 18 350 M M 8 26 340
18 77 69 73 7 0 8 T 0.0 0 8.5 16 110 M M 9 21 100
19 73 64 69 3 0 4 0.06 0.0 0 6.1 13 300 M M 8 1 17 290
20 70 52 61 -5 4 0 0.00 0.0 0 11.4 18 340 M M 5 24 330
21 70 48 59 -7 6 0 0.00 0.0 0 13.6 22 40 M M 7 29 70
22 72 64 68 2 0 3 0.00 0.0 0 17.8 25 90 M M 8 38 50
23 76 69 73 7 0 8 T 0.0 0 17.9 26 90 M M 8 1 36 90
24 79 73 76 10 0 11 0.03 0.0 0 14.6 21 100 M M 7 1 29 110
25 80 70 75 9 0 10 0.00 0.0 0 10.3 22 140 M M 7 28 140
26 81 71 76 10 0 11 0.05 0.0 0 8.5 16 120 M M 6 1 20 140
27 82 73 78 12 0 13 T 0.0 0 10.7 24 140 M M 7 33 130
28 84 57 71 5 0 6 0.18 0.0 0 11.9 29 280 M M 6 13 38 280
29 65 50 58 -9 7 0 0.00 M M 11.7 22 320 M M 1 29 300
30 73 49 61 -6 4 0 0.00 0.0 0 6.2 13 290 M M 3 17 280
31 72 49 61 -6 4 0 0.00 0.0 0 10.8 22 280 M M 1 29 280
================================================================================
SM 2342 1894 37 146 2.62 0.0 332.7 M 207
================================================================================
AV 75.5 61.1 10.7 FASTST M M 7 MAX(MPH)
MISC ----> 30 170 51 190
================================================================================
NOTES:
# LAST OF SEVERAL OCCURRENCES
COLUMN 17 PEAK WIND IN M.P.H.
PRELIMINARY LOCAL CLIMATOLOGICAL DATA (WS FORM: F-6) , PAGE 2
STATION: WEST PALM BEACH
MONTH: JANUARY
YEAR: 2024
LATITUDE: 26 40 N
LONGITUDE: 80 7 W
[TEMPERATURE DATA] [PRECIPITATION DATA] SYMBOLS USED IN COLUMN 16
AVERAGE MONTHLY: 68.3 TOTAL FOR MONTH: 2.62 1 = FOG OR MIST
DPTR FM NORMAL: 2.0 DPTR FM NORMAL: -0.85 2 = FOG REDUCING VISIBILITY
HIGHEST: 87 ON 12 GRTST 24HR 1.22 ON 14-14 TO 1/4 MILE OR LESS
LOWEST: 48 ON 21, 1 3 = THUNDER
SNOW, ICE PELLETS, HAIL 4 = ICE PELLETS
TOTAL MONTH: 0.0 INCH 5 = HAIL
GRTST 24HR 0.0 6 = FREEZING RAIN OR DRIZZLE
GRTST DEPTH: 0 7 = DUSTSTORM OR SANDSTORM:
VSBY 1/2 MILE OR LESS
8 = SMOKE OR HAZE
[NO. OF DAYS WITH] [WEATHER - DAYS WITH] 9 = BLOWING SNOW
X = TORNADO
MAX 32 OR BELOW: 0 0.01 INCH OR MORE: 13
MAX 90 OR ABOVE: 0 0.10 INCH OR MORE: 6
MIN 32 OR BELOW: 0 0.50 INCH OR MORE: 1
MIN 0 OR BELOW: 0 1.00 INCH OR MORE: 1
[HDD (BASE 65) ]
TOTAL THIS MO. 37 CLEAR (SCALE 0-3) 3
DPTR FM NORMAL -39 PTCLDY (SCALE 4-7) 21
TOTAL FM JUL 1 65 CLOUDY (SCALE 8-10) 7
DPTR FM NORMAL -68
[CDD (BASE 65) ]
TOTAL THIS MO. 146
DPTR FM NORMAL 30 [PRESSURE DATA]
TOTAL FM JAN 1 146 HIGHEST SLP 30.44 ON 22
DPTR FM NORMAL 30 LOWEST SLP 29.80 ON 9
[REMARKS]
#FINAL-01-24#