000
CXUS52 KMFL 011030
CF6PBI
PRELIMINARY LOCAL CLIMATOLOGICAL DATA (WS FORM: F-6)
STATION: WEST PALM BEACH
MONTH: JULY
YEAR: 2021
LATITUDE: 26 40 N
LONGITUDE: 80 7 W
TEMPERATURE IN F: :PCPN: SNOW: WIND :SUNSHINE: SKY :PK WND
================================================================================
1 2 3 4 5 6A 6B 7 8 9 10 11 12 13 14 15 16 17 18
12Z AVG MX 2MIN
DY MAX MIN AVG DEP HDD CDD WTR SNW DPTH SPD SPD DIR MIN PSBL S-S WX SPD DR
================================================================================
1 87 76 82 0 0 17 0.08 0.0 0 6.8 17 140 M M 7 3 21 130
2 92 75 84 1 0 19 0.08 0.0 0 4.9 20 170 M M 5 13 23 180
3 93 76 85 2 0 20 0.00 M M 8.8 22 340 M M 6 26 340
4 90 77 84 1 0 19 T 0.0 0 7.1 18 110 M M 5 3 24 120
5 90 74 82 -1 0 17 0.85 0.0 0 8.1 25 170 M M 7 13 31 180
6 87 79 83 0 0 18 0.04 0.0 M 14.5 22 120 M M 8 13 29 130
7 89 81 85 2 0 20 T 0.0 0 12.5 22 140 M M 7 28 140
8 91 74 83 0 0 18 0.18 0.0 M 6.7 26 300 M M 5 13 32 300
9 91 75 83 0 0 18 T 0.0 0 6.7 29 270 M M 7 3 35 270
10 88 75 82 -1 0 17 T 0.0 0 6.1 16 110 M M 8 3 20 130
11 89 75 82 -1 0 17 0.74 0.0 0 9.8 24 130 M M 5 13 30 140
12 89 77 83 0 0 18 0.07 0.0 0 11.9 24 190 M M 5 3 31 190
13 89 76 83 0 0 18 0.19 0.0 0 12.2 24 70 M M 6 3 30 60
14 88 76 82 -1 0 17 0.37 0.0 0 9.3 20 100 M M 7 1 24 100
15 89 79 84 1 0 19 0.08 0.0 0 11.0 23 50 M M 5 1 26 50
16 89 78 84 1 0 19 0.05 0.0 0 11.3 20 90 M M 4 25 100
17 88 79 84 1 0 19 0.02 0.0 0 8.1 20 120 M M 5 22 110
18 90 80 85 2 0 20 0.00 0.0 0 9.7 18 120 M M 5 23 140
19 90 80 85 2 0 20 0.00 0.0 0 10.3 18 120 M M 4 25 120
20 88 75 82 -1 0 17 0.53 0.0 0 4.5 24 230 M M 6 13 29 220
21 92 75 84 1 0 19 0.71 0.0 0 6.2 23 340 M M 5 13 32 320
22 92 77 85 2 0 20 0.00 M M 5.4 14 330 M M 4 3 20 80
23 92 78 85 2 0 20 0.60 M M 5.5 23 150 M M 6 138 28 160
24 89 75 82 -1 0 17 0.81 M M 4.3 15 130 M M 7 13 20 120
25 89 75 82 -1 0 17 T M M 4.8 14 140 M M 5 3 18 40
26 90 75 83 0 0 18 0.25 0.0 0 7.5 20 120 M M 5 3 24 250
27 91 75 83 0 0 18 T 0.0 0 6.6 24 280 M M 4 3 32 250
28 92 76 84 1 0 19 0.01 M M 5.6 30 270 M M 4 3 35 280
29 93 75 84 1 0 19 T 0.0 0 5.2 18 320 M M 4 3 23 320
30 93 76 85 2 0 20 0.00 M M 6.6 18 140 M M 4 3 22 130
31 93 79 86 2 0 21 0.00 0.0 0 7.2 17 130 M M 4 3 21 140
================================================================================
SM 2793 2373 0 575 5.66 0.0 245.2 M 169
================================================================================
AV 90.1 76.5 7.9 FASTST M M 5 MAX(MPH)
MISC ----> 30 270 # 35 270
================================================================================
NOTES:
# LAST OF SEVERAL OCCURRENCES
COLUMN 17 PEAK WIND IN M.P.H.
PRELIMINARY LOCAL CLIMATOLOGICAL DATA (WS FORM: F-6) , PAGE 2
STATION: WEST PALM BEACH
MONTH: JULY
YEAR: 2021
LATITUDE: 26 40 N
LONGITUDE: 80 7 W
[TEMPERATURE DATA] [PRECIPITATION DATA] SYMBOLS USED IN COLUMN 16
AVERAGE MONTHLY: 83.3 TOTAL FOR MONTH: 5.66 1 = FOG OR MIST
DPTR FM NORMAL: 0.2 DPTR FM NORMAL: 0.03 2 = FOG REDUCING VISIBILITY
HIGHEST: 93 ON 31,30 GRTST 24HR 1.37 ON 23-24 TO 1/4 MILE OR LESS
LOWEST: 74 ON 8, 5 3 = THUNDER
SNOW, ICE PELLETS, HAIL 4 = ICE PELLETS
TOTAL MONTH: 0.0 INCH 5 = HAIL
GRTST 24HR 0.0 6 = FREEZING RAIN OR DRIZZLE
GRTST DEPTH: 0 7 = DUSTSTORM OR SANDSTORM:
VSBY 1/2 MILE OR LESS
8 = SMOKE OR HAZE
[NO. OF DAYS WITH] [WEATHER - DAYS WITH] 9 = BLOWING SNOW
X = TORNADO
MAX 32 OR BELOW: 0 0.01 INCH OR MORE: 18
MAX 90 OR ABOVE: 17 0.10 INCH OR MORE: 10
MIN 32 OR BELOW: 0 0.50 INCH OR MORE: 6
MIN 0 OR BELOW: 0 1.00 INCH OR MORE: 0
[HDD (BASE 65) ]
TOTAL THIS MO. 0 CLEAR (SCALE 0-3) 0
DPTR FM NORMAL 0 PTCLDY (SCALE 4-7) 31
TOTAL FM JUL 1 0 CLOUDY (SCALE 8-10) 0
DPTR FM NORMAL 0
[CDD (BASE 65) ]
TOTAL THIS MO. 575
DPTR FM NORMAL 15 [PRESSURE DATA]
TOTAL FM JAN 1 2659 HIGHEST SLP 30.23 ON 14
DPTR FM NORMAL 412 LOWEST SLP 29.88 ON 25
[REMARKS]
#FINAL-07-21#