000
CXUS53 KARX 011000
CF6PDC
PRELIMINARY LOCAL CLIMATOLOGICAL DATA (WS FORM: F-6)
STATION: PRAIRIE_DU_CHIEN_MUN
MONTH: FEBRUARY
YEAR: 2024
LATITUDE: 43 1 N
LONGITUDE: 91 7 W
TEMPERATURE IN F: :PCPN: SNOW: WIND :SUNSHINE: SKY :PK WND
================================================================================
1 2 3 4 5 6A 6B 7 8 9 10 11 12 13 14 15 16 17 18
12Z AVG MX 2MIN
DY MAX MIN AVG DEP HDD CDD WTR SNW DPTH SPD SPD DIR MIN PSBL S-S WX SPD DR
================================================================================
1 49 28 39 M 26 0 0.00 0.0 M 1.8 9 310 M M 0 1 M M
2 36 26 31 M 34 0 0.00 0.0 0 6.7 15 70 M M 9 1 18 100
3 42 26 34 M 31 0 0.00 0.0 0 5.4 12 100 M M 6 1 16 130
4 52 24 38 M 27 0 0.00 0.0 0 0.8 10 50 M M 1 1 M M
5 50 23 37 M 28 0 0.00 0.0 0 0.8 7 120 M M 0 M M
6 53 26 40 M 25 0 0.00 0.0 0 3.0 7 100 M M 0 1 M M
7 46 33 40 M 25 0 0.00 0.0 0 7.2 12 120 M M 0 1 18 120
8 58 40 49 M 16 0 0.00 0.0 0 10.0 16 170 M M 3 23 160
9 M M M M M M 0.00 0.0 0 M M M M M 0 M M
10 M M M M M M 0.00 0.0 0 M M M M M M M M
11 M M M M M M 0.00 0.0 0 M M M M M M M M
12 40 28 34 M 31 0 M 0.0 0 1.9 8 300 M M 0 M M
13 40 20 30 M 35 0 0.00 0.0 0 1.1 8 330 M M 1 M M
14 47 20 34 M 31 0 0.12 0.0 0 3.1 7 120 M M 6 20 0
15 37 26 32 M 33 0 M M M 10.9 18 320 M M 4 25 320
16 29 12 21 M 44 0 0.00 0.0 0 10.5 18 300 M M 5 27 300
17 33 10 22 M 43 0 0.00 0.0 0 9.8 20 240 M M 0 27 230
18 45 22 34 M 31 0 M M M 7.1 13 270 M M 0 20 290
19 49 18 34 M 31 0 0.00 0.0 0 1.7 9 100 M M 0 M M
20 54 32 43 M 22 0 0.00 0.0 0 6.2 15 200 M M 1 18 200
21 56 29 43 M 22 0 0.00 0.0 0 1.7 6 320 M M 3 M M
22 63 28 46 M 19 0 0.00 0.0 0 5.2 17 280 M M 0 24 280
23 44 26 35 M 30 0 M M M 6.5 15 340 M M 6 23 330
24 40 16 28 M 37 0 0.00 0.0 M 5.6 15 210 M M 0 18 360
25 59 32 46 M 19 0 0.00 0.0 0 3.2 9 290 M M 4 M M
26 73 27 50 M 15 0 0.00 M M 5.1 15 170 M M 0 24 120
27 71 24 48 M 17 0 M M M 8.3 27 310 M M 3 8 37 310
28 25 12 19 M 46 0 M M M 15.0 23 310 M M 2 32 320
29 51 12 32 M 33 0 M M M 6.1 15 190 M M 0 23 190
================================================================================
SM 1242 620 751 0 0.12 0.0 144.7 M 54
================================================================================
AV 47.8 23.8 5.6 FASTST M M 2 MAX(MPH)
MISC ----> 27 310 37 310
================================================================================
NOTES:
# LAST OF SEVERAL OCCURRENCES
COLUMN 17 PEAK WIND IN M.P.H.
PRELIMINARY LOCAL CLIMATOLOGICAL DATA (WS FORM: F-6) , PAGE 2
STATION: PRAIRIE_DU_CHIEN_MUN
MONTH: FEBRUARY
YEAR: 2024
LATITUDE: 43 1 N
LONGITUDE: 91 7 W
[TEMPERATURE DATA] [PRECIPITATION DATA] SYMBOLS USED IN COLUMN 16
AVERAGE MONTHLY: 35.8 TOTAL FOR MONTH: 0.12 1 = FOG OR MIST
DPTR FM NORMAL: 0.0 DPTR FM NORMAL: M 2 = FOG REDUCING VISIBILITY
HIGHEST: 73 ON 26 GRTST 24HR 0.12 ON 14-14 TO 1/4 MILE OR LESS
LOWEST: 10 ON 17 3 = THUNDER
SNOW, ICE PELLETS, HAIL 4 = ICE PELLETS
TOTAL MONTH: 0.0 INCH 5 = HAIL
GRTST 24HR 0.0 6 = FREEZING RAIN OR DRIZZLE
GRTST DEPTH: 0 7 = DUSTSTORM OR SANDSTORM:
VSBY 1/2 MILE OR LESS
8 = SMOKE OR HAZE
[NO. OF DAYS WITH] [WEATHER - DAYS WITH] 9 = BLOWING SNOW
X = TORNADO
MAX 32 OR BELOW: 2 0.01 INCH OR MORE: 1
MAX 90 OR ABOVE: 0 0.10 INCH OR MORE: 1
MIN 32 OR BELOW: 24 0.50 INCH OR MORE: 0
MIN 0 OR BELOW: 0 1.00 INCH OR MORE: 0
[HDD (BASE 65) ]
TOTAL THIS MO. 751 CLEAR (SCALE 0-3) 19
DPTR FM NORMAL M PTCLDY (SCALE 4-7) 7
TOTAL FM JUL 1 4195 CLOUDY (SCALE 8-10) 3
DPTR FM NORMAL M
[CDD (BASE 65) ]
TOTAL THIS MO. 0
DPTR FM NORMAL M [PRESSURE DATA]
TOTAL FM JAN 1 0 HIGHEST SLP M ON M
DPTR FM NORMAL M LOWEST SLP M ON M
[REMARKS]
#FINAL-02-24#